000
CDUS43 KMPX 290146
CLIEAU


CLIMATE REPORT
NATIONAL WEATHER SERVICE CHANHASSEN MN
846 PM CDT THU AUG 28 2014


...................................

...THE EAU CLAIRE WI CLIMATE SUMMARY FOR AUGUST 28 2014...
VALID TODAY AS OF 0800 PM LOCAL TIME.

CLIMATE NORMAL PERIOD 1981 TO 2010
CLIMATE RECORD PERIOD 1893 TO 2014


WEATHER ITEM   OBSERVED TIME   RECORD YEAR NORMAL DEPARTURE LAST
                VALUE   (LST)  VALUE       VALUE  FROM      YEAR
                                                  NORMAL
..................................................................
TEMPERATURE (F)
 TODAY
  MAXIMUM         73        MM  95    1937  78     -5       88
  MINIMUM         52        MM  39    1986  56     -4       69
  AVERAGE         63                        67     -4       79

PRECIPITATION (IN)
  TODAY            0.04          2.00 1912   0.13  -0.09      T
  MONTH TO DATE    4.22                      4.08   0.14     1.09
  SINCE JUN 1     16.50                     12.09   4.41     7.59
  SINCE JAN 1     30.60                     21.73   8.87    27.64

SNOWFALL (IN)
  TODAY            0.0           0.0    MM   0.0    0.0      0.0
  MONTH TO DATE    0.0                       0.0    0.0      0.0
  SINCE JUN 1      0.0                       0.0    0.0      0.0
  SINCE JUL 1      0.0                       0.0    0.0      0.0
  SNOW DEPTH       0

DEGREE DAYS
 HEATING
  TODAY            2                         2      0        0
  MONTH TO DATE    5                        24    -19       12
  SINCE JUN 1     48                        97    -49      101
  SINCE JUL 1     23                        35    -12       38

 COOLING
  TODAY            0                         4     -4       14
  MONTH TO DATE  159                       149     10      165
  SINCE JUN 1    431                       483    -52      497
  SINCE JAN 1    466                       515    -49      529
..................................................................


WIND (MPH)
  HIGHEST WIND SPEED    12   HIGHEST WIND DIRECTION    SE (150)
  HIGHEST GUST SPEED    MM   HIGHEST GUST DIRECTION    MM
  AVERAGE WIND SPEED     6.5


SKY COVER
  POSSIBLE SUNSHINE  MM
  AVERAGE SKY COVER 0.5


WEATHER CONDITIONS
 THE FOLLOWING WEATHER WAS RECORDED TODAY.
  LIGHT RAIN


RELATIVE HUMIDITY (PERCENT)
 HIGHEST   100           100 AM
 LOWEST     63          1000 AM
 AVERAGE    82

..........................................................


THE EAU CLAIRE WI CLIMATE NORMALS FOR TOMORROW
                         NORMAL    RECORD    YEAR
 MAXIMUM TEMPERATURE (F)   78        95      1949
 MINIMUM TEMPERATURE (F)   56        37      1893


SUNRISE AND SUNSET
AUGUST 28 2014........SUNRISE   623 AM CDT   SUNSET   750 PM CDT
AUGUST 29 2014........SUNRISE   625 AM CDT   SUNSET   748 PM CDT


-  INDICATES NEGATIVE NUMBERS.
R  INDICATES RECORD WAS SET OR TIED.
MM INDICATES DATA IS MISSING.
T  INDICATES TRACE AMOUNT.




$$
