000
CDUS43 KMPX 100125
CLIEAU


CLIMATE REPORT
NATIONAL WEATHER SERVICE CHANHASSEN MN
725 PM CST TUE JAN 9 2018


...................................

...THE EAU CLAIRE WI CLIMATE SUMMARY FOR JANUARY 9 2018...
VALID TODAY AS OF 0700 PM LOCAL TIME.

CLIMATE NORMAL PERIOD 1981 TO 2010
CLIMATE RECORD PERIOD 1893 TO 2018


WEATHER ITEM   OBSERVED TIME   RECORD YEAR NORMAL DEPARTURE LAST
                VALUE   (LST)  VALUE       VALUE  FROM      YEAR
                                                  NORMAL
..................................................................
TEMPERATURE (F)
 TODAY
  MAXIMUM         40    445 PM  48    2002  23     17       25
  MINIMUM         16   1223 AM -39    1977   6     10        8
  AVERAGE         28                        14     14       17

PRECIPITATION (IN)
  TODAY            0.00          0.38 1924   0.03  -0.03     0.11
  MONTH TO DATE    0.02                      0.25  -0.23     0.28
  SINCE DEC 1      0.93                      1.25  -0.32     2.38
  SINCE JAN 1      0.02                      0.25  -0.23     0.28

SNOWFALL (IN)
  TODAY            0.0           3.6  1924   0.4   -0.4      1.4
  MONTH TO DATE    0.4                       3.4   -3.0      3.6
  SINCE DEC 1      7.7                      12.9   -5.2     22.8
  SINCE JUL 1     11.0                      19.2   -8.2     24.5
  SNOW DEPTH       3

DEGREE DAYS
 HEATING
  TODAY           37                        51    -14       48
  MONTH TO DATE  540                       454     86      514
  SINCE DEC 1   2048                      1884    164     1925
  SINCE JUL 1   3689                      3630     59     3134

 COOLING
  TODAY            0                         0      0        0
  MONTH TO DATE    0                         0      0        0
  SINCE DEC 1      0                         0      0        0
  SINCE JAN 1      0                         0      0        0
..................................................................


WIND (MPH)
  HIGHEST WIND SPEED    17   HIGHEST WIND DIRECTION    SE (140)
  HIGHEST GUST SPEED    23   HIGHEST GUST DIRECTION    SE (140)
  AVERAGE WIND SPEED     6.2


SKY COVER
  POSSIBLE SUNSHINE  MM
  AVERAGE SKY COVER 0.6


WEATHER CONDITIONS
 THE FOLLOWING WEATHER WAS RECORDED TODAY.
  FOG


RELATIVE HUMIDITY (PERCENT)
 HIGHEST   100          1200 AM
 LOWEST     59           100 PM
 AVERAGE    80

..........................................................


THE EAU CLAIRE WI CLIMATE NORMALS FOR TOMORROW
                         NORMAL    RECORD    YEAR
 MAXIMUM TEMPERATURE (F)   23        53      2012
 MINIMUM TEMPERATURE (F)    5       -29      1982


SUNRISE AND SUNSET
JANUARY  9 2018.......SUNRISE   743 AM CST   SUNSET   444 PM CST
JANUARY 10 2018.......SUNRISE   742 AM CST   SUNSET   445 PM CST


-  INDICATES NEGATIVE NUMBERS.
R  INDICATES RECORD WAS SET OR TIED.
MM INDICATES DATA IS MISSING.
T  INDICATES TRACE AMOUNT.




$$
