000
CDUS43 KMPX 220624
CLIEAU


CLIMATE REPORT
NATIONAL WEATHER SERVICE CHANHASSEN MN
123 AM CDT FRI JUL 22 2016


...................................

...THE EAU CLAIRE WI CLIMATE SUMMARY FOR JULY 21 2016...

CLIMATE NORMAL PERIOD 1981 TO 2010
CLIMATE RECORD PERIOD 1893 TO 2016


WEATHER ITEM   OBSERVED TIME   RECORD YEAR NORMAL DEPARTURE LAST
                VALUE   (LST)  VALUE       VALUE  FROM      YEAR
                                                  NORMAL
..................................................................
TEMPERATURE (F)
 YESTERDAY
  MAXIMUM         89    125 PM 105    1934  83      6       80
  MINIMUM         69    716 AM  46    1992  60      9       54
  AVERAGE         79                        72      7       67

PRECIPITATION (IN)
  YESTERDAY        0.32          1.53 1919   0.13   0.19     0.00
  MONTH TO DATE    2.71                      2.61   0.10     5.16
  SINCE JUN 1      9.00                      6.74   2.26     9.99
  SINCE JAN 1     21.19                     16.38   4.81    19.44

SNOWFALL (IN)
  YESTERDAY        0.0           0.0    MM   0.0    0.0      0.0
  MONTH TO DATE    0.0                       0.0    0.0      0.0
  SINCE JUN 1      0.0                       0.0    0.0      0.0
  SINCE JUL 1      0.0                       0.0    0.0      0.0
  SNOW DEPTH       0

DEGREE DAYS
 HEATING
  YESTERDAY        0                         0      0        0
  MONTH TO DATE    4                         2      2       16
  SINCE JUN 1     36                        64    -28       44
  SINCE JUL 1      4                         2      2       16

 COOLING
  YESTERDAY       14                         7      7        2
  MONTH TO DATE  134                       146    -12       93
  SINCE JUN 1    260                       266     -6      175
  SINCE JAN 1    300                       298      2      193
..................................................................


WIND (MPH)
  HIGHEST WIND SPEED    26   HIGHEST WIND DIRECTION     N (340)
  HIGHEST GUST SPEED    35   HIGHEST GUST DIRECTION     N (360)
  AVERAGE WIND SPEED     5.8


SKY COVER
  POSSIBLE SUNSHINE  MM
  AVERAGE SKY COVER 0.3


WEATHER CONDITIONS
 THE FOLLOWING WEATHER WAS RECORDED YESTERDAY.
  THUNDERSTORM
  HEAVY RAIN
  RAIN
  LIGHT RAIN
  FOG


RELATIVE HUMIDITY (PERCENT)
 HIGHEST    97          1000 PM
 LOWEST     68           100 PM
 AVERAGE    83

..........................................................


THE EAU CLAIRE WI CLIMATE NORMALS FOR TODAY
                         NORMAL    RECORD    YEAR
 MAXIMUM TEMPERATURE (F)   83       104      1934
 MINIMUM TEMPERATURE (F)   60        45      1947


SUNRISE AND SUNSET
JULY 22 2016..........SUNRISE   541 AM CDT   SUNSET   843 PM CDT
JULY 23 2016..........SUNRISE   542 AM CDT   SUNSET   842 PM CDT


-  INDICATES NEGATIVE NUMBERS.
R  INDICATES RECORD WAS SET OR TIED.
MM INDICATES DATA IS MISSING.
T  INDICATES TRACE AMOUNT.




$$
