000
CDUS43 KMPX 190815
CLIEAU


CLIMATE REPORT
NATIONAL WEATHER SERVICE CHANHASSEN MN
215 AM CST FRI JAN 19 2018


...................................

...THE EAU CLAIRE WI CLIMATE SUMMARY FOR JANUARY 18 2018...

CLIMATE NORMAL PERIOD 1981 TO 2010
CLIMATE RECORD PERIOD 1893 TO 2018


WEATHER ITEM   OBSERVED TIME   RECORD YEAR NORMAL DEPARTURE LAST
                VALUE   (LST)  VALUE       VALUE  FROM      YEAR
                                                  NORMAL
..................................................................
TEMPERATURE (F)
 YESTERDAY
  MAXIMUM         37    332 PM  45    1996  23     14       39
  MINIMUM         19    804 AM -36    1967   5     14       23
  AVERAGE         28                        14     14       31

PRECIPITATION (IN)
  YESTERDAY        0.00          0.70 1897   0.03  -0.03     0.00
  MONTH TO DATE    0.61                      0.51   0.10     1.68
  SINCE DEC 1      1.52                      1.51   0.01     3.78
  SINCE JAN 1      0.61                      0.51   0.10     1.68

SNOWFALL (IN)
  YESTERDAY        0.0          11.0  1996   0.4   -0.4      0.0
  MONTH TO DATE    6.1                       7.4   -1.3     11.4
  SINCE DEC 1     13.4                      16.9   -3.5     30.6
  SINCE JUL 1     16.7                      23.2   -6.5     32.3
  SNOW DEPTH       4

DEGREE DAYS
 HEATING
  YESTERDAY       37                        51    -14       34
  MONTH TO DATE 1032                       913    119      975
  SINCE DEC 1   2540                      2343    197     2386
  SINCE JUL 1   4181                      4089     92     3595

 COOLING
  YESTERDAY        0                         0      0        0
  MONTH TO DATE    0                         0      0        0
  SINCE DEC 1      0                         0      0        0
  SINCE JAN 1      0                         0      0        0
..................................................................


WIND (MPH)
  HIGHEST WIND SPEED    16   HIGHEST WIND DIRECTION    SW (240)
  HIGHEST GUST SPEED    22   HIGHEST GUST DIRECTION    SW (240)
  AVERAGE WIND SPEED     8.4


SKY COVER
  POSSIBLE SUNSHINE  MM
  AVERAGE SKY COVER 0.0


WEATHER CONDITIONS
 THE FOLLOWING WEATHER WAS RECORDED YESTERDAY.
  LIGHT SNOW


RELATIVE HUMIDITY (PERCENT)
 HIGHEST    88          1000 PM
 LOWEST     56           200 PM
 AVERAGE    72

..........................................................


THE EAU CLAIRE WI CLIMATE NORMALS FOR TODAY
                         NORMAL    RECORD    YEAR
 MAXIMUM TEMPERATURE (F)   23        50      1947
 MINIMUM TEMPERATURE (F)    5       -33      1994


SUNRISE AND SUNSET
JANUARY 19 2018.......SUNRISE   738 AM CST   SUNSET   456 PM CST
JANUARY 20 2018.......SUNRISE   737 AM CST   SUNSET   458 PM CST


-  INDICATES NEGATIVE NUMBERS.
R  INDICATES RECORD WAS SET OR TIED.
MM INDICATES DATA IS MISSING.
T  INDICATES TRACE AMOUNT.




$$
