000
CDUS43 KMPX 160630
CLIEAU


CLIMATE REPORT
NATIONAL WEATHER SERVICE CHANHASSEN MN
125 AM CDT TUE SEP 16 2014


...................................

...THE EAU CLAIRE WI CLIMATE SUMMARY FOR SEPTEMBER 15 2014...

CLIMATE NORMAL PERIOD 1981 TO 2010
CLIMATE RECORD PERIOD 1893 TO 2014


WEATHER ITEM   OBSERVED TIME   RECORD YEAR NORMAL DEPARTURE LAST
                VALUE   (LST)  VALUE       VALUE  FROM      YEAR
                                                  NORMAL
..................................................................
TEMPERATURE (F)
 YESTERDAY
  MAXIMUM         63    309 PM  97    1939  72     -9       68
  MINIMUM         40    952 PM  29    2011  49     -9       43
  AVERAGE         52                        60     -8       56

PRECIPITATION (IN)
  YESTERDAY        T             2.03 2010   0.12  -0.12     0.35
  MONTH TO DATE    5.16                      1.89   3.27     0.86
  SINCE SEP 1      5.16                      1.89   3.27     0.86
  SINCE JAN 1     37.83                     24.01  13.82    28.50

SNOWFALL (IN)
  YESTERDAY        0.0           T    1916   0.0    0.0      0.0
  MONTH TO DATE    0.0                       0.0    0.0      0.0
  SINCE SEP 1      0.0                       0.0    0.0      0.0
  SINCE JUL 1      0.0                       0.0    0.0      0.0
  SNOW DEPTH       0

DEGREE DAYS
 HEATING
  YESTERDAY       13                         6      7        9
  MONTH TO DATE   96                        59     37       45
  SINCE SEP 1     96                        59     37       45
  SINCE JUL 1    119                        98     21       83

 COOLING
  YESTERDAY        0                         1     -1        0
  MONTH TO DATE   17                        36    -19       72
  SINCE SEP 1     17                        36    -19       72
  SINCE JAN 1    495                       563    -68      638
..................................................................


WIND (MPH)
  HIGHEST WIND SPEED    16   HIGHEST WIND DIRECTION    NW (330)
  HIGHEST GUST SPEED    23   HIGHEST GUST DIRECTION    NW (330)
  AVERAGE WIND SPEED     4.2


SKY COVER
  POSSIBLE SUNSHINE  MM
  AVERAGE SKY COVER 0.5


WEATHER CONDITIONS
 THE FOLLOWING WEATHER WAS RECORDED YESTERDAY.
  LIGHT RAIN


RELATIVE HUMIDITY (PERCENT)
 HIGHEST    89           900 PM
 LOWEST     39           300 PM
 AVERAGE    64

..........................................................


THE EAU CLAIRE WI CLIMATE NORMALS FOR TODAY
                         NORMAL    RECORD    YEAR
 MAXIMUM TEMPERATURE (F)   71        95      1948
 MINIMUM TEMPERATURE (F)   49        34      1916


SUNRISE AND SUNSET
SEPTEMBER 16 2014.....SUNRISE   646 AM CDT   SUNSET   715 PM CDT
SEPTEMBER 17 2014.....SUNRISE   647 AM CDT   SUNSET   713 PM CDT


-  INDICATES NEGATIVE NUMBERS.
R  INDICATES RECORD WAS SET OR TIED.
MM INDICATES DATA IS MISSING.
T  INDICATES TRACE AMOUNT.




$$
