000
CDUS43 KMPX 200625
CLIEAU


CLIMATE REPORT
NATIONAL WEATHER SERVICE CHANHASSEN MN
125 AM CDT WED APR 20 2016


...................................

...THE EAU CLAIRE WI CLIMATE SUMMARY FOR APRIL 19 2016...

CLIMATE NORMAL PERIOD 1981 TO 2010
CLIMATE RECORD PERIOD 1893 TO 2016


WEATHER ITEM   OBSERVED TIME   RECORD YEAR NORMAL DEPARTURE LAST
                VALUE   (LST)  VALUE       VALUE  FROM      YEAR
                                                  NORMAL
..................................................................
TEMPERATURE (F)
 YESTERDAY
  MAXIMUM         59   1231 AM  89    1985  60     -1       56
  MINIMUM         49   1238 PM  18    1897  36     13       45
  AVERAGE         54                        48      6       51

PRECIPITATION (IN)
  YESTERDAY        0.19          1.23 1931   0.10   0.09     0.50
  MONTH TO DATE    0.76                      1.62  -0.86     2.38
  SINCE MAR 1      5.42                      3.35   2.07     3.09
  SINCE JAN 1      6.58                      5.05   1.53     3.68

SNOWFALL (IN)
  YESTERDAY        0.0           2.9  1924   0.0    0.0      0.0
  MONTH TO DATE    1.8                       1.5    0.3      1.4
  SINCE MAR 1     13.9                      10.1    3.8      7.3
  SINCE JUL 1     38.0                      46.4   -8.4     38.1
  SNOW DEPTH       0

DEGREE DAYS
 HEATING
  YESTERDAY       11                        17     -6       14
  MONTH TO DATE  409                       413     -4      311
  SINCE MAR 1   1220                      1457   -237     1301
  SINCE JUL 1   6398                      7477  -1079     7654

 COOLING
  YESTERDAY        0                         0      0        0
  MONTH TO DATE    4                         0      4        0
  SINCE MAR 1      4                         0      4        0
  SINCE JAN 1      4                         0      4        0
..................................................................


WIND (MPH)
  HIGHEST WIND SPEED    18   HIGHEST WIND DIRECTION     E (80)
  HIGHEST GUST SPEED    22   HIGHEST GUST DIRECTION     E (80)
  AVERAGE WIND SPEED     9.6


SKY COVER
  POSSIBLE SUNSHINE  MM
  AVERAGE SKY COVER 0.9


WEATHER CONDITIONS
 THE FOLLOWING WEATHER WAS RECORDED YESTERDAY.
  RAIN
  LIGHT RAIN
  FOG


RELATIVE HUMIDITY (PERCENT)
 HIGHEST    93          1200 PM
 LOWEST     62          1200 AM
 AVERAGE    78

..........................................................


THE EAU CLAIRE WI CLIMATE NORMALS FOR TODAY
                         NORMAL    RECORD    YEAR
 MAXIMUM TEMPERATURE (F)   60        88      1987
 MINIMUM TEMPERATURE (F)   36        19      1897


SUNRISE AND SUNSET
APRIL 20 2016.........SUNRISE   612 AM CDT   SUNSET   758 PM CDT
APRIL 21 2016.........SUNRISE   610 AM CDT   SUNSET   759 PM CDT


-  INDICATES NEGATIVE NUMBERS.
R  INDICATES RECORD WAS SET OR TIED.
MM INDICATES DATA IS MISSING.
T  INDICATES TRACE AMOUNT.




$$
