000
CDUS43 KMPX 150643
CLIEAU


CLIMATE REPORT
NATIONAL WEATHER SERVICE CHANHASSEN MN
143 AM CDT SAT APR 15 2017


...................................

...THE EAU CLAIRE WI CLIMATE SUMMARY FOR APRIL 14 2017...

CLIMATE NORMAL PERIOD 1981 TO 2010
CLIMATE RECORD PERIOD 1893 TO 2017


WEATHER ITEM   OBSERVED TIME   RECORD YEAR NORMAL DEPARTURE LAST
                VALUE   (LST)  VALUE       VALUE  FROM      YEAR
                                                  NORMAL
..................................................................
TEMPERATURE (F)
 YESTERDAY
  MAXIMUM         61    418 PM  90    2003  57      4       73
  MINIMUM         42    546 AM  16    1907  34      8       38
  AVERAGE         52                        45      7       56

PRECIPITATION (IN)
  YESTERDAY        0.03          2.20 1911   0.09  -0.06     0.00
  MONTH TO DATE    1.10                      1.16  -0.06     0.57
  SINCE MAR 1      2.22                      2.89  -0.67     5.23
  SINCE JAN 1      6.30                      4.59   1.71     6.39

SNOWFALL (IN)
  YESTERDAY        0.0           6.0  1928   0.1   -0.1      0.0
  MONTH TO DATE    0.8                       1.3   -0.5      1.8
  SINCE MAR 1      5.6                       9.9   -4.3     13.9
  SINCE JUL 1     54.5                      46.2    8.3     38.0
  SNOW DEPTH       0

DEGREE DAYS
 HEATING
  YESTERDAY       13                        20     -7        9
  MONTH TO DATE  264                       322    -58      391
  SINCE MAR 1   1314                      1366    -52     1202
  SINCE JUL 1   6424                      7386   -962     6380

 COOLING
  YESTERDAY        0                         0      0        0
  MONTH TO DATE    0                         0      0        0
  SINCE MAR 1      0                         0      0        0
  SINCE JAN 1      0                         0      0        0
..................................................................


WIND (MPH)
  HIGHEST WIND SPEED    21   HIGHEST WIND DIRECTION    SE (120)
  HIGHEST GUST SPEED    25   HIGHEST GUST DIRECTION    SE (130)
  AVERAGE WIND SPEED    11.3


SKY COVER
  POSSIBLE SUNSHINE  MM
  AVERAGE SKY COVER 0.7


WEATHER CONDITIONS
 THE FOLLOWING WEATHER WAS RECORDED YESTERDAY.
  LIGHT RAIN
  FOG


RELATIVE HUMIDITY (PERCENT)
 HIGHEST    89          1200 AM
 LOWEST     60           400 PM
 AVERAGE    75

..........................................................


THE EAU CLAIRE WI CLIMATE NORMALS FOR TODAY
                         NORMAL    RECORD    YEAR
 MAXIMUM TEMPERATURE (F)   58        91      2002
 MINIMUM TEMPERATURE (F)   34        10      1928


SUNRISE AND SUNSET
APRIL 15 2017.........SUNRISE   621 AM CDT   SUNSET   752 PM CDT
APRIL 16 2017.........SUNRISE   619 AM CDT   SUNSET   753 PM CDT


-  INDICATES NEGATIVE NUMBERS.
R  INDICATES RECORD WAS SET OR TIED.
MM INDICATES DATA IS MISSING.
T  INDICATES TRACE AMOUNT.




$$
