823
CDUS43 KMPX 230636
CLIEAU


CLIMATE REPORT
NATIONAL WEATHER SERVICE CHANHASSEN MN
136 AM CDT MON MAY 23 2016


...................................

...THE EAU CLAIRE WI CLIMATE SUMMARY FOR MAY 22 2016...

CLIMATE NORMAL PERIOD 1981 TO 2010
CLIMATE RECORD PERIOD 1893 TO 2016


WEATHER ITEM   OBSERVED TIME   RECORD YEAR NORMAL DEPARTURE LAST
                VALUE   (LST)  VALUE       VALUE  FROM      YEAR
                                                  NORMAL
..................................................................
TEMPERATURE (F)
 YESTERDAY
  MAXIMUM         84    444 PM  96    1925  72     12       73
  MINIMUM         45    456 AM  31    1967  47     -2       38
  AVERAGE         65                        59      6       56

PRECIPITATION (IN)
  YESTERDAY        0.00          1.78 1907   0.11  -0.11     0.00
  MONTH TO DATE    0.97                      2.40  -1.43     2.55
  SINCE MAR 1      8.19                      6.88   1.31     6.02
  SINCE JAN 1      9.35                      8.58   0.77     6.61

SNOWFALL (IN)
  YESTERDAY        0.0           0.0    MM   0.0    0.0      0.0
  MONTH TO DATE    0.0                       0.2   -0.2      0.0
  SINCE MAR 1     13.9                      10.7    3.2      7.3
  SINCE JUL 1     38.0                      47.0   -9.0     38.1
  SNOW DEPTH       0

DEGREE DAYS
 HEATING
  YESTERDAY        0                         7     -7        9
  MONTH TO DATE  245                       206     39      196
  SINCE MAR 1   1633                      1826   -193     1707
  SINCE JUL 1   6811                      7846  -1035     8060

 COOLING
  YESTERDAY        0                         1     -1        0
  MONTH TO DATE    3                        16    -13       10
  SINCE MAR 1      7                        20    -13       10
  SINCE JAN 1      7                        20    -13       10
..................................................................


WIND (MPH)
  HIGHEST WIND SPEED    18   HIGHEST WIND DIRECTION     S (190)
  HIGHEST GUST SPEED    24   HIGHEST GUST DIRECTION    SW (220)
  AVERAGE WIND SPEED     5.3


SKY COVER
  POSSIBLE SUNSHINE  MM
  AVERAGE SKY COVER 0.0


WEATHER CONDITIONS
 THE FOLLOWING WEATHER WAS RECORDED YESTERDAY.
  FOG


RELATIVE HUMIDITY (PERCENT)
 HIGHEST   100           500 AM
 LOWEST     21          1200 PM
 AVERAGE    61

..........................................................


THE EAU CLAIRE WI CLIMATE NORMALS FOR TODAY
                         NORMAL    RECORD    YEAR
 MAXIMUM TEMPERATURE (F)   72        94      1925
 MINIMUM TEMPERATURE (F)   48        29      1931


SUNRISE AND SUNSET
MAY 23 2016...........SUNRISE   529 AM CDT   SUNSET   837 PM CDT
MAY 24 2016...........SUNRISE   528 AM CDT   SUNSET   838 PM CDT


-  INDICATES NEGATIVE NUMBERS.
R  INDICATES RECORD WAS SET OR TIED.
MM INDICATES DATA IS MISSING.
T  INDICATES TRACE AMOUNT.




$$
