000
CDUS43 KMPX 110050
CLIEAU


CLIMATE REPORT
NATIONAL WEATHER SERVICE CHANHASSEN MN
650 PM CST SAT DEC 10 2016


...................................

...THE EAU CLAIRE WI CLIMATE SUMMARY FOR DECEMBER 10 2016...
VALID TODAY AS OF 0600 PM LOCAL TIME.

CLIMATE NORMAL PERIOD 1981 TO 2010
CLIMATE RECORD PERIOD 1893 TO 2016


WEATHER ITEM   OBSERVED TIME   RECORD YEAR NORMAL DEPARTURE LAST
                VALUE   (LST)  VALUE       VALUE  FROM      YEAR
                                                  NORMAL
..................................................................
TEMPERATURE (F)
 TODAY
  MAXIMUM         14    156 PM  53    1979  29    -15       50
  MINIMUM          8    911 AM -20    1919  12     -4       38
                                      1978
  AVERAGE         11                        20     -9       44

PRECIPITATION (IN)
  TODAY            T             0.97 1911   0.03  -0.03     0.12
  MONTH TO DATE    0.44                      0.39   0.05     0.37
  SINCE DEC 1      0.44                      0.39   0.05     0.37
  SINCE JAN 1     39.36                     30.37   8.99    38.96

SNOWFALL (IN)
  TODAY            T            11.0  1942   0.3   -0.3      0.0
  MONTH TO DATE    4.9                       3.1    1.8      0.4
  SINCE DEC 1      4.9                       3.1    1.8      0.4
  SINCE JUL 1      6.6                       9.4   -2.8      1.8
  SNOW DEPTH       1

DEGREE DAYS
 HEATING
  TODAY           54                        45      9       21
  MONTH TO DATE  400                       428    -28      295
  SINCE DEC 1    400                       428    -28      295
  SINCE JUL 1   1609                      2174   -565     1657

 COOLING
  TODAY            0                         0      0        0
  MONTH TO DATE    0                         0      0        0
  SINCE DEC 1      0                         0      0        0
  SINCE JAN 1    624                       579     45      520
..................................................................


WIND (MPH)
  HIGHEST WIND SPEED    13   HIGHEST WIND DIRECTION     W (260)
  HIGHEST GUST SPEED    15   HIGHEST GUST DIRECTION     W (270)
  AVERAGE WIND SPEED     5.5


SKY COVER
  POSSIBLE SUNSHINE  MM
  AVERAGE SKY COVER 0.7


WEATHER CONDITIONS
 THE FOLLOWING WEATHER WAS RECORDED TODAY.
  LIGHT SNOW


RELATIVE HUMIDITY (PERCENT)
 HIGHEST    80           800 AM
 LOWEST     64           200 PM
 AVERAGE    72

..........................................................


THE EAU CLAIRE WI CLIMATE NORMALS FOR TOMORROW
                         NORMAL    RECORD    YEAR
 MAXIMUM TEMPERATURE (F)   28        54      1913
 MINIMUM TEMPERATURE (F)   12       -18      1936
                                             1972


SUNRISE AND SUNSET
DECEMBER 10 2016......SUNRISE   733 AM CST   SUNSET   425 PM CST
DECEMBER 11 2016......SUNRISE   734 AM CST   SUNSET   425 PM CST


-  INDICATES NEGATIVE NUMBERS.
R  INDICATES RECORD WAS SET OR TIED.
MM INDICATES DATA IS MISSING.
T  INDICATES TRACE AMOUNT.




$$
