000
CDUS43 KMPX 212221
CLIEAU


CLIMATE REPORT
NATIONAL WEATHER SERVICE CHANHASSEN MN
420 PM CST WED FEB 21 2018


...................................

...THE EAU CLAIRE WI CLIMATE SUMMARY FOR FEBRUARY 21 2018...
VALID TODAY AS OF 0400 PM LOCAL TIME.

CLIMATE NORMAL PERIOD 1981 TO 2010
CLIMATE RECORD PERIOD 1893 TO 2018


WEATHER ITEM   OBSERVED TIME   RECORD YEAR NORMAL DEPARTURE LAST
                VALUE   (LST)  VALUE       VALUE  FROM      YEAR
                                                  NORMAL
..................................................................
TEMPERATURE (F)
 TODAY
  MAXIMUM         18    255 PM  60    1930  31    -13       59
  MINIMUM          0    706 AM -23    1936  12    -12       36
  AVERAGE          9                        22    -13       48

PRECIPITATION (IN)
  TODAY            0.00          0.37 1981   0.03  -0.03     0.00
  MONTH TO DATE    0.50                      0.58  -0.08     0.87
  SINCE DEC 1      2.67                      2.47   0.20     5.32
  SINCE JAN 1      1.76                      1.47   0.29     3.22

SNOWFALL (IN)
  TODAY            0.0           4.0  2002   0.3   -0.3      0.0
  MONTH TO DATE    6.4                       5.6    0.8       T
  SINCE DEC 1     28.9                      28.3    0.6     36.5
  SINCE JUL 1     32.2                      34.6   -2.4     38.2
  SNOW DEPTH       5

DEGREE DAYS
 HEATING
  TODAY           56                        43     13       17
  MONTH TO DATE 1145                       983    162      800
  SINCE DEC 1   4234                      3981    253     3665
  SINCE JUL 1   5875                      5727    148     4874

 COOLING
  TODAY            0                         0      0        0
  MONTH TO DATE    0                         0      0        0
  SINCE DEC 1      0                         0      0        0
  SINCE JAN 1      0                         0      0        0
..................................................................


WIND (MPH)
  HIGHEST WIND SPEED    14   HIGHEST WIND DIRECTION     W (280)
  HIGHEST GUST SPEED    18   HIGHEST GUST DIRECTION     W (280)
  AVERAGE WIND SPEED     6.6


SKY COVER
  POSSIBLE SUNSHINE  MM
  AVERAGE SKY COVER 0.0


WEATHER CONDITIONS
 THE FOLLOWING WEATHER WAS RECORDED TODAY.
  NO SIGNIFICANT WEATHER WAS OBSERVED.


RELATIVE HUMIDITY (PERCENT)
 HIGHEST    87           600 AM
 LOWEST     54           200 PM
 AVERAGE    71

..........................................................


THE EAU CLAIRE WI CLIMATE NORMALS FOR TOMORROW
                         NORMAL    RECORD    YEAR
 MAXIMUM TEMPERATURE (F)   31        57      2017
                                             1930
 MINIMUM TEMPERATURE (F)   13       -25      1936


SUNRISE AND SUNSET
FEBRUARY 21 2018......SUNRISE   657 AM CST   SUNSET   543 PM CST
FEBRUARY 22 2018......SUNRISE   655 AM CST   SUNSET   544 PM CST


-  INDICATES NEGATIVE NUMBERS.
R  INDICATES RECORD WAS SET OR TIED.
MM INDICATES DATA IS MISSING.
T  INDICATES TRACE AMOUNT.




$$
