000
CDUS43 KMPX 250642
CLIEAU


CLIMATE REPORT
NATIONAL WEATHER SERVICE CHANHASSEN MN
1241 AM CST SAT FEB 25 2017


...................................

...THE EAU CLAIRE WI CLIMATE SUMMARY FOR FEBRUARY 24 2017...

CLIMATE NORMAL PERIOD 1981 TO 2010
CLIMATE RECORD PERIOD 1893 TO 2017


WEATHER ITEM   OBSERVED TIME   RECORD YEAR NORMAL DEPARTURE LAST
                VALUE   (LST)  VALUE       VALUE  FROM      YEAR
                                                  NORMAL
..................................................................
TEMPERATURE (F)
 YESTERDAY
  MAXIMUM         31   1209 AM  61    1931  32     -1       37
  MINIMUM         17   1119 PM -25    1913  13      4       31
  AVERAGE         24                        23      1       34

PRECIPITATION (IN)
  YESTERDAY        0.84          1.50 1930   0.03   0.81     0.00
  MONTH TO DATE    1.73                      0.67   1.06     0.73
  SINCE DEC 1      6.18                      2.56   3.62     4.99
  SINCE JAN 1      4.08                      1.56   2.52     1.15

SNOWFALL (IN)
  YESTERDAY       10.4 R         4.5  1992   0.2   10.2      0.0
  MONTH TO DATE   10.7                       6.3    4.4      7.9
  SINCE DEC 1     47.2                      29.0   18.2     22.5
  SINCE JUL 1     48.9                      35.3   13.6     23.9
  SNOW DEPTH       8

DEGREE DAYS
 HEATING
  YESTERDAY       41                        42     -1       31
  MONTH TO DATE  890                      1111   -221     1089
  SINCE DEC 1   3755                      4109   -354     3658
  SINCE JUL 1   4964                      5855   -891     5020

 COOLING
  YESTERDAY        0                         0      0        0
  MONTH TO DATE    0                         0      0        0
  SINCE DEC 1      0                         0      0        0
  SINCE JAN 1      0                         0      0        0
..................................................................


WIND (MPH)
  HIGHEST WIND SPEED    20   HIGHEST WIND DIRECTION     N (20)
  HIGHEST GUST SPEED    27   HIGHEST GUST DIRECTION     N (360)
  AVERAGE WIND SPEED    11.7


SKY COVER
  POSSIBLE SUNSHINE  MM
  AVERAGE SKY COVER 1.0


WEATHER CONDITIONS
 THE FOLLOWING WEATHER WAS RECORDED YESTERDAY.
  LT FREEZING RAIN
  HEAVY SNOW
  SNOW
  LIGHT SNOW
  FOG
  FOG W/VISIBILITY <= 1/4 MILE
  HAZE


RELATIVE HUMIDITY (PERCENT)
 HIGHEST   100           600 AM
 LOWEST     81          1100 AM
 AVERAGE    91

..........................................................


THE EAU CLAIRE WI CLIMATE NORMALS FOR TODAY
                         NORMAL    RECORD    YEAR
 MAXIMUM TEMPERATURE (F)   33        57      1931
 MINIMUM TEMPERATURE (F)   14       -24      1950


SUNRISE AND SUNSET
FEBRUARY 25 2017......SUNRISE   650 AM CST   SUNSET   548 PM CST
FEBRUARY 26 2017......SUNRISE   648 AM CST   SUNSET   550 PM CST


-  INDICATES NEGATIVE NUMBERS.
R  INDICATES RECORD WAS SET OR TIED.
MM INDICATES DATA IS MISSING.
T  INDICATES TRACE AMOUNT.




$$
