000
CDUS43 KMPX 290059
CLIEAU


CLIMATE REPORT
NATIONAL WEATHER SERVICE CHANHASSEN MN
659 PM CST SUN DEC 28 2014


...................................

...THE EAU CLAIRE WI CLIMATE SUMMARY FOR DECEMBER 28 2014...
VALID TODAY AS OF 0600 PM LOCAL TIME.

CLIMATE NORMAL PERIOD 1981 TO 2010
CLIMATE RECORD PERIOD 1893 TO 2014


WEATHER ITEM   OBSERVED TIME   RECORD YEAR NORMAL DEPARTURE LAST
                VALUE   (LST)  VALUE       VALUE  FROM      YEAR
                                                  NORMAL
..................................................................
TEMPERATURE (F)
 TODAY
  MAXIMUM         20    248 PM  44    1984  24     -4       43
                                      2003
  MINIMUM          7    839 AM -22    1924   7      0       16
  AVERAGE         14                        16     -2       30

PRECIPITATION (IN)
  TODAY            0.00          0.94 1959   0.02  -0.02      T
  MONTH TO DATE    0.68                      0.92  -0.24     1.52
  SINCE DEC 1      0.68                      0.92  -0.24     1.52
  SINCE JAN 1     42.98                     30.90  12.08    35.89

SNOWFALL (IN)
  TODAY            0.0           4.4  1966   0.3   -0.3      0.0
  MONTH TO DATE    6.3                       8.5   -2.2     18.7
  SINCE DEC 1      6.3                       8.5   -2.2     18.7
  SINCE JUL 1     20.5                      14.8    5.7     20.9
  SNOW DEPTH       5

DEGREE DAYS
 HEATING
  TODAY           51                        49      2       35
  MONTH TO DATE 1077                      1281   -204     1456
  SINCE DEC 1   1077                      1281   -204     1456
  SINCE JUL 1   3049                      3027     22     3201

 COOLING
  TODAY            0                         0      0        0
  MONTH TO DATE    0                         0      0        0
  SINCE DEC 1      0                         0      0        0
  SINCE JAN 1    500                       579    -79      653
..................................................................


WIND (MPH)
  HIGHEST WIND SPEED     9   HIGHEST WIND DIRECTION    SW (220)
  HIGHEST GUST SPEED    12   HIGHEST GUST DIRECTION    SW (210)
  AVERAGE WIND SPEED     3.3


SKY COVER
  POSSIBLE SUNSHINE  MM
  AVERAGE SKY COVER 0.6


WEATHER CONDITIONS
 THE FOLLOWING WEATHER WAS RECORDED TODAY.
  FOG
  HAZE


RELATIVE HUMIDITY (PERCENT)
 HIGHEST    92          1000 AM
 LOWEST     73          1200 AM
 AVERAGE    83

..........................................................


THE EAU CLAIRE WI CLIMATE NORMALS FOR TOMORROW
                         NORMAL    RECORD    YEAR
 MAXIMUM TEMPERATURE (F)   24        47      1999
                                             1896
 MINIMUM TEMPERATURE (F)    7       -22      1917


SUNRISE AND SUNSET
DECEMBER 28 2014......SUNRISE   743 AM CST   SUNSET   432 PM CST
DECEMBER 29 2014......SUNRISE   743 AM CST   SUNSET   433 PM CST


-  INDICATES NEGATIVE NUMBERS.
R  INDICATES RECORD WAS SET OR TIED.
MM INDICATES DATA IS MISSING.
T  INDICATES TRACE AMOUNT.




$$
