000
CDUS43 KMPX 150704
CLIEAU


CLIMATE REPORT
NATIONAL WEATHER SERVICE CHANHASSEN MN
203 AM CDT FRI SEP 15 2017


...................................

...THE EAU CLAIRE WI CLIMATE SUMMARY FOR SEPTEMBER 14 2017...

CLIMATE NORMAL PERIOD 1981 TO 2010
CLIMATE RECORD PERIOD 1893 TO 2017


WEATHER ITEM   OBSERVED TIME   RECORD YEAR NORMAL DEPARTURE LAST
                VALUE   (LST)  VALUE       VALUE  FROM      YEAR
                                                  NORMAL
..................................................................
TEMPERATURE (F)
 YESTERDAY
  MAXIMUM         87    222 PM  97    1939  72     15       70
  MINIMUM         58    428 AM  29    1923  50      8       44
  AVERAGE         73                        61     12       57

PRECIPITATION (IN)
  YESTERDAY        0.00          2.37 1903   0.13  -0.13     0.00
  MONTH TO DATE    0.25                      1.77  -1.52     1.87
  SINCE SEP 1      0.25                      1.77  -1.52     1.87
  SINCE JAN 1     28.37                     23.89   4.48    28.70

SNOWFALL (IN)
  YESTERDAY        0.0           0.0    MM   0.0    0.0      0.0
  MONTH TO DATE    0.0                       0.0    0.0      0.0
  SINCE SEP 1      0.0                       0.0    0.0      0.0
  SINCE JUL 1      0.0                       0.0    0.0      0.0
  SNOW DEPTH       0

DEGREE DAYS
 HEATING
  YESTERDAY        0                         6     -6        8
  MONTH TO DATE   57                        53      4       26
  SINCE SEP 1     57                        53      4       26
  SINCE JUL 1    100                        92      8       36

 COOLING
  YESTERDAY        8                         2      6        0
  MONTH TO DATE   17                        35    -18       31
  SINCE SEP 1     17                        35    -18       31
  SINCE JAN 1    389                       562   -173      614
..................................................................


WIND (MPH)
  HIGHEST WIND SPEED    15   HIGHEST WIND DIRECTION     S (170)
  HIGHEST GUST SPEED    21   HIGHEST GUST DIRECTION     S (200)
  AVERAGE WIND SPEED     6.7


SKY COVER
  POSSIBLE SUNSHINE  MM
  AVERAGE SKY COVER 0.0


WEATHER CONDITIONS
 THE FOLLOWING WEATHER WAS RECORDED YESTERDAY.
  NO SIGNIFICANT WEATHER WAS OBSERVED.


RELATIVE HUMIDITY (PERCENT)
 HIGHEST    93           600 AM
 LOWEST     45           100 PM
 AVERAGE    69

..........................................................


THE EAU CLAIRE WI CLIMATE NORMALS FOR TODAY
                         NORMAL    RECORD    YEAR
 MAXIMUM TEMPERATURE (F)   72        97      1939
 MINIMUM TEMPERATURE (F)   49        29      2011


SUNRISE AND SUNSET
SEPTEMBER 15 2017.....SUNRISE   645 AM CDT   SUNSET   716 PM CDT
SEPTEMBER 16 2017.....SUNRISE   646 AM CDT   SUNSET   714 PM CDT


-  INDICATES NEGATIVE NUMBERS.
R  INDICATES RECORD WAS SET OR TIED.
MM INDICATES DATA IS MISSING.
T  INDICATES TRACE AMOUNT.




$$
