000
CDUS43 KMPX 140143
CLIEAU


CLIMATE REPORT
NATIONAL WEATHER SERVICE CHANHASSEN MN
842 PM CDT WED JUL 13 2016


...................................

...THE EAU CLAIRE WI CLIMATE SUMMARY FOR JULY 13 2016...
VALID TODAY AS OF 0800 PM LOCAL TIME.

CLIMATE NORMAL PERIOD 1981 TO 2010
CLIMATE RECORD PERIOD 1893 TO 2016


WEATHER ITEM   OBSERVED TIME   RECORD YEAR NORMAL DEPARTURE LAST
                VALUE   (LST)  VALUE       VALUE  FROM      YEAR
                                                  NORMAL
..................................................................
TEMPERATURE (F)
 TODAY
  MAXIMUM         84        MM 111    1936  83      1       84
  MINIMUM         69        MM  43    1975  61      8       62
  AVERAGE         77                        72      5       73

PRECIPITATION (IN)
  TODAY            T             1.85 2015   0.12  -0.12     1.85
  MONTH TO DATE    2.25                      1.63   0.62     4.04
  SINCE JUN 1      8.54                      5.76   2.78     8.87
  SINCE JAN 1     20.73                     15.40   5.33    18.32

SNOWFALL (IN)
  TODAY            0.0           0.0    MM   0.0    0.0      0.0
  MONTH TO DATE    0.0                       0.0    0.0      0.0
  SINCE JUN 1      0.0                       0.0    0.0      0.0
  SINCE JUL 1      0.0                       0.0    0.0      0.0
  SNOW DEPTH       0

DEGREE DAYS
 HEATING
  TODAY            0                         0      0        0
  MONTH TO DATE    4                         2      2       16
  SINCE JUN 1     36                        64    -28       44
  SINCE JUL 1      4                         2      2       16

 COOLING
  TODAY           12                         7      5        8
  MONTH TO DATE   75                        90    -15       50
  SINCE JUN 1    201                       210     -9      132
  SINCE JAN 1    241                       242     -1      150
..................................................................


WIND (MPH)
  HIGHEST WIND SPEED    22   HIGHEST WIND DIRECTION     W (250)
  HIGHEST GUST SPEED    30   HIGHEST GUST DIRECTION     W (250)
  AVERAGE WIND SPEED    11.8


SKY COVER
  POSSIBLE SUNSHINE  MM
  AVERAGE SKY COVER 0.0


WEATHER CONDITIONS
 THE FOLLOWING WEATHER WAS RECORDED TODAY.
  NO SIGNIFICANT WEATHER WAS OBSERVED.


RELATIVE HUMIDITY (PERCENT)
 HIGHEST    84           600 AM
 LOWEST     45           600 PM
 AVERAGE    65

..........................................................


THE EAU CLAIRE WI CLIMATE NORMALS FOR TOMORROW
                         NORMAL    RECORD    YEAR
 MAXIMUM TEMPERATURE (F)   83       111      1936
 MINIMUM TEMPERATURE (F)   61        46      1930


SUNRISE AND SUNSET
JULY 13 2016..........SUNRISE   533 AM CDT   SUNSET   850 PM CDT
JULY 14 2016..........SUNRISE   534 AM CDT   SUNSET   850 PM CDT


-  INDICATES NEGATIVE NUMBERS.
R  INDICATES RECORD WAS SET OR TIED.
MM INDICATES DATA IS MISSING.
T  INDICATES TRACE AMOUNT.




$$
