000
CDUS43 KMPX 090739
CLIEAU


CLIMATE REPORT
NATIONAL WEATHER SERVICE CHANHASSEN MN
138 AM CST FRI FEB 9 2018


...................................

...THE EAU CLAIRE WI CLIMATE SUMMARY FOR FEBRUARY 8 2018...

CLIMATE NORMAL PERIOD 1981 TO 2010
CLIMATE RECORD PERIOD 1893 TO 2018


WEATHER ITEM   OBSERVED TIME   RECORD YEAR NORMAL DEPARTURE LAST
                VALUE   (LST)  VALUE       VALUE  FROM      YEAR
                                                  NORMAL
..................................................................
TEMPERATURE (F)
 YESTERDAY
  MAXIMUM         14    336 PM  49    1991  27    -13       16
  MINIMUM         -9    557 AM -30    1899   8    -17        4
  AVERAGE          3                        17    -14       10

PRECIPITATION (IN)
  YESTERDAY        0.00          0.93 1900   0.02  -0.02     0.00
  MONTH TO DATE    0.24                      0.21   0.03     0.01
  SINCE DEC 1      2.41                      2.10   0.31     4.46
  SINCE JAN 1      1.50                      1.10   0.40     2.36

SNOWFALL (IN)
  YESTERDAY        0.0           8.0  1900   0.3   -0.3      0.0
  MONTH TO DATE    4.5                       2.5    2.0       T
  SINCE DEC 1     27.0                      25.2    1.8     36.5
  SINCE JUL 1     30.3                      31.5   -1.2     38.2
  SNOW DEPTH       0

DEGREE DAYS
 HEATING
  YESTERDAY       62                        48     14       55
  MONTH TO DATE  496                       390    106      397
  SINCE DEC 1   3585                      3388    197     3262
  SINCE JUL 1   5226                      5134     92     4471

 COOLING
  YESTERDAY        0                         0      0        0
  MONTH TO DATE    0                         0      0        0
  SINCE DEC 1      0                         0      0        0
  SINCE JAN 1      0                         0      0        0
..................................................................


WIND (MPH)
  HIGHEST WIND SPEED    13   HIGHEST WIND DIRECTION     W (260)
  HIGHEST GUST SPEED    17   HIGHEST GUST DIRECTION     W (270)
  AVERAGE WIND SPEED     5.7


SKY COVER
  POSSIBLE SUNSHINE  MM
  AVERAGE SKY COVER 0.3


WEATHER CONDITIONS
 THE FOLLOWING WEATHER WAS RECORDED YESTERDAY.
  FOG
  HAZE


RELATIVE HUMIDITY (PERCENT)
 HIGHEST    95           700 AM
 LOWEST     46           400 PM
 AVERAGE    71

..........................................................


THE EAU CLAIRE WI CLIMATE NORMALS FOR TODAY
                         NORMAL    RECORD    YEAR
 MAXIMUM TEMPERATURE (F)   27        48      1966
 MINIMUM TEMPERATURE (F)    8       -36      1899


SUNRISE AND SUNSET
FEBRUARY  9 2018......SUNRISE   715 AM CST   SUNSET   526 PM CST
FEBRUARY 10 2018......SUNRISE   714 AM CST   SUNSET   527 PM CST


-  INDICATES NEGATIVE NUMBERS.
R  INDICATES RECORD WAS SET OR TIED.
MM INDICATES DATA IS MISSING.
T  INDICATES TRACE AMOUNT.




$$
