000
CDUS43 KMPX 290728
CLIEAU


CLIMATE REPORT
NATIONAL WEATHER SERVICE CHANHASSEN MN
228 AM CDT MON JUN 29 2015


...................................

...THE EAU CLAIRE WI CLIMATE SUMMARY FOR JUNE 28 2015...

CLIMATE NORMAL PERIOD 1981 TO 2010
CLIMATE RECORD PERIOD 1893 TO 2015


WEATHER ITEM   OBSERVED TIME   RECORD YEAR NORMAL DEPARTURE LAST
                VALUE   (LST)  VALUE       VALUE  FROM      YEAR
                                                  NORMAL
..................................................................
TEMPERATURE (F)
 YESTERDAY
  MAXIMUM         72   1231 PM 101    1931  82    -10       84
  MINIMUM         61   1159 PM  41    1895  59      2       67
  AVERAGE         67                        70     -3       76

PRECIPITATION (IN)
  YESTERDAY        0.07          2.13 1901   0.14  -0.07     2.02
  MONTH TO DATE    3.75                      3.86  -0.11     9.76
  SINCE JUN 1      3.75                      3.86  -0.11     9.76
  SINCE JAN 1     13.20                     13.50  -0.30    23.86

SNOWFALL (IN)
  YESTERDAY        0.0           0.0    MM   0.0    0.0      0.0
  MONTH TO DATE    0.0                       0.0    0.0      0.0
  SINCE JUN 1      0.0                       0.0    0.0      0.0
  SINCE JUL 1     38.1                      46.8   -8.7     74.8
  SNOW DEPTH       0

DEGREE DAYS
 HEATING
  YESTERDAY        0                         1     -1        0
  MONTH TO DATE   27                        60    -33       25
  SINCE JUN 1     27                        60    -33       25
  SINCE JUL 1   8133                      7958    175     9167

 COOLING
  YESTERDAY        2                         6     -4       11
  MONTH TO DATE   79                       108    -29      115
  SINCE JUN 1     79                       108    -29      115
  SINCE JAN 1     97                       140    -43      150
..................................................................


WIND (MPH)
  HIGHEST WIND SPEED    16   HIGHEST WIND DIRECTION    SE (140)
  HIGHEST GUST SPEED    19   HIGHEST GUST DIRECTION    SE (150)
  AVERAGE WIND SPEED     3.8


SKY COVER
  POSSIBLE SUNSHINE  MM
  AVERAGE SKY COVER 0.6


WEATHER CONDITIONS
 THE FOLLOWING WEATHER WAS RECORDED YESTERDAY.
  RAIN
  LIGHT RAIN
  FOG
  FOG W/VISIBILITY <= 1/4 MILE


RELATIVE HUMIDITY (PERCENT)
 HIGHEST    93           600 AM
 LOWEST     73          1200 AM
 AVERAGE    83

..........................................................


THE EAU CLAIRE WI CLIMATE NORMALS FOR TODAY
                         NORMAL    RECORD    YEAR
 MAXIMUM TEMPERATURE (F)   82       102      1931
 MINIMUM TEMPERATURE (F)   59        44      1925
                                             2007


SUNRISE AND SUNSET
JUNE 29 2015..........SUNRISE   522 AM CDT   SUNSET   856 PM CDT
JUNE 30 2015..........SUNRISE   523 AM CDT   SUNSET   856 PM CDT


-  INDICATES NEGATIVE NUMBERS.
R  INDICATES RECORD WAS SET OR TIED.
MM INDICATES DATA IS MISSING.
T  INDICATES TRACE AMOUNT.




$$
