000
CDUS43 KMPX 140742
CLIEAU


CLIMATE REPORT
NATIONAL WEATHER SERVICE CHANHASSEN MN
240 AM CDT SUN AUG 14 2016


...................................

...THE EAU CLAIRE WI CLIMATE SUMMARY FOR AUGUST 13 2016...

CLIMATE NORMAL PERIOD 1981 TO 2010
CLIMATE RECORD PERIOD 1893 TO 2016


WEATHER ITEM   OBSERVED TIME   RECORD YEAR NORMAL DEPARTURE LAST
                VALUE   (LST)  VALUE       VALUE  FROM      YEAR
                                                  NORMAL
..................................................................
TEMPERATURE (F)
 YESTERDAY
  MAXIMUM         81    359 PM 101    1944  81      0       84
  MINIMUM         62   1115 PM  42    2004  59      3       69
  AVERAGE         72                        70      2       77

PRECIPITATION (IN)
  YESTERDAY        0.00          2.35 1989   0.15  -0.15     0.00
  MONTH TO DATE    3.13                      1.95   1.18     4.12
  SINCE JUN 1     12.93                      9.96   2.97    15.04
  SINCE JAN 1     25.12                     19.60   5.52    24.49

SNOWFALL (IN)
  YESTERDAY        0.0           0.0    MM   0.0    0.0      0.0
  MONTH TO DATE    0.0                       0.0    0.0      0.0
  SINCE JUN 1      0.0                       0.0    0.0      0.0
  SINCE JUL 1      0.0                       0.0    0.0      0.0
  SNOW DEPTH       0

DEGREE DAYS
 HEATING
  YESTERDAY        0                         1     -1        0
  MONTH TO DATE    0                         8     -8        0
  SINCE JUN 1     36                        81    -45       44
  SINCE JUL 1      4                        19    -15       16

 COOLING
  YESTERDAY        7                         6      1       12
  MONTH TO DATE  117                        78     39       65
  SINCE JUN 1    464                       412     52      327
  SINCE JAN 1    504                       444     60      345
..................................................................


WIND (MPH)
  HIGHEST WIND SPEED    15   HIGHEST WIND DIRECTION    NW (310)
  HIGHEST GUST SPEED    19   HIGHEST GUST DIRECTION    NW (300)
  AVERAGE WIND SPEED     6.1


SKY COVER
  POSSIBLE SUNSHINE  MM
  AVERAGE SKY COVER 0.6


WEATHER CONDITIONS
 THE FOLLOWING WEATHER WAS RECORDED YESTERDAY.
  NO SIGNIFICANT WEATHER WAS OBSERVED.


RELATIVE HUMIDITY (PERCENT)
 HIGHEST    93          1200 AM
 LOWEST     51           200 PM
 AVERAGE    72

..........................................................


THE EAU CLAIRE WI CLIMATE NORMALS FOR TODAY
                         NORMAL    RECORD    YEAR
 MAXIMUM TEMPERATURE (F)   81        95      1944
 MINIMUM TEMPERATURE (F)   59        38      1964


SUNRISE AND SUNSET
AUGUST 14 2016........SUNRISE   607 AM CDT   SUNSET   813 PM CDT
AUGUST 15 2016........SUNRISE   609 AM CDT   SUNSET   811 PM CDT


-  INDICATES NEGATIVE NUMBERS.
R  INDICATES RECORD WAS SET OR TIED.
MM INDICATES DATA IS MISSING.
T  INDICATES TRACE AMOUNT.




$$
