000
CDUS43 KMPX 132237
CLIEAU


CLIMATE REPORT
NATIONAL WEATHER SERVICE CHANHASSEN MN
436 PM CST MON FEB 13 2017


...................................

...THE EAU CLAIRE WI CLIMATE SUMMARY FOR FEBRUARY 13 2017...
VALID AS OF 0400 PM LOCAL TIME.

CLIMATE NORMAL PERIOD 1981 TO 2010
CLIMATE RECORD PERIOD 1893 TO 2017


WEATHER ITEM   OBSERVED TIME   RECORD YEAR NORMAL DEPARTURE LAST
                VALUE   (LST)  VALUE       VALUE  FROM      YEAR
                                                  NORMAL
..................................................................
TEMPERATURE (F)
 TODAY
  MAXIMUM         42    350 PM  47    1921  28     14        8
                                      1918
  MINIMUM         19    705 AM -29    1905   9     10      -13
  AVERAGE         31                        19     12       -2

PRECIPITATION (IN)
  TODAY            0.00          0.33 1915   0.03  -0.03     0.00
  MONTH TO DATE    0.01                      0.35  -0.34     0.45
  SINCE DEC 1      4.46                      2.24   2.22     4.71
  SINCE JAN 1      2.36                      1.24   1.12     0.87

SNOWFALL (IN)
  TODAY            0.0           4.6  1986   0.2   -0.2      0.0
  MONTH TO DATE    T                         3.7   -3.7      7.2
  SINCE DEC 1     36.5                      26.4   10.1     21.8
  SINCE JUL 1     38.2                      32.7    5.5     23.2
  SNOW DEPTH       3

DEGREE DAYS
 HEATING
  TODAY           34                        46    -12       67
  MONTH TO DATE  589                       625    -36      662
  SINCE DEC 1   3454                      3623   -169     3231
  SINCE JUL 1   4663                      5369   -706     4593

 COOLING
  TODAY            0                         0      0        0
  MONTH TO DATE    0                         0      0        0
  SINCE DEC 1      0                         0      0        0
  SINCE JAN 1      0                         0      0        0
..................................................................


WIND (MPH)
  HIGHEST WIND SPEED    23   HIGHEST WIND DIRECTION    SW (240)
  HIGHEST GUST SPEED    29   HIGHEST GUST DIRECTION    SW (240)
  AVERAGE WIND SPEED     7.4


SKY COVER
  POSSIBLE SUNSHINE  MM
  AVERAGE SKY COVER 0.0


WEATHER CONDITIONS
 THE FOLLOWING WEATHER WAS RECORDED TODAY.
  NO SIGNIFICANT WEATHER WAS OBSERVED.


RELATIVE HUMIDITY (PERCENT)
 HIGHEST   100           800 AM
 LOWEST     45          1200 PM
 AVERAGE    73

..........................................................


THE EAU CLAIRE WI CLIMATE NORMALS FOR TOMORROW
                         NORMAL    RECORD    YEAR
 MAXIMUM TEMPERATURE (F)   29        49      1934
 MINIMUM TEMPERATURE (F)    9       -27      1951


SUNRISE AND SUNSET
FEBRUARY 13 2017......SUNRISE   709 AM CST   SUNSET   532 PM CST
FEBRUARY 14 2017......SUNRISE   708 AM CST   SUNSET   533 PM CST


-  INDICATES NEGATIVE NUMBERS.
R  INDICATES RECORD WAS SET OR TIED.
MM INDICATES DATA IS MISSING.
T  INDICATES TRACE AMOUNT.




$$
