058
CDUS43 KMPX 210033
CLIEAU


CLIMATE REPORT
NATIONAL WEATHER SERVICE CHANHASSEN MN
632 PM CST MON NOV 20 2017


...................................

...THE EAU CLAIRE WI CLIMATE SUMMARY FOR NOVEMBER 20 2017...
VALID TODAY AS OF 0600 PM LOCAL TIME.

CLIMATE NORMAL PERIOD 1981 TO 2010
CLIMATE RECORD PERIOD 1893 TO 2017


WEATHER ITEM   OBSERVED TIME   RECORD YEAR NORMAL DEPARTURE LAST
                VALUE   (LST)  VALUE       VALUE  FROM      YEAR
                                                  NORMAL
..................................................................
TEMPERATURE (F)
 TODAY
  MAXIMUM         48    332 PM  66    1930  39      9       31
  MINIMUM         18    333 AM  -3    1921  22     -4       20
  AVERAGE         33                        30      3       26

PRECIPITATION (IN)
  TODAY            0.00          1.15 1975   0.06  -0.06     0.00
  MONTH TO DATE    0.45                      1.27  -0.82     0.05
  SINCE SEP 1      6.26                      7.29  -1.03    10.97
  SINCE JAN 1     34.38                     29.41   4.97    37.80

SNOWFALL (IN)
  TODAY            0.0           3.8  1956   0.3   -0.3      0.0
  MONTH TO DATE    1.4                       3.2   -1.8       T
  SINCE SEP 1      3.3                       3.6   -0.3       T
  SINCE JUL 1      3.3                       3.6   -0.3       T
  SNOW DEPTH       0

DEGREE DAYS
 HEATING
  TODAY           32                        35     -3       39
  MONTH TO DATE  694                       585    109      390
  SINCE SEP 1   1284                      1330    -46      897
  SINCE JUL 1   1327                      1369    -42      907

 COOLING
  TODAY            0                         0      0        0
  MONTH TO DATE    0                         0      0        0
  SINCE SEP 1     94                        52     42       41
  SINCE JAN 1    466                       579   -113      624
..................................................................


WIND (MPH)
  HIGHEST WIND SPEED    15   HIGHEST WIND DIRECTION     S (190)
  HIGHEST GUST SPEED    20   HIGHEST GUST DIRECTION     S (170)
  AVERAGE WIND SPEED     4.5


SKY COVER
  POSSIBLE SUNSHINE  MM
  AVERAGE SKY COVER 0.0


WEATHER CONDITIONS
 THE FOLLOWING WEATHER WAS RECORDED TODAY.
  FOG


RELATIVE HUMIDITY (PERCENT)
 HIGHEST   100           400 AM
 LOWEST     49           100 PM
 AVERAGE    75

..........................................................


THE EAU CLAIRE WI CLIMATE NORMALS FOR TOMORROW
                         NORMAL    RECORD    YEAR
 MAXIMUM TEMPERATURE (F)   38        68      1990
 MINIMUM TEMPERATURE (F)   22        -4      2014


SUNRISE AND SUNSET
NOVEMBER 20 2017......SUNRISE   710 AM CST   SUNSET   433 PM CST
NOVEMBER 21 2017......SUNRISE   712 AM CST   SUNSET   432 PM CST


-  INDICATES NEGATIVE NUMBERS.
R  INDICATES RECORD WAS SET OR TIED.
MM INDICATES DATA IS MISSING.
T  INDICATES TRACE AMOUNT.




$$
