000
CDUS43 KMPX 230640
CLIEAU


CLIMATE REPORT
NATIONAL WEATHER SERVICE CHANHASSEN MN
139 AM CDT SAT MAY 23 2015


...................................

...THE EAU CLAIRE WI CLIMATE SUMMARY FOR MAY 22 2015...

CLIMATE NORMAL PERIOD 1981 TO 2010
CLIMATE RECORD PERIOD 1893 TO 2015


WEATHER ITEM   OBSERVED TIME   RECORD YEAR NORMAL DEPARTURE LAST
                VALUE   (LST)  VALUE       VALUE  FROM      YEAR
                                                  NORMAL
..................................................................
TEMPERATURE (F)
 YESTERDAY
  MAXIMUM         73    417 PM  96    1925  72      1       71
  MINIMUM         38    504 AM  31    1967  47     -9       44
  AVERAGE         56                        59     -3       58

PRECIPITATION (IN)
  YESTERDAY        0.00          1.78 1907   0.11  -0.11     0.00
  MONTH TO DATE    2.55                      2.40   0.15     3.42
  SINCE MAR 1      6.02                      6.88  -0.86    10.24
  SINCE JAN 1      6.61                      8.58  -1.97    13.44

SNOWFALL (IN)
  YESTERDAY        0.0           0.0    MM   0.0    0.0      0.0
  MONTH TO DATE    0.0                       0.2   -0.2      0.0
  SINCE MAR 1      7.3                      10.7   -3.4     13.1
  SINCE JUL 1     38.1                      47.0   -8.9     74.8
  SNOW DEPTH       0

DEGREE DAYS
 HEATING
  YESTERDAY        9                         7      2        7
  MONTH TO DATE  196                       206    -10      245
  SINCE MAR 1   1707                      1826   -119     2239
  SINCE JUL 1   8060                      7847    213     9131

 COOLING
  YESTERDAY        0                         1     -1        0
  MONTH TO DATE   10                        16     -6        0
  SINCE MAR 1     10                        20    -10        0
  SINCE JAN 1     10                        20    -10        0
..................................................................


WIND (MPH)
  HIGHEST WIND SPEED     9   HIGHEST WIND DIRECTION    NE (30)
  HIGHEST GUST SPEED    12   HIGHEST GUST DIRECTION    NE (40)
  AVERAGE WIND SPEED     2.9


SKY COVER
  POSSIBLE SUNSHINE  MM
  AVERAGE SKY COVER 0.0


WEATHER CONDITIONS
 THE FOLLOWING WEATHER WAS RECORDED YESTERDAY.
  FOG


RELATIVE HUMIDITY (PERCENT)
 HIGHEST    92           300 AM
 LOWEST     22           600 PM
 AVERAGE    57

..........................................................


THE EAU CLAIRE WI CLIMATE NORMALS FOR TODAY
                         NORMAL    RECORD    YEAR
 MAXIMUM TEMPERATURE (F)   72        94      1925
 MINIMUM TEMPERATURE (F)   48        29      1931


SUNRISE AND SUNSET
MAY 23 2015...........SUNRISE   530 AM CDT   SUNSET   836 PM CDT
MAY 24 2015...........SUNRISE   529 AM CDT   SUNSET   837 PM CDT


-  INDICATES NEGATIVE NUMBERS.
R  INDICATES RECORD WAS SET OR TIED.
MM INDICATES DATA IS MISSING.
T  INDICATES TRACE AMOUNT.




$$
