000
CDUS43 KMPX 271105
CLIEAU


CLIMATE REPORT
NATIONAL WEATHER SERVICE CHANHASSEN MN
505 AM CST TUE JAN 27 2015


...................................

...THE EAU CLAIRE WI CLIMATE SUMMARY FOR JANUARY 26 2015...

CLIMATE NORMAL PERIOD 1981 TO 2010
CLIMATE RECORD PERIOD 1893 TO 2015


WEATHER ITEM   OBSERVED TIME   RECORD YEAR NORMAL DEPARTURE LAST
                VALUE   (LST)  VALUE       VALUE  FROM      YEAR
                                                  NORMAL
..................................................................
TEMPERATURE (F)
 YESTERDAY
  MAXIMUM         27   1159 PM  55    1944  24      3       16
  MINIMUM         17   1207 AM -27    1917   5     12       -3
  AVERAGE         22                        14      8        7

PRECIPITATION (IN)
  YESTERDAY        0.11          0.43 1910   0.02   0.09     0.13
  MONTH TO DATE    0.37                      0.74  -0.37     1.27
  SINCE DEC 1      1.05                      1.74  -0.69     2.80
  SINCE JAN 1      0.37                      0.74  -0.37     1.27

SNOWFALL (IN)
  YESTERDAY        1.5           8.6  1996   0.4    1.1      5.2
  MONTH TO DATE    6.4                      11.1   -4.7     19.3
  SINCE DEC 1     12.7                      20.6   -7.9     38.3
  SINCE JUL 1     26.9                      26.9    0.0     40.5
  SNOW DEPTH       2

DEGREE DAYS
 HEATING
  YESTERDAY       43                        50     -7       58
  MONTH TO DATE 1302                      1320    -18     1505
  SINCE DEC 1   2582                      2750   -168     3170
  SINCE JUL 1   4554                      4496     58     4915

 COOLING
  YESTERDAY        0                         0      0        0
  MONTH TO DATE    0                         0      0        0
  SINCE DEC 1      0                         0      0        0
  SINCE JAN 1      0                         0      0        0
..................................................................


WIND (MPH)
  HIGHEST WIND SPEED    14   HIGHEST WIND DIRECTION     S (170)
  HIGHEST GUST SPEED    18   HIGHEST GUST DIRECTION     S (170)
  AVERAGE WIND SPEED     5.5


SKY COVER
  POSSIBLE SUNSHINE  MM
  AVERAGE SKY COVER 0.9


WEATHER CONDITIONS
 THE FOLLOWING WEATHER WAS RECORDED YESTERDAY.
  SNOW
  LIGHT SNOW
  FOG


RELATIVE HUMIDITY (PERCENT)
 HIGHEST    92          1000 AM
 LOWEST     67           100 AM
 AVERAGE    80

..........................................................


THE EAU CLAIRE WI CLIMATE NORMALS FOR TODAY
                         NORMAL    RECORD    YEAR
 MAXIMUM TEMPERATURE (F)   24        50      2006
 MINIMUM TEMPERATURE (F)    5       -31      1904


SUNRISE AND SUNSET
JANUARY 27 2015.......SUNRISE   731 AM CST   SUNSET   507 PM CST
JANUARY 28 2015.......SUNRISE   730 AM CST   SUNSET   508 PM CST


-  INDICATES NEGATIVE NUMBERS.
R  INDICATES RECORD WAS SET OR TIED.
MM INDICATES DATA IS MISSING.
T  INDICATES TRACE AMOUNT.




$$
