000
CDUS43 KMPX 200631
CLIEAU


CLIMATE REPORT
NATIONAL WEATHER SERVICE CHANHASSEN MN
128 AM CDT WED MAY 20 2015


...................................

...THE EAU CLAIRE WI CLIMATE SUMMARY FOR MAY 19 2015...

CLIMATE NORMAL PERIOD 1981 TO 2010
CLIMATE RECORD PERIOD 1893 TO 2015


WEATHER ITEM   OBSERVED TIME   RECORD YEAR NORMAL DEPARTURE LAST
                VALUE   (LST)  VALUE       VALUE  FROM      YEAR
                                                  NORMAL
..................................................................
TEMPERATURE (F)
 YESTERDAY
  MAXIMUM         55    456 PM  94    1934  71    -16       60
  MINIMUM         35    550 AM  27    1929  46    -11       51
  AVERAGE         45                        58    -13       56

PRECIPITATION (IN)
  YESTERDAY        T             2.00 1897   0.12  -0.12     1.67
  MONTH TO DATE    2.55                      2.07   0.48     3.41
  SINCE MAR 1      6.02                      6.55  -0.53    10.23
  SINCE JAN 1      6.61                      8.25  -1.64    13.43

SNOWFALL (IN)
  YESTERDAY        0.0           T    1924   0.0    0.0      0.0
  MONTH TO DATE    0.0                       0.2   -0.2      0.0
  SINCE MAR 1      7.3                      10.7   -3.4     13.1
  SINCE JUL 1     38.1                      47.0   -8.9     74.8
  SNOW DEPTH       0

DEGREE DAYS
 HEATING
  YESTERDAY       20                         7     13        9
  MONTH TO DATE  160                       185    -25      233
  SINCE MAR 1   1671                      1805   -134     2227
  SINCE JUL 1   8024                      7826    198     9119

 COOLING
  YESTERDAY        0                         1     -1        0
  MONTH TO DATE   10                        13     -3        0
  SINCE MAR 1     10                        17     -7        0
  SINCE JAN 1     10                        17     -7        0
..................................................................


WIND (MPH)
  HIGHEST WIND SPEED    20   HIGHEST WIND DIRECTION     N (360)
  HIGHEST GUST SPEED    27   HIGHEST GUST DIRECTION    NW (330)
  AVERAGE WIND SPEED     6.7


SKY COVER
  POSSIBLE SUNSHINE  MM
  AVERAGE SKY COVER 0.5


WEATHER CONDITIONS
 THE FOLLOWING WEATHER WAS RECORDED YESTERDAY.
  LIGHT RAIN
  FOG


RELATIVE HUMIDITY (PERCENT)
 HIGHEST    86          1000 PM
 LOWEST     41           600 PM
 AVERAGE    64

..........................................................


THE EAU CLAIRE WI CLIMATE NORMALS FOR TODAY
                         NORMAL    RECORD    YEAR
 MAXIMUM TEMPERATURE (F)   71        94      1934
 MINIMUM TEMPERATURE (F)   47        27      2002


SUNRISE AND SUNSET
MAY 20 2015...........SUNRISE   532 AM CDT   SUNSET   833 PM CDT
MAY 21 2015...........SUNRISE   531 AM CDT   SUNSET   834 PM CDT


-  INDICATES NEGATIVE NUMBERS.
R  INDICATES RECORD WAS SET OR TIED.
MM INDICATES DATA IS MISSING.
T  INDICATES TRACE AMOUNT.




$$
