000
CDUS43 KMPX 190742
CLIEAU


CLIMATE REPORT
NATIONAL WEATHER SERVICE CHANHASSEN MN
240 AM CDT WED APR 19 2017


...................................

...THE EAU CLAIRE WI CLIMATE SUMMARY FOR APRIL 18 2017...

CLIMATE NORMAL PERIOD 1981 TO 2010
CLIMATE RECORD PERIOD 1893 TO 2017


WEATHER ITEM   OBSERVED TIME   RECORD YEAR NORMAL DEPARTURE LAST
                VALUE   (LST)  VALUE       VALUE  FROM      YEAR
                                                  NORMAL
..................................................................
TEMPERATURE (F)
 YESTERDAY
  MAXIMUM         63    448 PM  88    1987  59      4       81
  MINIMUM         41    607 AM  19    1983  35      6       47
                                      1953
                                      1907
  AVERAGE         52                        47      5       64

PRECIPITATION (IN)
  YESTERDAY        0.10          1.10 1894   0.09   0.01     0.00
  MONTH TO DATE    2.43                      1.52   0.91     0.57
  SINCE MAR 1      3.55                      3.25   0.30     5.23
  SINCE JAN 1      7.63                      4.95   2.68     6.39

SNOWFALL (IN)
  YESTERDAY        0.0           0.3  2013   0.1   -0.1      0.0
  MONTH TO DATE    0.8                       1.5   -0.7      1.8
  SINCE MAR 1      5.6                      10.1   -4.5     13.9
  SINCE JUL 1     54.5                      46.4    8.1     38.0
  SNOW DEPTH       0

DEGREE DAYS
 HEATING
  YESTERDAY       13                        18     -5        1
  MONTH TO DATE  306                       396    -90      398
  SINCE MAR 1   1356                      1440    -84     1209
  SINCE JUL 1   6466                      7460   -994     6387

 COOLING
  YESTERDAY        0                         0      0        0
  MONTH TO DATE    0                         0      0        4
  SINCE MAR 1      0                         0      0        4
  SINCE JAN 1      0                         0      0        4
..................................................................


WIND (MPH)
  HIGHEST WIND SPEED    23   HIGHEST WIND DIRECTION     W (260)
  HIGHEST GUST SPEED    32   HIGHEST GUST DIRECTION     W (250)
  AVERAGE WIND SPEED    13.3


SKY COVER
  POSSIBLE SUNSHINE  MM
  AVERAGE SKY COVER 0.7


WEATHER CONDITIONS
 THE FOLLOWING WEATHER WAS RECORDED YESTERDAY.
  LIGHT RAIN


RELATIVE HUMIDITY (PERCENT)
 HIGHEST    83          1200 PM
 LOWEST     60           500 PM
 AVERAGE    72

..........................................................


THE EAU CLAIRE WI CLIMATE NORMALS FOR TODAY
                         NORMAL    RECORD    YEAR
 MAXIMUM TEMPERATURE (F)   60        89      1985
 MINIMUM TEMPERATURE (F)   36        18      1897


SUNRISE AND SUNSET
APRIL 19 2017.........SUNRISE   614 AM CDT   SUNSET   757 PM CDT
APRIL 20 2017.........SUNRISE   612 AM CDT   SUNSET   758 PM CDT


-  INDICATES NEGATIVE NUMBERS.
R  INDICATES RECORD WAS SET OR TIED.
MM INDICATES DATA IS MISSING.
T  INDICATES TRACE AMOUNT.




$$
