000
CDUS43 KMPX 280655
CLIEAU


CLIMATE REPORT
NATIONAL WEATHER SERVICE CHANHASSEN MN
154 AM CDT FRI AUG 28 2015


...................................

...THE EAU CLAIRE WI CLIMATE SUMMARY FOR AUGUST 27 2015...

CLIMATE NORMAL PERIOD 1981 TO 2010
CLIMATE RECORD PERIOD 1893 TO 2015


WEATHER ITEM   OBSERVED TIME   RECORD YEAR NORMAL DEPARTURE LAST
                VALUE   (LST)  VALUE       VALUE  FROM      YEAR
                                                  NORMAL
..................................................................
TEMPERATURE (F)
 YESTERDAY
  MAXIMUM         76    255 PM  96    2013  79     -3       75
  MINIMUM         47    426 AM  40    1916  57    -10       55
                                      1915
                                      1896
  AVERAGE         62                        68     -6       65

PRECIPITATION (IN)
  YESTERDAY        0.00          1.26 1944   0.13  -0.13     0.03
  MONTH TO DATE    7.07                      3.95   3.12     4.18
  SINCE JUN 1     17.99                     11.96   6.03    16.46
  SINCE JAN 1     27.44                     21.60   5.84    30.56

SNOWFALL (IN)
  YESTERDAY        0.0           0.0    MM   0.0    0.0      0.0
  MONTH TO DATE    0.0                       0.0    0.0      0.0
  SINCE JUN 1      0.0                       0.0    0.0      0.0
  SINCE JUL 1      0.0                       0.0    0.0      0.0
  SNOW DEPTH       0

DEGREE DAYS
 HEATING
  YESTERDAY        3                         1      2        0
  MONTH TO DATE   34                        22     12        3
  SINCE JUN 1     78                        95    -17       46
  SINCE JUL 1     50                        33     17       21

 COOLING
  YESTERDAY        0                         4     -4        0
  MONTH TO DATE  116                       145    -29      159
  SINCE JUN 1    378                       479   -101      431
  SINCE JAN 1    396                       511   -115      466
..................................................................


WIND (MPH)
  HIGHEST WIND SPEED    15   HIGHEST WIND DIRECTION     S (170)
  HIGHEST GUST SPEED    19   HIGHEST GUST DIRECTION     S (170)
  AVERAGE WIND SPEED     5.8


SKY COVER
  POSSIBLE SUNSHINE  MM
  AVERAGE SKY COVER 0.3


WEATHER CONDITIONS
 THE FOLLOWING WEATHER WAS RECORDED YESTERDAY.
  FOG
  FOG W/VISIBILITY <= 1/4 MILE


RELATIVE HUMIDITY (PERCENT)
 HIGHEST   100          1200 AM
 LOWEST     46           100 PM
 AVERAGE    73

..........................................................


THE EAU CLAIRE WI CLIMATE NORMALS FOR TODAY
                         NORMAL    RECORD    YEAR
 MAXIMUM TEMPERATURE (F)   78        95      1937
 MINIMUM TEMPERATURE (F)   56        39      1986


SUNRISE AND SUNSET
AUGUST 28 2015........SUNRISE   623 AM CDT   SUNSET   750 PM CDT
AUGUST 29 2015........SUNRISE   624 AM CDT   SUNSET   749 PM CDT


-  INDICATES NEGATIVE NUMBERS.
R  INDICATES RECORD WAS SET OR TIED.
MM INDICATES DATA IS MISSING.
T  INDICATES TRACE AMOUNT.




$$
