000
CDUS43 KMPX 092231
CLIEAU


CLIMATE REPORT
NATIONAL WEATHER SERVICE CHANHASSEN MN
431 PM CST MON JAN 9 2017


...................................

...THE EAU CLAIRE WI CLIMATE SUMMARY FOR JANUARY 9 2017...
VALID AS OF 0400 PM LOCAL TIME.

CLIMATE NORMAL PERIOD 1981 TO 2010
CLIMATE RECORD PERIOD 1893 TO 2017


WEATHER ITEM   OBSERVED TIME   RECORD YEAR NORMAL DEPARTURE LAST
                VALUE   (LST)  VALUE       VALUE  FROM      YEAR
                                                  NORMAL
..................................................................
TEMPERATURE (F)
 TODAY
  MAXIMUM         21    359 PM  48    2002  23     -2       30
  MINIMUM          8    722 AM -39    1977   6      2       -1
  AVERAGE         15                        14      1       15

PRECIPITATION (IN)
  TODAY            0.06          0.38 1924   0.03   0.03     0.01
                                      1900
  MONTH TO DATE    0.23                      0.25  -0.02     0.31
  SINCE DEC 1      2.33                      1.25   1.08     4.15
  SINCE JAN 1      0.23                      0.25  -0.02     0.31

SNOWFALL (IN)
  TODAY            0.9           3.6  1924   0.4    0.5      0.3
  MONTH TO DATE    3.1                       3.4   -0.3      3.2
  SINCE DEC 1     22.3                      12.9    9.4     12.6
  SINCE JUL 1     24.0                      19.2    4.8     14.0
  SNOW DEPTH       5

DEGREE DAYS
 HEATING
  TODAY           50                        51     -1       50
  MONTH TO DATE  516                       454     62      374
  SINCE DEC 1   1927                      1884     43     1428
  SINCE JUL 1   3136                      3630   -494     2790

 COOLING
  TODAY            0                         0      0        0
  MONTH TO DATE    0                         0      0        0
  SINCE DEC 1      0                         0      0        0
  SINCE JAN 1      0                         0      0        0
..................................................................


WIND (MPH)
  HIGHEST WIND SPEED    14   HIGHEST WIND DIRECTION    SE (120)
  HIGHEST GUST SPEED    18   HIGHEST GUST DIRECTION    SE (130)
  AVERAGE WIND SPEED     2.8


SKY COVER
  POSSIBLE SUNSHINE  MM
  AVERAGE SKY COVER 0.6


WEATHER CONDITIONS
 THE FOLLOWING WEATHER WAS RECORDED TODAY.
  SNOW
  LIGHT SNOW
  FOG
  FOG W/VISIBILITY <= 1/4 MILE
  HAZE


RELATIVE HUMIDITY (PERCENT)
 HIGHEST    92           600 AM
 LOWEST     71           200 PM
 AVERAGE    82

..........................................................


THE EAU CLAIRE WI CLIMATE NORMALS FOR TOMORROW
                         NORMAL    RECORD    YEAR
 MAXIMUM TEMPERATURE (F)   23        53      2012
 MINIMUM TEMPERATURE (F)    5       -29      1982


SUNRISE AND SUNSET
JANUARY  9 2017.......SUNRISE   743 AM CST   SUNSET   444 PM CST
JANUARY 10 2017.......SUNRISE   742 AM CST   SUNSET   445 PM CST


-  INDICATES NEGATIVE NUMBERS.
R  INDICATES RECORD WAS SET OR TIED.
MM INDICATES DATA IS MISSING.
T  INDICATES TRACE AMOUNT.




$$
