000
CDUS43 KMPX 092241
CLIEAU


CLIMATE REPORT
NATIONAL WEATHER SERVICE CHANHASSEN MN
441 PM CST THU FEB 9 2017


...................................

...THE EAU CLAIRE WI CLIMATE SUMMARY FOR FEBRUARY 9 2017...
VALID AS OF 0400 PM LOCAL TIME.

CLIMATE NORMAL PERIOD 1981 TO 2010
CLIMATE RECORD PERIOD 1893 TO 2017


WEATHER ITEM   OBSERVED TIME   RECORD YEAR NORMAL DEPARTURE LAST
                VALUE   (LST)  VALUE       VALUE  FROM      YEAR
                                                  NORMAL
..................................................................
TEMPERATURE (F)
 TODAY
  MAXIMUM         14    359 PM  48    1966  27    -13       14
  MINIMUM         -1    750 AM -36    1899   8     -9        3
  AVERAGE          7                        17    -10        9

PRECIPITATION (IN)
  TODAY            0.00          0.57 1939   0.03  -0.03      T
  MONTH TO DATE    0.01                      0.24  -0.23     0.45
  SINCE DEC 1      4.46                      2.13   2.33     4.71
  SINCE JAN 1      2.36                      1.13   1.23     0.87

SNOWFALL (IN)
  TODAY            0.0           9.0  1894   0.2   -0.2       T
  MONTH TO DATE    T                         2.7   -2.7      7.2
  SINCE DEC 1     36.5                      25.4   11.1     21.8
  SINCE JUL 1     38.2                      31.7    6.5     23.2
  SNOW DEPTH       4

DEGREE DAYS
 HEATING
  TODAY           58                        48     10       56
  MONTH TO DATE  455                       438     17      413
  SINCE DEC 1   3320                      3436   -116     2982
  SINCE JUL 1   4529                      5182   -653     4344

 COOLING
  TODAY            0                         0      0        0
  MONTH TO DATE    0                         0      0        0
  SINCE DEC 1      0                         0      0        0
  SINCE JAN 1      0                         0      0        0
..................................................................


WIND (MPH)
  HIGHEST WIND SPEED    15   HIGHEST WIND DIRECTION     W (280)
  HIGHEST GUST SPEED    21   HIGHEST GUST DIRECTION    NW (300)
  AVERAGE WIND SPEED     9.3


SKY COVER
  POSSIBLE SUNSHINE  MM
  AVERAGE SKY COVER 0.0


WEATHER CONDITIONS
 THE FOLLOWING WEATHER WAS RECORDED TODAY.
  NO SIGNIFICANT WEATHER WAS OBSERVED.


RELATIVE HUMIDITY (PERCENT)
 HIGHEST    72           600 AM
 LOWEST     51           400 PM
 AVERAGE    62

..........................................................


THE EAU CLAIRE WI CLIMATE NORMALS FOR TOMORROW
                         NORMAL    RECORD    YEAR
 MAXIMUM TEMPERATURE (F)   27        48      2009
 MINIMUM TEMPERATURE (F)    8       -40      1899


SUNRISE AND SUNSET
FEBRUARY  9 2017......SUNRISE   715 AM CST   SUNSET   526 PM CST
FEBRUARY 10 2017......SUNRISE   713 AM CST   SUNSET   528 PM CST


-  INDICATES NEGATIVE NUMBERS.
R  INDICATES RECORD WAS SET OR TIED.
MM INDICATES DATA IS MISSING.
T  INDICATES TRACE AMOUNT.




$$
