000
CDUS43 KMPX 050638
CLIEAU


CLIMATE REPORT
NATIONAL WEATHER SERVICE CHANHASSEN MN
135 AM CDT SAT AUG 5 2017


...................................

...THE EAU CLAIRE WI CLIMATE SUMMARY FOR AUGUST 4 2017...

CLIMATE NORMAL PERIOD 1981 TO 2010
CLIMATE RECORD PERIOD 1893 TO 2017


WEATHER ITEM   OBSERVED TIME   RECORD YEAR NORMAL DEPARTURE LAST
                VALUE   (LST)  VALUE       VALUE  FROM      YEAR
                                                  NORMAL
..................................................................
TEMPERATURE (F)
 YESTERDAY
  MAXIMUM         74    336 PM 104    1947  82     -8       81
  MINIMUM         52    232 AM  42    1912  60     -8       66
  AVERAGE         63                        71     -8       74

PRECIPITATION (IN)
  YESTERDAY        0.03          2.42 1917   0.15  -0.12     0.34
  MONTH TO DATE    0.52                      0.60  -0.08     0.34
  SINCE JUN 1     10.02                      8.61   1.41    10.14
  SINCE JAN 1     24.52                     18.25   6.27    22.33

SNOWFALL (IN)
  YESTERDAY        0.0           0.0    MM   0.0    0.0      0.0
  MONTH TO DATE    0.0                       0.0    0.0      0.0
  SINCE JUN 1      0.0                       0.0    0.0      0.0
  SINCE JUL 1      0.0                       0.0    0.0      0.0
  SNOW DEPTH       0

DEGREE DAYS
 HEATING
  YESTERDAY        2                         0      2        0
  MONTH TO DATE    9                         0      9        0
  SINCE JUN 1     48                        73    -25       36
  SINCE JUL 1     11                        11      0        4

 COOLING
  YESTERDAY        0                         6     -6        9
  MONTH TO DATE   16                        24     -8       43
  SINCE JUN 1    320                       358    -38      390
  SINCE JAN 1    328                       390    -62      430
..................................................................


WIND (MPH)
  HIGHEST WIND SPEED    26   HIGHEST WIND DIRECTION    NW (330)
  HIGHEST GUST SPEED    33   HIGHEST GUST DIRECTION    NW (320)
  AVERAGE WIND SPEED     9.6


SKY COVER
  POSSIBLE SUNSHINE  MM
  AVERAGE SKY COVER 0.8


WEATHER CONDITIONS
 THE FOLLOWING WEATHER WAS RECORDED YESTERDAY.
  RAIN
  LIGHT RAIN
  FOG


RELATIVE HUMIDITY (PERCENT)
 HIGHEST    96           100 AM
 LOWEST     57           100 PM
 AVERAGE    77

..........................................................


THE EAU CLAIRE WI CLIMATE NORMALS FOR TODAY
                         NORMAL    RECORD    YEAR
 MAXIMUM TEMPERATURE (F)   82       102      1947
 MINIMUM TEMPERATURE (F)   60        41      1957


SUNRISE AND SUNSET
AUGUST  5 2017........SUNRISE   557 AM CDT   SUNSET   826 PM CDT
AUGUST  6 2017........SUNRISE   558 AM CDT   SUNSET   825 PM CDT


-  INDICATES NEGATIVE NUMBERS.
R  INDICATES RECORD WAS SET OR TIED.
MM INDICATES DATA IS MISSING.
T  INDICATES TRACE AMOUNT.




$$
