000
CDUS43 KMPX 131645
CLIEAU

CLIMATE REPORT
NATIONAL WEATHER SERVICE CHANHASSEN MN
404 AM CST SAT DEC 13 2014...COR FOR DAILY SNOWFALL


...................................

...THE EAU CLAIRE WI CLIMATE SUMMARY FOR DECEMBER 12 2014...

CLIMATE NORMAL PERIOD 1981 TO 2010
CLIMATE RECORD PERIOD 1893 TO 2014


WEATHER ITEM   OBSERVED TIME   RECORD YEAR NORMAL DEPARTURE LAST
                VALUE   (LST)  VALUE       VALUE  FROM      YEAR
                                                  NORMAL
..................................................................
TEMPERATURE (F)
 YESTERDAY
  MAXIMUM         34    511 PM  55    1968  28      6       18
  MINIMUM         27    137 AM -18    2000  12     15       -4
  AVERAGE         31                        20     11        7

PRECIPITATION (IN)
  YESTERDAY        T             1.34 1965   0.03  -0.03     0.03
  MONTH TO DATE    0.01                      0.46  -0.45     0.95
  SINCE DEC 1      0.01                      0.46  -0.45     0.95
  SINCE JAN 1     42.31                     30.44  11.87    35.32

SNOWFALL (IN)
  YESTERDAY        0.0           8.5  1899   0.3   -0.3      0.4
  MONTH TO DATE    0.2                       3.7   -3.5      6.9
  SINCE DEC 1      0.2                       3.7   -3.5      6.9
  SINCE JUL 1     14.4                      10.0    4.4      9.1
  SNOW DEPTH       2

DEGREE DAYS
 HEATING
  YESTERDAY       34                        45    -11       58
  MONTH TO DATE  526                       518      8      639
  SINCE DEC 1    526                       518      8      639
  SINCE JUL 1   2498                      2264    234     2384

 COOLING
  YESTERDAY        0                         0      0        0
  MONTH TO DATE    0                         0      0        0
  SINCE DEC 1      0                         0      0        0
  SINCE JAN 1    500                       579    -79      653
..................................................................


WIND (MPH)
  HIGHEST WIND SPEED    13   HIGHEST WIND DIRECTION     S (200)
  HIGHEST GUST SPEED    16   HIGHEST GUST DIRECTION    SW (240)
  AVERAGE WIND SPEED     6.3


SKY COVER
  POSSIBLE SUNSHINE  MM
  AVERAGE SKY COVER 1.0


WEATHER CONDITIONS
 THE FOLLOWING WEATHER WAS RECORDED YESTERDAY.
  FOG


RELATIVE HUMIDITY (PERCENT)
 HIGHEST   100          1200 AM
 LOWEST     89          1000 AM
 AVERAGE    95

..........................................................


THE EAU CLAIRE WI CLIMATE NORMALS FOR TODAY
                         NORMAL    RECORD    YEAR
 MAXIMUM TEMPERATURE (F)   28        51      1998
 MINIMUM TEMPERATURE (F)   11       -28      1901


SUNRISE AND SUNSET
DECEMBER 13 2014......SUNRISE   735 AM CST   SUNSET   425 PM CST
DECEMBER 14 2014......SUNRISE   736 AM CST   SUNSET   425 PM CST


-  INDICATES NEGATIVE NUMBERS.
R  INDICATES RECORD WAS SET OR TIED.
MM INDICATES DATA IS MISSING.
T  INDICATES TRACE AMOUNT.




$$
