000
CDUS43 KMPX 310657
CLIEAU


CLIMATE REPORT
NATIONAL WEATHER SERVICE CHANHASSEN MN
1256 AM CST SUN JAN 31 2016


...................................

...THE EAU CLAIRE WI CLIMATE SUMMARY FOR JANUARY 30 2016...

CLIMATE NORMAL PERIOD 1981 TO 2010
CLIMATE RECORD PERIOD 1893 TO 2016


WEATHER ITEM   OBSERVED TIME   RECORD YEAR NORMAL DEPARTURE LAST
                VALUE   (LST)  VALUE       VALUE  FROM      YEAR
                                                  NORMAL
..................................................................
TEMPERATURE (F)
 YESTERDAY
  MAXIMUM         44    156 PM  50    1896  25     19       19
  MINIMUM         27    834 AM -45    1951   6     21        2
  AVERAGE         36                        15     21       11

PRECIPITATION (IN)
  YESTERDAY        0.00          0.79 1947   0.03  -0.03     0.00
  MONTH TO DATE    0.44                      0.86  -0.42     0.37
  SINCE DEC 1      4.28                      1.86   2.42     1.05
  SINCE JAN 1      0.44                      0.86  -0.42     0.37

SNOWFALL (IN)
  YESTERDAY        0.0           8.5  1947   0.4   -0.4      0.0
  MONTH TO DATE    5.2                      12.8   -7.6      6.4
  SINCE DEC 1     14.6                      22.3   -7.7     12.7
  SINCE JUL 1     16.0                      28.6  -12.6     26.9
  SNOW DEPTH       5

DEGREE DAYS
 HEATING
  YESTERDAY       29                        50    -21       54
  MONTH TO DATE 1483                      1520    -37     1472
  SINCE DEC 1   2537                      2950   -413     2752
  SINCE JUL 1   3899                      4696   -797     4724

 COOLING
  YESTERDAY        0                         0      0        0
  MONTH TO DATE    0                         0      0        0
  SINCE DEC 1      0                         0      0        0
  SINCE JAN 1      0                         0      0        0
..................................................................


WIND (MPH)
  HIGHEST WIND SPEED    12   HIGHEST WIND DIRECTION    SW (220)
  HIGHEST GUST SPEED    16   HIGHEST GUST DIRECTION    SW (220)
  AVERAGE WIND SPEED     6.1


SKY COVER
  POSSIBLE SUNSHINE  MM
  AVERAGE SKY COVER 0.6


WEATHER CONDITIONS
 THE FOLLOWING WEATHER WAS RECORDED YESTERDAY.
  FOG


RELATIVE HUMIDITY (PERCENT)
 HIGHEST    92           600 AM
 LOWEST     49           200 PM
 AVERAGE    71

..........................................................


THE EAU CLAIRE WI CLIMATE NORMALS FOR TODAY
                         NORMAL    RECORD    YEAR
 MAXIMUM TEMPERATURE (F)   25        47      1952
 MINIMUM TEMPERATURE (F)    6       -33      1899


SUNRISE AND SUNSET
JANUARY 31 2016.......SUNRISE   727 AM CST   SUNSET   512 PM CST
FEBRUARY  1 2016......SUNRISE   726 AM CST   SUNSET   514 PM CST


-  INDICATES NEGATIVE NUMBERS.
R  INDICATES RECORD WAS SET OR TIED.
MM INDICATES DATA IS MISSING.
T  INDICATES TRACE AMOUNT.




$$
