000
CDUS43 KMPX 020024
CLIEAU


CLIMATE REPORT
NATIONAL WEATHER SERVICE CHANHASSEN MN
624 PM CST FRI DEC 1 2017


...................................

...THE EAU CLAIRE WI CLIMATE SUMMARY FOR DECEMBER 1 2017...
VALID TODAY AS OF 0600 PM LOCAL TIME.

CLIMATE NORMAL PERIOD 1981 TO 2010
CLIMATE RECORD PERIOD 1893 TO 2017


WEATHER ITEM   OBSERVED TIME   RECORD YEAR NORMAL DEPARTURE LAST
                VALUE   (LST)  VALUE       VALUE  FROM      YEAR
                                                  NORMAL
..................................................................
TEMPERATURE (F)
 TODAY
  MAXIMUM         50    302 PM  63    1998  33     17       38
  MINIMUM         19    553 AM -18    1893  16      3       32
  AVERAGE         35                        24     11       35

PRECIPITATION (IN)
  TODAY            0.00          1.00 1945   0.04  -0.04      T
  MONTH TO DATE    0.00                      0.04  -0.04      T
  SINCE DEC 1      0.00                      0.04  -0.04      T
  SINCE JAN 1     34.42                     30.02   4.40    38.92

SNOWFALL (IN)
  TODAY            0.0           6.4  1985   0.3   -0.3      0.0
  MONTH TO DATE    0.0                       0.3   -0.3      0.0
  SINCE DEC 1      0.0                       0.3   -0.3      0.0
  SINCE JUL 1      3.3                       6.6   -3.3      1.7
  SNOW DEPTH       0

DEGREE DAYS
 HEATING
  TODAY           30                        41    -11       30
  MONTH TO DATE   30                        41    -11       30
  SINCE DEC 1     30                        41    -11       30
  SINCE JUL 1   1671                      1787   -116     1239

 COOLING
  TODAY            0                         0      0        0
  MONTH TO DATE    0                         0      0        0
  SINCE DEC 1      0                         0      0        0
  SINCE JAN 1    466                       579   -113      624
..................................................................


WIND (MPH)
  HIGHEST WIND SPEED    18   HIGHEST WIND DIRECTION     S (170)
  HIGHEST GUST SPEED    23   HIGHEST GUST DIRECTION     S (160)
  AVERAGE WIND SPEED     4.9


SKY COVER
  POSSIBLE SUNSHINE  MM
  AVERAGE SKY COVER 0.0


WEATHER CONDITIONS
 THE FOLLOWING WEATHER WAS RECORDED TODAY.
  FOG


RELATIVE HUMIDITY (PERCENT)
 HIGHEST    96           300 AM
 LOWEST     32           300 PM
 AVERAGE    64

..........................................................


THE EAU CLAIRE WI CLIMATE NORMALS FOR TOMORROW
                         NORMAL    RECORD    YEAR
 MAXIMUM TEMPERATURE (F)   32        63      1982
 MINIMUM TEMPERATURE (F)   16       -17      1897


SUNRISE AND SUNSET
DECEMBER  1 2017......SUNRISE   724 AM CST   SUNSET   426 PM CST
DECEMBER  2 2017......SUNRISE   725 AM CST   SUNSET   426 PM CST


-  INDICATES NEGATIVE NUMBERS.
R  INDICATES RECORD WAS SET OR TIED.
MM INDICATES DATA IS MISSING.
T  INDICATES TRACE AMOUNT.




$$
