000
CDUS43 KMPX 170631
CLIEAU


CLIMATE REPORT
NATIONAL WEATHER SERVICE CHANHASSEN MN
1231 AM CST MON NOV 17 2014


...................................

...THE EAU CLAIRE WI CLIMATE SUMMARY FOR NOVEMBER 16 2014...

CLIMATE NORMAL PERIOD 1981 TO 2010
CLIMATE RECORD PERIOD 1893 TO 2014


WEATHER ITEM   OBSERVED TIME   RECORD YEAR NORMAL DEPARTURE LAST
                VALUE   (LST)  VALUE       VALUE  FROM      YEAR
                                                  NORMAL
..................................................................
TEMPERATURE (F)
 YESTERDAY
  MAXIMUM         22    816 AM  70    1953  41    -19       55
  MINIMUM          9    918 PM  -1    1933  24    -15       43
  AVERAGE         16                        33    -17       49

PRECIPITATION (IN)
  YESTERDAY        0.03          1.02 1909   0.06  -0.03     0.17
  MONTH TO DATE    1.14                      1.03   0.11     0.87
  SINCE SEP 1      9.03                      7.05   1.98     6.28
  SINCE JAN 1     41.70                     29.17  12.53    33.92

SNOWFALL (IN)
  YESTERDAY        0.4           9.5  1909   0.2    0.2      0.0
  MONTH TO DATE    7.0                       2.2    4.8      0.1
  SINCE SEP 1      7.6                       2.6    5.0      0.1
  SINCE JUL 1      7.6                       2.6    5.0      0.1
  SNOW DEPTH       5

DEGREE DAYS
 HEATING
  YESTERDAY       49                        32     17       16
  MONTH TO DATE  569                       450    119      464
  SINCE SEP 1   1322                      1195    127     1144
  SINCE JUL 1   1345                      1234    111     1182

 COOLING
  YESTERDAY        0                         0      0        0
  MONTH TO DATE    0                         0      0        0
  SINCE SEP 1     22                        52    -30       87
  SINCE JAN 1    500                       579    -79      653
..................................................................


WIND (MPH)
  HIGHEST WIND SPEED    22   HIGHEST WIND DIRECTION    SW (220)
  HIGHEST GUST SPEED    27   HIGHEST GUST DIRECTION    SW (210)
  AVERAGE WIND SPEED    11.1


SKY COVER
  POSSIBLE SUNSHINE  MM
  AVERAGE SKY COVER 0.7


WEATHER CONDITIONS
 THE FOLLOWING WEATHER WAS RECORDED YESTERDAY.
  LIGHT SNOW
  FOG
  HAZE


RELATIVE HUMIDITY (PERCENT)
 HIGHEST    91           200 AM
 LOWEST     54           300 PM
 AVERAGE    73

..........................................................


THE EAU CLAIRE WI CLIMATE NORMALS FOR TODAY
                         NORMAL    RECORD    YEAR
 MAXIMUM TEMPERATURE (F)   40        69      1953
                                             1931
 MINIMUM TEMPERATURE (F)   24        -3      1959


SUNRISE AND SUNSET
NOVEMBER 17 2014......SUNRISE   706 AM CST   SUNSET   435 PM CST
NOVEMBER 18 2014......SUNRISE   707 AM CST   SUNSET   435 PM CST


-  INDICATES NEGATIVE NUMBERS.
R  INDICATES RECORD WAS SET OR TIED.
MM INDICATES DATA IS MISSING.
T  INDICATES TRACE AMOUNT.




$$
