000
CDUS43 KMPX 050718
CLIEAU


CLIMATE REPORT
NATIONAL WEATHER SERVICE CHANHASSEN MN
218 AM CDT THU OCT 5 2017


...................................

...THE EAU CLAIRE WI CLIMATE SUMMARY FOR OCTOBER 4 2017...

CLIMATE NORMAL PERIOD 1981 TO 2010
CLIMATE RECORD PERIOD 1893 TO 2017


WEATHER ITEM   OBSERVED TIME   RECORD YEAR NORMAL DEPARTURE LAST
                VALUE   (LST)  VALUE       VALUE  FROM      YEAR
                                                  NORMAL
..................................................................
TEMPERATURE (F)
 YESTERDAY
  MAXIMUM         60    348 PM  86    1897  63     -3       74
  MINIMUM         41   1141 PM  23    1989  41      0       55
  AVERAGE         51                        52     -1       65

PRECIPITATION (IN)
  YESTERDAY        0.00          2.82 1900   0.09  -0.09     0.00
  MONTH TO DATE    0.42                      0.40   0.02     0.00
  SINCE SEP 1      2.69                      4.08  -1.39     8.20
  SINCE JAN 1     30.81                     26.20   4.61    35.03

SNOWFALL (IN)
  YESTERDAY        0.0           0.6  2014   0.0    0.0      0.0
  MONTH TO DATE    0.0                       0.0    0.0      0.0
  SINCE SEP 1      0.0                       0.0    0.0      0.0
  SINCE JUL 1      0.0                       0.0    0.0      0.0
  SNOW DEPTH       0

DEGREE DAYS
 HEATING
  YESTERDAY       14                        13      1        0
  MONTH TO DATE   22                        51    -29       18
  SINCE SEP 1    140                       245   -105      100
  SINCE JUL 1    183                       284   -101      110

 COOLING
  YESTERDAY        0                         1     -1        0
  MONTH TO DATE    0                         4     -4        0
  SINCE SEP 1     94                        52     42       39
  SINCE JAN 1    466                       579   -113      622
..................................................................


WIND (MPH)
  HIGHEST WIND SPEED    18   HIGHEST WIND DIRECTION     W (270)
  HIGHEST GUST SPEED    24   HIGHEST GUST DIRECTION     W (260)
  AVERAGE WIND SPEED     6.1


SKY COVER
  POSSIBLE SUNSHINE  MM
  AVERAGE SKY COVER 0.0


WEATHER CONDITIONS
 THE FOLLOWING WEATHER WAS RECORDED YESTERDAY.
  FOG


RELATIVE HUMIDITY (PERCENT)
 HIGHEST   100           200 AM
 LOWEST     46           300 PM
 AVERAGE    73

..........................................................


THE EAU CLAIRE WI CLIMATE NORMALS FOR TODAY
                         NORMAL    RECORD    YEAR
 MAXIMUM TEMPERATURE (F)   63        84      1922
 MINIMUM TEMPERATURE (F)   40        19      1952


SUNRISE AND SUNSET
OCTOBER  5 2017.......SUNRISE   709 AM CDT   SUNSET   638 PM CDT
OCTOBER  6 2017.......SUNRISE   710 AM CDT   SUNSET   637 PM CDT


-  INDICATES NEGATIVE NUMBERS.
R  INDICATES RECORD WAS SET OR TIED.
MM INDICATES DATA IS MISSING.
T  INDICATES TRACE AMOUNT.




$$
