000
CDUS43 KMPX 250751
CLIEAU


CLIMATE REPORT
NATIONAL WEATHER SERVICE CHANHASSEN MN
249 AM CDT THU SEP 25 2014


...................................

...THE EAU CLAIRE WI CLIMATE SUMMARY FOR SEPTEMBER 24 2014...

CLIMATE NORMAL PERIOD 1981 TO 2010
CLIMATE RECORD PERIOD 1893 TO 2014


WEATHER ITEM   OBSERVED TIME   RECORD YEAR NORMAL DEPARTURE LAST
                VALUE   (LST)  VALUE       VALUE  FROM      YEAR
                                                  NORMAL
..................................................................
TEMPERATURE (F)
 YESTERDAY
  MAXIMUM         65   1149 AM  90    1935  68     -3       75
  MINIMUM         55    457 AM  27    1976  45     10       46
  AVERAGE         60                        56      4       61

PRECIPITATION (IN)
  YESTERDAY        0.13          1.18 1984   0.13   0.00     0.00
  MONTH TO DATE    5.46                      3.00   2.46     1.50
  SINCE SEP 1      5.46                      3.00   2.46     1.50
  SINCE JAN 1     38.13                     25.12  13.01    29.14

SNOWFALL (IN)
  YESTERDAY        0.0           0.0    MM   0.0    0.0      0.0
  MONTH TO DATE    0.0                       0.0    0.0      0.0
  SINCE SEP 1      0.0                       0.0    0.0      0.0
  SINCE JUL 1      0.0                       0.0    0.0      0.0
  SNOW DEPTH       0

DEGREE DAYS
 HEATING
  YESTERDAY        5                         9     -4        4
  MONTH TO DATE  157                       128     29      108
  SINCE SEP 1    157                       128     29      108
  SINCE JUL 1    180                       167     13      146

 COOLING
  YESTERDAY        0                         1     -1        0
  MONTH TO DATE   18                        45    -27       82
  SINCE SEP 1     18                        45    -27       82
  SINCE JAN 1    496                       572    -76      648
..................................................................


WIND (MPH)
  HIGHEST WIND SPEED    15   HIGHEST WIND DIRECTION     S (160)
  HIGHEST GUST SPEED    20   HIGHEST GUST DIRECTION     S (170)
  AVERAGE WIND SPEED     8.1


SKY COVER
  POSSIBLE SUNSHINE  MM
  AVERAGE SKY COVER 0.7


WEATHER CONDITIONS
 THE FOLLOWING WEATHER WAS RECORDED YESTERDAY.
  LIGHT RAIN


RELATIVE HUMIDITY (PERCENT)
 HIGHEST    86          1000 PM
 LOWEST     60           100 PM
 AVERAGE    73

..........................................................


THE EAU CLAIRE WI CLIMATE NORMALS FOR TODAY
                         NORMAL    RECORD    YEAR
 MAXIMUM TEMPERATURE (F)   67        91      1920
 MINIMUM TEMPERATURE (F)   45        27      1942


SUNRISE AND SUNSET
SEPTEMBER 25 2014.....SUNRISE   657 AM CDT   SUNSET   658 PM CDT
SEPTEMBER 26 2014.....SUNRISE   658 AM CDT   SUNSET   656 PM CDT


-  INDICATES NEGATIVE NUMBERS.
R  INDICATES RECORD WAS SET OR TIED.
MM INDICATES DATA IS MISSING.
T  INDICATES TRACE AMOUNT.




$$
