000
CDUS43 KMPX 092236
CLIEAU


CLIMATE REPORT
NATIONAL WEATHER SERVICE CHANHASSEN MN
436 PM CST FRI FEB 9 2018


...................................

...THE EAU CLAIRE WI CLIMATE SUMMARY FOR FEBRUARY 9 2018...
VALID TODAY AS OF 0400 PM LOCAL TIME.

CLIMATE NORMAL PERIOD 1981 TO 2010
CLIMATE RECORD PERIOD 1893 TO 2018


WEATHER ITEM   OBSERVED TIME   RECORD YEAR NORMAL DEPARTURE LAST
                VALUE   (LST)  VALUE       VALUE  FROM      YEAR
                                                  NORMAL
..................................................................
TEMPERATURE (F)
 TODAY
  MAXIMUM         11    349 PM  48    1966  27    -16       16
  MINIMUM          0    745 AM -36    1899   8     -8       -1
  AVERAGE          6                        17    -11        8

PRECIPITATION (IN)
  TODAY            T             0.57 1939   0.03  -0.03     0.00
  MONTH TO DATE    0.24                      0.24   0.00     0.01
  SINCE DEC 1      2.41                      2.13   0.28     4.46
  SINCE JAN 1      1.50                      1.13   0.37     2.36

SNOWFALL (IN)
  TODAY            T             9.0  1894   0.2   -0.2      0.0
  MONTH TO DATE    4.5                       2.7    1.8       T
  SINCE DEC 1     27.0                      25.4    1.6     36.5
  SINCE JUL 1     30.3                      31.7   -1.4     38.2
  SNOW DEPTH       7

DEGREE DAYS
 HEATING
  TODAY           59                        48     11       57
  MONTH TO DATE  555                       438    117      454
  SINCE DEC 1   3644                      3436    208     3319
  SINCE JUL 1   5285                      5182    103     4528

 COOLING
  TODAY            0                         0      0        0
  MONTH TO DATE    0                         0      0        0
  SINCE DEC 1      0                         0      0        0
  SINCE JAN 1      0                         0      0        0
..................................................................


WIND (MPH)
  HIGHEST WIND SPEED    12   HIGHEST WIND DIRECTION     N (20)
  HIGHEST GUST SPEED    19   HIGHEST GUST DIRECTION    NE (30)
  AVERAGE WIND SPEED     6.4


SKY COVER
  POSSIBLE SUNSHINE  MM
  AVERAGE SKY COVER 0.3


WEATHER CONDITIONS
 THE FOLLOWING WEATHER WAS RECORDED TODAY.
  NO SIGNIFICANT WEATHER WAS OBSERVED.


RELATIVE HUMIDITY (PERCENT)
 HIGHEST    69           700 AM
 LOWEST     41           400 PM
 AVERAGE    55

..........................................................


THE EAU CLAIRE WI CLIMATE NORMALS FOR TOMORROW
                         NORMAL    RECORD    YEAR
 MAXIMUM TEMPERATURE (F)   27        48      2009
 MINIMUM TEMPERATURE (F)    8       -40      1899


SUNRISE AND SUNSET
FEBRUARY  9 2018......SUNRISE   715 AM CST   SUNSET   526 PM CST
FEBRUARY 10 2018......SUNRISE   714 AM CST   SUNSET   527 PM CST


-  INDICATES NEGATIVE NUMBERS.
R  INDICATES RECORD WAS SET OR TIED.
MM INDICATES DATA IS MISSING.
T  INDICATES TRACE AMOUNT.




$$
