000
CDUS43 KMPX 170727
CLIEAU


CLIMATE REPORT
NATIONAL WEATHER SERVICE CHANHASSEN MN
226 AM CDT WED SEP 17 2014


...................................

...THE EAU CLAIRE WI CLIMATE SUMMARY FOR SEPTEMBER 16 2014...

CLIMATE NORMAL PERIOD 1981 TO 2010
CLIMATE RECORD PERIOD 1893 TO 2014


WEATHER ITEM   OBSERVED TIME   RECORD YEAR NORMAL DEPARTURE LAST
                VALUE   (LST)  VALUE       VALUE  FROM      YEAR
                                                  NORMAL
..................................................................
TEMPERATURE (F)
 YESTERDAY
  MAXIMUM         67    220 PM  95    1948  71     -4       66
  MINIMUM         37    619 AM  34    1916  49    -12       36
  AVERAGE         52                        60     -8       51

PRECIPITATION (IN)
  YESTERDAY        0.00          2.57 1942   0.12  -0.12     0.00
  MONTH TO DATE    5.16                      2.01   3.15     0.86
  SINCE SEP 1      5.16                      2.01   3.15     0.86
  SINCE JAN 1     37.83                     24.13  13.70    28.50

SNOWFALL (IN)
  YESTERDAY        0.0           0.0    MM   0.0    0.0      0.0
  MONTH TO DATE    0.0                       0.0    0.0      0.0
  SINCE SEP 1      0.0                       0.0    0.0      0.0
  SINCE JUL 1      0.0                       0.0    0.0      0.0
  SNOW DEPTH       0

DEGREE DAYS
 HEATING
  YESTERDAY       13                         6      7       14
  MONTH TO DATE  109                        65     44       59
  SINCE SEP 1    109                        65     44       59
  SINCE JUL 1    132                       104     28       97

 COOLING
  YESTERDAY        0                         1     -1        0
  MONTH TO DATE   17                        37    -20       72
  SINCE SEP 1     17                        37    -20       72
  SINCE JAN 1    495                       564    -69      638
..................................................................


WIND (MPH)
  HIGHEST WIND SPEED    14   HIGHEST WIND DIRECTION    SW (210)
  HIGHEST GUST SPEED    23   HIGHEST GUST DIRECTION    SW (230)
  AVERAGE WIND SPEED     4.6


SKY COVER
  POSSIBLE SUNSHINE  MM
  AVERAGE SKY COVER 0.0


WEATHER CONDITIONS
 THE FOLLOWING WEATHER WAS RECORDED YESTERDAY.
  FOG
  FOG W/VISIBILITY <= 1/4 MILE


RELATIVE HUMIDITY (PERCENT)
 HIGHEST   100           600 AM
 LOWEST     37           200 PM
 AVERAGE    69

..........................................................


THE EAU CLAIRE WI CLIMATE NORMALS FOR TODAY
                         NORMAL    RECORD    YEAR
 MAXIMUM TEMPERATURE (F)   71        93      1948
 MINIMUM TEMPERATURE (F)   48        31      1959


SUNRISE AND SUNSET
SEPTEMBER 17 2014.....SUNRISE   647 AM CDT   SUNSET   713 PM CDT
SEPTEMBER 18 2014.....SUNRISE   648 AM CDT   SUNSET   711 PM CDT


-  INDICATES NEGATIVE NUMBERS.
R  INDICATES RECORD WAS SET OR TIED.
MM INDICATES DATA IS MISSING.
T  INDICATES TRACE AMOUNT.




$$
