000
CDUS43 KMPX 112134
CLIEAU


CLIMATE REPORT
NATIONAL WEATHER SERVICE CHANHASSEN MN
434 PM CDT SUN JUN 11 2017


...................................

...THE EAU CLAIRE WI CLIMATE SUMMARY FOR JUNE 11 2017...
VALID TODAY AS OF 0400 PM LOCAL TIME.

CLIMATE NORMAL PERIOD 1981 TO 2010
CLIMATE RECORD PERIOD 1893 TO 2017


WEATHER ITEM   OBSERVED TIME   RECORD YEAR NORMAL DEPARTURE LAST
                VALUE   (LST)  VALUE       VALUE  FROM      YEAR
                                                  NORMAL
..................................................................
TEMPERATURE (F)
 TODAY
  MAXIMUM         76    104 AM  94    1949  77     -1       91
  MINIMUM         64   1001 AM  32    1903  54     10       63
  AVERAGE         70                        66      4       77

PRECIPITATION (IN)
  TODAY            0.94          1.40 1897   0.14   0.80     0.00
  MONTH TO DATE    1.43                      1.48  -0.05     1.35
  SINCE JUN 1      1.43                      1.48  -0.05     1.35
  SINCE JAN 1     15.93                     11.12   4.81    13.54

SNOWFALL (IN)
  TODAY            0.0           0.0    MM   0.0    0.0      0.0
  MONTH TO DATE    0.0                       0.0    0.0      0.0
  SINCE JUN 1      0.0                       0.0    0.0      0.0
  SINCE JUL 1     54.5                      46.8    7.7     38.0
  SNOW DEPTH       0

DEGREE DAYS
 HEATING
  TODAY            0                         2     -2        0
  MONTH TO DATE    7                        37    -30       29
  SINCE JUN 1      7                        37    -30       29
  SINCE JUL 1   6976                      7934   -958     6840

 COOLING
  TODAY            5                         3      2       12
  MONTH TO DATE   54                        26     28       32
  SINCE JUN 1     54                        26     28       32
  SINCE JAN 1     62                        58      4       72
..................................................................


WIND (MPH)
  HIGHEST WIND SPEED    24   HIGHEST WIND DIRECTION     W (250)
  HIGHEST GUST SPEED    29   HIGHEST GUST DIRECTION    NW (300)
  AVERAGE WIND SPEED     6.9


SKY COVER
  POSSIBLE SUNSHINE  MM
  AVERAGE SKY COVER 0.5


WEATHER CONDITIONS
 THE FOLLOWING WEATHER WAS RECORDED TODAY.
  THUNDERSTORM
  HEAVY RAIN
  RAIN
  LIGHT RAIN
  FOG


RELATIVE HUMIDITY (PERCENT)
 HIGHEST    93          1200 PM
 LOWEST     57           600 AM
 AVERAGE    75

..........................................................


THE EAU CLAIRE WI CLIMATE NORMALS FOR TOMORROW
                         NORMAL    RECORD    YEAR
 MAXIMUM TEMPERATURE (F)   78        94      1988
                                             1893
 MINIMUM TEMPERATURE (F)   54        30      1903


SUNRISE AND SUNSET
JUNE 11 2017..........SUNRISE   519 AM CDT   SUNSET   852 PM CDT
JUNE 12 2017..........SUNRISE   519 AM CDT   SUNSET   853 PM CDT


-  INDICATES NEGATIVE NUMBERS.
R  INDICATES RECORD WAS SET OR TIED.
MM INDICATES DATA IS MISSING.
T  INDICATES TRACE AMOUNT.




$$
