000
CDUS43 KMPX 272157
CLIEAU


CLIMATE REPORT
NATIONAL WEATHER SERVICE CHANHASSEN MN
456 PM CDT SAT JUN 27 2015


...................................

...THE EAU CLAIRE WI CLIMATE SUMMARY FOR JUNE 27 2015...
VALID AS OF 0400 PM LOCAL TIME.

CLIMATE NORMAL PERIOD 1981 TO 2010
CLIMATE RECORD PERIOD 1893 TO 2015


WEATHER ITEM   OBSERVED TIME   RECORD YEAR NORMAL DEPARTURE LAST
                VALUE   (LST)  VALUE       VALUE  FROM      YEAR
                                                  NORMAL
..................................................................
TEMPERATURE (F)
 TODAY
  MAXIMUM         83    205 PM 100    1931  82      1       81
  MINIMUM         53    438 AM  39    1992  59     -6       65
  AVERAGE         68                        70     -2       73

PRECIPITATION (IN)
  TODAY            0.00          1.52 1914   0.13  -0.13     0.42
  MONTH TO DATE    3.68                      3.72  -0.04     7.74
  SINCE JUN 1      3.68                      3.72  -0.04     7.74
  SINCE JAN 1     13.13                     13.36  -0.23    21.84

SNOWFALL (IN)
  TODAY            0.0           0.0    MM   0.0    0.0      0.0
  MONTH TO DATE    0.0                       0.0    0.0      0.0
  SINCE JUN 1      0.0                       0.0    0.0      0.0
  SINCE JUL 1     38.1                      46.8   -8.7     74.8
  SNOW DEPTH       0

DEGREE DAYS
 HEATING
  TODAY            0                         1     -1        0
  MONTH TO DATE   27                        59    -32       25
  SINCE JUN 1     27                        59    -32       25
  SINCE JUL 1   8133                      7957    176     9167

 COOLING
  TODAY            3                         6     -3        8
  MONTH TO DATE   77                       102    -25      104
  SINCE JUN 1     77                       102    -25      104
  SINCE JAN 1     95                       134    -39      139
..................................................................


WIND (MPH)
  HIGHEST WIND SPEED     9   HIGHEST WIND DIRECTION     W (290)
  HIGHEST GUST SPEED    13   HIGHEST GUST DIRECTION     W (290)
  AVERAGE WIND SPEED     2.2


SKY COVER
  POSSIBLE SUNSHINE  MM
  AVERAGE SKY COVER 0.0


WEATHER CONDITIONS
 THE FOLLOWING WEATHER WAS RECORDED TODAY.
  FOG
  FOG W/VISIBILITY <= 1/4 MILE


RELATIVE HUMIDITY (PERCENT)
 HIGHEST   100           200 AM
 LOWEST     33           100 PM
 AVERAGE    67

..........................................................


THE EAU CLAIRE WI CLIMATE NORMALS FOR TOMORROW
                         NORMAL    RECORD    YEAR
 MAXIMUM TEMPERATURE (F)   82       101      1931
 MINIMUM TEMPERATURE (F)   59        41      1895


SUNRISE AND SUNSET
JUNE 27 2015..........SUNRISE   522 AM CDT   SUNSET   856 PM CDT
JUNE 28 2015..........SUNRISE   522 AM CDT   SUNSET   856 PM CDT


-  INDICATES NEGATIVE NUMBERS.
R  INDICATES RECORD WAS SET OR TIED.
MM INDICATES DATA IS MISSING.
T  INDICATES TRACE AMOUNT.




$$
