756
CDUS43 KMPX 180641
CLIEAU


CLIMATE REPORT
NATIONAL WEATHER SERVICE CHANHASSEN MN
137 AM CDT THU MAY 18 2017


...................................

...THE EAU CLAIRE WI CLIMATE SUMMARY FOR MAY 17 2017...

CLIMATE NORMAL PERIOD 1981 TO 2010
CLIMATE RECORD PERIOD 1893 TO 2017


WEATHER ITEM   OBSERVED TIME   RECORD YEAR NORMAL DEPARTURE LAST
                VALUE   (LST)  VALUE       VALUE  FROM      YEAR
                                                  NORMAL
..................................................................
TEMPERATURE (F)
 YESTERDAY
  MAXIMUM         72   1131 AM  93    1987  70      2       64
  MINIMUM         58   1123 PM  29    2002  46     12       35
                                      1925
  AVERAGE         65                        58      7       50

PRECIPITATION (IN)
  YESTERDAY        1.22          1.92 1910   0.11   1.11     0.00
  MONTH TO DATE    3.10                      1.84   1.26     0.97
  SINCE MAR 1      9.16                      6.32   2.84     8.19
  SINCE JAN 1     13.24                      8.02   5.22     9.35

SNOWFALL (IN)
  YESTERDAY        0.0           T    1915   0.0    0.0      0.0
  MONTH TO DATE    T                         0.2   -0.2      0.0
  SINCE MAR 1      5.6                      10.7   -5.1     13.9
  SINCE JUL 1     54.5                      47.0    7.5     38.0
  SNOW DEPTH       0

DEGREE DAYS
 HEATING
  YESTERDAY        0                         8     -8       15
  MONTH TO DATE  160                       170    -10      211
  SINCE MAR 1   1731                      1790    -59     1599
  SINCE JUL 1   6841                      7810   -969     6777

 COOLING
  YESTERDAY        0                         1     -1        0
  MONTH TO DATE    7                        11     -4        3
  SINCE MAR 1      7                        15     -8        7
  SINCE JAN 1      7                        15     -8        7
..................................................................


WIND (MPH)
  HIGHEST WIND SPEED    36   HIGHEST WIND DIRECTION    SW (210)
  HIGHEST GUST SPEED    44   HIGHEST GUST DIRECTION     S (200)
  AVERAGE WIND SPEED     7.0


SKY COVER
  POSSIBLE SUNSHINE  MM
  AVERAGE SKY COVER 0.8


WEATHER CONDITIONS
 THE FOLLOWING WEATHER WAS RECORDED YESTERDAY.
  THUNDERSTORM
  HEAVY RAIN
  RAIN
  LIGHT RAIN
  FOG


RELATIVE HUMIDITY (PERCENT)
 HIGHEST   100          1000 PM
 LOWEST     68          1100 AM
 AVERAGE    84

..........................................................


THE EAU CLAIRE WI CLIMATE NORMALS FOR TODAY
                         NORMAL    RECORD    YEAR
 MAXIMUM TEMPERATURE (F)   70        91      2012
                                             1998
                                             1972
 MINIMUM TEMPERATURE (F)   46        29      2002


SUNRISE AND SUNSET
MAY 18 2017...........SUNRISE   534 AM CDT   SUNSET   832 PM CDT
MAY 19 2017...........SUNRISE   533 AM CDT   SUNSET   833 PM CDT


-  INDICATES NEGATIVE NUMBERS.
R  INDICATES RECORD WAS SET OR TIED.
MM INDICATES DATA IS MISSING.
T  INDICATES TRACE AMOUNT.




$$
