000
CDUS43 KMPX 150641
CLIEAU


CLIMATE REPORT
NATIONAL WEATHER SERVICE CHANHASSEN MN
1241 AM CST WED FEB 15 2017


...................................

...THE EAU CLAIRE WI CLIMATE SUMMARY FOR FEBRUARY 14 2017...

CLIMATE NORMAL PERIOD 1981 TO 2010
CLIMATE RECORD PERIOD 1893 TO 2017


WEATHER ITEM   OBSERVED TIME   RECORD YEAR NORMAL DEPARTURE LAST
                VALUE   (LST)  VALUE       VALUE  FROM      YEAR
                                                  NORMAL
..................................................................
TEMPERATURE (F)
 YESTERDAY
  MAXIMUM         40    154 PM  49    1934  29     11       17
  MINIMUM         25   1159 PM -27    1951   9     16       -9
  AVERAGE         33                        19     14        4

PRECIPITATION (IN)
  YESTERDAY        0.00          0.73 1918   0.03  -0.03      T
  MONTH TO DATE    0.01                      0.38  -0.37     0.45
  SINCE DEC 1      4.46                      2.27   2.19     4.71
  SINCE JAN 1      2.36                      1.27   1.09     0.87

SNOWFALL (IN)
  YESTERDAY        0.0           3.2  2013   0.2   -0.2      0.5
  MONTH TO DATE    T                         3.9   -3.9      7.7
  SINCE DEC 1     36.5                      26.6    9.9     22.3
  SINCE JUL 1     38.2                      32.9    5.3     23.7
  SNOW DEPTH       2

DEGREE DAYS
 HEATING
  YESTERDAY       32                        46    -14       61
  MONTH TO DATE  621                       671    -50      723
  SINCE DEC 1   3486                      3669   -183     3292
  SINCE JUL 1   4695                      5415   -720     4654

 COOLING
  YESTERDAY        0                         0      0        0
  MONTH TO DATE    0                         0      0        0
  SINCE DEC 1      0                         0      0        0
  SINCE JAN 1      0                         0      0        0
..................................................................


WIND (MPH)
  HIGHEST WIND SPEED    26   HIGHEST WIND DIRECTION    NW (320)
  HIGHEST GUST SPEED    37   HIGHEST GUST DIRECTION     N (340)
  AVERAGE WIND SPEED    12.8


SKY COVER
  POSSIBLE SUNSHINE  MM
  AVERAGE SKY COVER 0.1


WEATHER CONDITIONS
 THE FOLLOWING WEATHER WAS RECORDED YESTERDAY.
  NO SIGNIFICANT WEATHER WAS OBSERVED.


RELATIVE HUMIDITY (PERCENT)
 HIGHEST    85           600 AM
 LOWEST     37           400 PM
 AVERAGE    61

..........................................................


THE EAU CLAIRE WI CLIMATE NORMALS FOR TODAY
                         NORMAL    RECORD    YEAR
 MAXIMUM TEMPERATURE (F)   29        58      1921
 MINIMUM TEMPERATURE (F)   10       -25      1905


SUNRISE AND SUNSET
FEBRUARY 15 2017......SUNRISE   706 AM CST   SUNSET   535 PM CST
FEBRUARY 16 2017......SUNRISE   705 AM CST   SUNSET   536 PM CST


-  INDICATES NEGATIVE NUMBERS.
R  INDICATES RECORD WAS SET OR TIED.
MM INDICATES DATA IS MISSING.
T  INDICATES TRACE AMOUNT.




$$
