000
CDUS43 KMPX 282146
CLIEAU


CLIMATE REPORT
NATIONAL WEATHER SERVICE CHANHASSEN MN
446 PM CDT THU MAY 28 2015


...................................

...THE EAU CLAIRE WI CLIMATE SUMMARY FOR MAY 28 2015...
VALID AS OF 0400 PM LOCAL TIME.

CLIMATE NORMAL PERIOD 1981 TO 2010
CLIMATE RECORD PERIOD 1893 TO 2015


WEATHER ITEM   OBSERVED TIME   RECORD YEAR NORMAL DEPARTURE LAST
                VALUE   (LST)  VALUE       VALUE  FROM      YEAR
                                                  NORMAL
..................................................................
TEMPERATURE (F)
 TODAY
  MAXIMUM         85    205 PM  95    2006  73     12       81
  MINIMUM         52    506 AM  33    1906  49      3       54
  AVERAGE         69                        61      8       68

PRECIPITATION (IN)
  TODAY            0.00          2.40 1941   0.12  -0.12     0.00
  MONTH TO DATE    4.98                      3.10   1.88     4.06
  SINCE MAR 1      8.45                      7.58   0.87    10.88
  SINCE JAN 1      9.04                      9.28  -0.24    14.08

SNOWFALL (IN)
  TODAY            0.0           0.0    MM   0.0    0.0      0.0
  MONTH TO DATE    0.0                       0.2   -0.2      0.0
  SINCE MAR 1      7.3                      10.7   -3.4     13.1
  SINCE JUL 1     38.1                      47.0   -8.9     74.8
  SNOW DEPTH       0

DEGREE DAYS
 HEATING
  TODAY            0                         5     -5        0
  MONTH TO DATE  213                       242    -29      256
  SINCE MAR 1   1724                      1862   -138     2250
  SINCE JUL 1   8077                      7883    194     9142

 COOLING
  TODAY            4                         1      3        3
  MONTH TO DATE   18                        22     -4       17
  SINCE MAR 1     18                        26     -8       17
  SINCE JAN 1     18                        26     -8       17
..................................................................


WIND (MPH)
  HIGHEST WIND SPEED    21   HIGHEST WIND DIRECTION     S (170)
  HIGHEST GUST SPEED    26   HIGHEST GUST DIRECTION     S (180)
  AVERAGE WIND SPEED     7.1


SKY COVER
  POSSIBLE SUNSHINE  MM
  AVERAGE SKY COVER 0.1


WEATHER CONDITIONS
 THE FOLLOWING WEATHER WAS RECORDED TODAY.
  FOG


RELATIVE HUMIDITY (PERCENT)
 HIGHEST    96           500 AM
 LOWEST     34          1200 PM
 AVERAGE    65

..........................................................


THE EAU CLAIRE WI CLIMATE NORMALS FOR TOMORROW
                         NORMAL    RECORD    YEAR
 MAXIMUM TEMPERATURE (F)   73        95      2006
 MINIMUM TEMPERATURE (F)   50        32      1966
                                             1965


SUNRISE AND SUNSET
MAY 28 2015...........SUNRISE   526 AM CDT   SUNSET   841 PM CDT
MAY 29 2015...........SUNRISE   525 AM CDT   SUNSET   842 PM CDT


-  INDICATES NEGATIVE NUMBERS.
R  INDICATES RECORD WAS SET OR TIED.
MM INDICATES DATA IS MISSING.
T  INDICATES TRACE AMOUNT.




$$
