000
CDUS43 KMPX 310024
CLIEAU


CLIMATE REPORT
NATIONAL WEATHER SERVICE CHANHASSEN MN
724 PM CDT MON MAY 30 2016


...................................

...THE EAU CLAIRE WI CLIMATE SUMMARY FOR MAY 30 2016...
VALID TODAY AS OF 0700 PM LOCAL TIME.

CLIMATE NORMAL PERIOD 1981 TO 2010
CLIMATE RECORD PERIOD 1893 TO 2016


WEATHER ITEM   OBSERVED TIME   RECORD YEAR NORMAL DEPARTURE LAST
                VALUE   (LST)  VALUE       VALUE  FROM      YEAR
                                                  NORMAL
..................................................................
TEMPERATURE (F)
 TODAY
  MAXIMUM         82    352 PM  96    1939  74      8       62
  MINIMUM         53    426 AM  34    1966  50      3       43
  AVERAGE         68                        62      6       53

PRECIPITATION (IN)
  TODAY            0.00          2.08 1921   0.12  -0.12     0.00
  MONTH TO DATE    3.24                      3.34  -0.10     5.39
  SINCE MAR 1     10.46                      7.82   2.64     8.86
  SINCE JAN 1     11.62                      9.52   2.10     9.45

SNOWFALL (IN)
  TODAY            0.0           0.0    MM   0.0    0.0      0.0
  MONTH TO DATE    0.0                       0.2   -0.2      0.0
  SINCE MAR 1     13.9                      10.7    3.2      7.3
  SINCE JUL 1     38.0                      47.0   -9.0     38.1
  SNOW DEPTH       0

DEGREE DAYS
 HEATING
  TODAY            0                         5     -5       12
  MONTH TO DATE  245                       252     -7      226
  SINCE MAR 1   1633                      1872   -239     1737
  SINCE JUL 1   6811                      7892  -1081     8090

 COOLING
  TODAY            3                         2      1        0
  MONTH TO DATE   30                        26      4       18
  SINCE MAR 1     34                        30      4       18
  SINCE JAN 1     34                        30      4       18
..................................................................


WIND (MPH)
  HIGHEST WIND SPEED    13   HIGHEST WIND DIRECTION    SW (210)
  HIGHEST GUST SPEED    16   HIGHEST GUST DIRECTION     S (200)
  AVERAGE WIND SPEED     3.8


SKY COVER
  POSSIBLE SUNSHINE  MM
  AVERAGE SKY COVER 0.0


WEATHER CONDITIONS
 THE FOLLOWING WEATHER WAS RECORDED TODAY.
  FOG


RELATIVE HUMIDITY (PERCENT)
 HIGHEST   100           300 AM
 LOWEST     33           200 PM
 AVERAGE    67

..........................................................


THE EAU CLAIRE WI CLIMATE NORMALS FOR TOMORROW
                         NORMAL    RECORD    YEAR
 MAXIMUM TEMPERATURE (F)   74       107      1934
 MINIMUM TEMPERATURE (F)   50        34      2015
                                             1966
                                             1964


SUNRISE AND SUNSET
MAY 30 2016...........SUNRISE   524 AM CDT   SUNSET   844 PM CDT
MAY 31 2016...........SUNRISE   523 AM CDT   SUNSET   845 PM CDT


-  INDICATES NEGATIVE NUMBERS.
R  INDICATES RECORD WAS SET OR TIED.
MM INDICATES DATA IS MISSING.
T  INDICATES TRACE AMOUNT.




$$
