000
CDUS43 KMPX 290627
CLIEAU


CLIMATE REPORT
NATIONAL WEATHER SERVICE CHANHASSEN MN
126 AM CDT SAT APR 29 2017


...................................

...THE EAU CLAIRE WI CLIMATE SUMMARY FOR APRIL 28 2017...

CLIMATE NORMAL PERIOD 1981 TO 2010
CLIMATE RECORD PERIOD 1893 TO 2017


WEATHER ITEM   OBSERVED TIME   RECORD YEAR NORMAL DEPARTURE LAST
                VALUE   (LST)  VALUE       VALUE  FROM      YEAR
                                                  NORMAL
..................................................................
TEMPERATURE (F)
 YESTERDAY
  MAXIMUM         50    405 PM  87    1952  64    -14       43
  MINIMUM         32   1159 PM  22    1965  39     -7       36
  AVERAGE         41                        52    -11       40

PRECIPITATION (IN)
  YESTERDAY        0.00          1.02 2016   0.11  -0.11     1.02
  MONTH TO DATE    4.42                      2.53   1.89     2.56
  SINCE MAR 1      5.54                      4.26   1.28     7.22
  SINCE JAN 1      9.62                      5.96   3.66     8.38

SNOWFALL (IN)
  YESTERDAY        0.0           3.3  2008   0.1   -0.1       T
  MONTH TO DATE    0.8                       1.9   -1.1      1.8
  SINCE MAR 1      5.6                      10.5   -4.9     13.9
  SINCE JUL 1     54.5                      46.8    7.7     38.0
  SNOW DEPTH       0

DEGREE DAYS
 HEATING
  YESTERDAY       24                        14     10       25
  MONTH TO DATE  479                       550    -71      545
  SINCE MAR 1   1529                      1594    -65     1356
  SINCE JUL 1   6639                      7614   -975     6534

 COOLING
  YESTERDAY        0                         1     -1        0
  MONTH TO DATE    0                         2     -2        4
  SINCE MAR 1      0                         2     -2        4
  SINCE JAN 1      0                         2     -2        4
..................................................................


WIND (MPH)
  HIGHEST WIND SPEED    16   HIGHEST WIND DIRECTION    NW (320)
  HIGHEST GUST SPEED    21   HIGHEST GUST DIRECTION    NW (320)
  AVERAGE WIND SPEED     5.8


SKY COVER
  POSSIBLE SUNSHINE  MM
  AVERAGE SKY COVER 0.4


WEATHER CONDITIONS
 THE FOLLOWING WEATHER WAS RECORDED YESTERDAY.
  NO SIGNIFICANT WEATHER WAS OBSERVED.


RELATIVE HUMIDITY (PERCENT)
 HIGHEST    89          1100 PM
 LOWEST     45          1200 PM
 AVERAGE    67

..........................................................


THE EAU CLAIRE WI CLIMATE NORMALS FOR TODAY
                         NORMAL    RECORD    YEAR
 MAXIMUM TEMPERATURE (F)   65        90      1970
 MINIMUM TEMPERATURE (F)   40        17      1956


SUNRISE AND SUNSET
APRIL 29 2017.........SUNRISE   558 AM CDT   SUNSET   809 PM CDT
APRIL 30 2017.........SUNRISE   557 AM CDT   SUNSET   810 PM CDT


-  INDICATES NEGATIVE NUMBERS.
R  INDICATES RECORD WAS SET OR TIED.
MM INDICATES DATA IS MISSING.
T  INDICATES TRACE AMOUNT.




$$
