000
CDUS43 KMPX 172142
CLIEAU


CLIMATE REPORT
NATIONAL WEATHER SERVICE CHANHASSEN MN
442 PM CDT TUE OCT 17 2017


...................................

...THE EAU CLAIRE WI CLIMATE SUMMARY FOR OCTOBER 17 2017...
VALID TODAY AS OF 0400 PM LOCAL TIME.

CLIMATE NORMAL PERIOD 1981 TO 2010
CLIMATE RECORD PERIOD 1893 TO 2017


WEATHER ITEM   OBSERVED TIME   RECORD YEAR NORMAL DEPARTURE LAST
                VALUE   (LST)  VALUE       VALUE  FROM      YEAR
                                                  NORMAL
..................................................................
TEMPERATURE (F)
 TODAY
  MAXIMUM         71    259 PM  86    1910  58     13       77
  MINIMUM         37    635 AM  16    1952  36      1       56
  AVERAGE         54                        47      7       67

PRECIPITATION (IN)
  TODAY            0.00          1.79 1898   0.08  -0.08     0.90
  MONTH TO DATE    2.62                      1.45   1.17     1.62
  SINCE SEP 1      4.89                      5.13  -0.24     9.82
  SINCE JAN 1     33.01                     27.25   5.76    36.65

SNOWFALL (IN)
  TODAY            0.0           T    2002   0.0    0.0      0.0
                                      1932
  MONTH TO DATE    0.0                       0.1   -0.1      0.0
  SINCE SEP 1      0.0                       0.1   -0.1      0.0
  SINCE JUL 1      0.0                       0.1   -0.1      0.0
  SNOW DEPTH       0

DEGREE DAYS
 HEATING
  TODAY           11                        18     -7        0
  MONTH TO DATE  197                       258    -61      173
  SINCE SEP 1    315                       452   -137      255
  SINCE JUL 1    358                       491   -133      265

 COOLING
  TODAY            0                         0      0        2
  MONTH TO DATE    0                         4     -4        2
  SINCE SEP 1     94                        52     42       41
  SINCE JAN 1    466                       579   -113      624
..................................................................


WIND (MPH)
  HIGHEST WIND SPEED    15   HIGHEST WIND DIRECTION    SW (210)
  HIGHEST GUST SPEED    18   HIGHEST GUST DIRECTION     S (190)
  AVERAGE WIND SPEED     5.2


SKY COVER
  POSSIBLE SUNSHINE  MM
  AVERAGE SKY COVER 0.0


WEATHER CONDITIONS
 THE FOLLOWING WEATHER WAS RECORDED TODAY.
  FOG


RELATIVE HUMIDITY (PERCENT)
 HIGHEST   100           500 AM
 LOWEST     35           300 PM
 AVERAGE    68

..........................................................


THE EAU CLAIRE WI CLIMATE NORMALS FOR TOMORROW
                         NORMAL    RECORD    YEAR
 MAXIMUM TEMPERATURE (F)   57        85      1950
 MINIMUM TEMPERATURE (F)   36        12      1896


SUNRISE AND SUNSET
OCTOBER 17 2017.......SUNRISE   724 AM CDT   SUNSET   617 PM CDT
OCTOBER 18 2017.......SUNRISE   726 AM CDT   SUNSET   616 PM CDT


-  INDICATES NEGATIVE NUMBERS.
R  INDICATES RECORD WAS SET OR TIED.
MM INDICATES DATA IS MISSING.
T  INDICATES TRACE AMOUNT.




$$
