568
CDUS43 KMPX 250623
CLIEAU


CLIMATE REPORT
NATIONAL WEATHER SERVICE CHANHASSEN MN
123 AM CDT THU AUG 25 2016


...................................

...THE EAU CLAIRE WI CLIMATE SUMMARY FOR AUGUST 24 2016...

CLIMATE NORMAL PERIOD 1981 TO 2010
CLIMATE RECORD PERIOD 1893 TO 2016


WEATHER ITEM   OBSERVED TIME   RECORD YEAR NORMAL DEPARTURE LAST
                VALUE   (LST)  VALUE       VALUE  FROM      YEAR
                                                  NORMAL
..................................................................
TEMPERATURE (F)
 YESTERDAY
  MAXIMUM         80    222 PM 103    1948  79      1       61
  MINIMUM         64   1159 PM  39    1942  57      7       54
  AVERAGE         72                        68      4       58

PRECIPITATION (IN)
  YESTERDAY        0.02          1.07 2006   0.13  -0.11      T
  MONTH TO DATE    4.76                      3.55   1.21     7.07
  SINCE JUN 1     14.56                     11.56   3.00    17.99
  SINCE JAN 1     26.75                     21.20   5.55    27.44

SNOWFALL (IN)
  YESTERDAY        0.0           0.0    MM   0.0    0.0      0.0
  MONTH TO DATE    0.0                       0.0    0.0      0.0
  SINCE JUN 1      0.0                       0.0    0.0      0.0
  SINCE JUL 1      0.0                       0.0    0.0      0.0
  SNOW DEPTH       0

DEGREE DAYS
 HEATING
  YESTERDAY        0                         1     -1        7
  MONTH TO DATE    3                        19    -16       20
  SINCE JUN 1     39                        92    -53       64
  SINCE JUL 1      7                        30    -23       36

 COOLING
  YESTERDAY        7                         4      3        0
  MONTH TO DATE  175                       133     42      116
  SINCE JUN 1    522                       467     55      378
  SINCE JAN 1    562                       499     63      396
..................................................................


WIND (MPH)
  HIGHEST WIND SPEED    16   HIGHEST WIND DIRECTION    NW (300)
  HIGHEST GUST SPEED    23   HIGHEST GUST DIRECTION     W (270)
  AVERAGE WIND SPEED     6.9


SKY COVER
  POSSIBLE SUNSHINE  MM
  AVERAGE SKY COVER 0.6


WEATHER CONDITIONS
 THE FOLLOWING WEATHER WAS RECORDED YESTERDAY.
  LIGHT RAIN
  FOG


RELATIVE HUMIDITY (PERCENT)
 HIGHEST   100           400 AM
 LOWEST     62           400 PM
 AVERAGE    81

..........................................................


THE EAU CLAIRE WI CLIMATE NORMALS FOR TODAY
                         NORMAL    RECORD    YEAR
 MAXIMUM TEMPERATURE (F)   79        99      1948
 MINIMUM TEMPERATURE (F)   57        40      2008
                                             1958


SUNRISE AND SUNSET
AUGUST 25 2016........SUNRISE   620 AM CDT   SUNSET   754 PM CDT
AUGUST 26 2016........SUNRISE   622 AM CDT   SUNSET   753 PM CDT


-  INDICATES NEGATIVE NUMBERS.
R  INDICATES RECORD WAS SET OR TIED.
MM INDICATES DATA IS MISSING.
T  INDICATES TRACE AMOUNT.




$$
