000
CDUS43 KMPX 260633
CLIEAU


CLIMATE REPORT
NATIONAL WEATHER SERVICE CHANHASSEN MN
132 AM CDT MON JUN 26 2017


...................................

...THE EAU CLAIRE WI CLIMATE SUMMARY FOR JUNE 25 2017...

CLIMATE NORMAL PERIOD 1981 TO 2010
CLIMATE RECORD PERIOD 1893 TO 2017


WEATHER ITEM   OBSERVED TIME   RECORD YEAR NORMAL DEPARTURE LAST
                VALUE   (LST)  VALUE       VALUE  FROM      YEAR
                                                  NORMAL
..................................................................
TEMPERATURE (F)
 YESTERDAY
  MAXIMUM         66    435 PM  95    1966  81    -15       91
                                      1941
                                      1900
  MINIMUM         46   1056 PM  42    1957  58    -12       68
  AVERAGE         56                        70    -14       80

PRECIPITATION (IN)
  YESTERDAY        0.15          1.96 1923   0.13   0.02     0.76
  MONTH TO DATE    4.98                      3.45   1.53     6.05
  SINCE JUN 1      4.98                      3.45   1.53     6.05
  SINCE JAN 1     19.48                     13.09   6.39    18.24

SNOWFALL (IN)
  YESTERDAY        0.0           0.0    MM   0.0    0.0      0.0
  MONTH TO DATE    0.0                       0.0    0.0      0.0
  SINCE JUN 1      0.0                       0.0    0.0      0.0
  SINCE JUL 1     54.5                      46.8    7.7     38.0
  SNOW DEPTH       0

DEGREE DAYS
 HEATING
  YESTERDAY        9                         1      8        0
  MONTH TO DATE   26                        57    -31       29
  SINCE JUN 1     26                        57    -31       29
  SINCE JUL 1   6995                      7954   -959     6840

 COOLING
  YESTERDAY        0                         6     -6       15
  MONTH TO DATE   98                        90      8      113
  SINCE JUN 1     98                        90      8      113
  SINCE JAN 1    106                       122    -16      153
..................................................................


WIND (MPH)
  HIGHEST WIND SPEED    23   HIGHEST WIND DIRECTION    NW (330)
  HIGHEST GUST SPEED    31   HIGHEST GUST DIRECTION    NW (310)
  AVERAGE WIND SPEED     7.8


SKY COVER
  POSSIBLE SUNSHINE  MM
  AVERAGE SKY COVER 0.5


WEATHER CONDITIONS
 THE FOLLOWING WEATHER WAS RECORDED YESTERDAY.
  HEAVY RAIN
  RAIN
  LIGHT RAIN
  FOG


RELATIVE HUMIDITY (PERCENT)
 HIGHEST   100          1000 PM
 LOWEST     48           500 PM
 AVERAGE    74

..........................................................


THE EAU CLAIRE WI CLIMATE NORMALS FOR TODAY
                         NORMAL    RECORD    YEAR
 MAXIMUM TEMPERATURE (F)   82       101      1931
 MINIMUM TEMPERATURE (F)   59        43      1926


SUNRISE AND SUNSET
JUNE 26 2017..........SUNRISE   521 AM CDT   SUNSET   856 PM CDT
JUNE 27 2017..........SUNRISE   522 AM CDT   SUNSET   856 PM CDT


-  INDICATES NEGATIVE NUMBERS.
R  INDICATES RECORD WAS SET OR TIED.
MM INDICATES DATA IS MISSING.
T  INDICATES TRACE AMOUNT.




$$
