000
CDUS43 KMPX 170812
CLIEAU


CLIMATE REPORT
NATIONAL WEATHER SERVICE CHANHASSEN MN
312 AM CDT SUN APR 17 2016


...................................

...THE EAU CLAIRE WI CLIMATE SUMMARY FOR APRIL 16 2016...

CLIMATE NORMAL PERIOD 1981 TO 2010
CLIMATE RECORD PERIOD 1893 TO 2016


WEATHER ITEM   OBSERVED TIME   RECORD YEAR NORMAL DEPARTURE LAST
                VALUE   (LST)  VALUE       VALUE  FROM      YEAR
                                                  NORMAL
..................................................................
TEMPERATURE (F)
 YESTERDAY
  MAXIMUM         81    213 PM  85    2002  58     23       74
                                      1964
  MINIMUM         47    542 AM  13    1904  35     12       44
  AVERAGE         64                        46     18       59

PRECIPITATION (IN)
  YESTERDAY        0.00          1.46 2003   0.09  -0.09     0.00
  MONTH TO DATE    0.57                      1.34  -0.77     1.88
  SINCE MAR 1      5.23                      3.07   2.16     2.59
  SINCE JAN 1      6.39                      4.77   1.62     3.18

SNOWFALL (IN)
  YESTERDAY        0.0           4.0  1910   0.1   -0.1      0.0
  MONTH TO DATE    1.8                       1.4    0.4      1.4
  SINCE MAR 1     13.9                      10.0    3.9      7.3
  SINCE JUL 1     38.0                      46.3   -8.3     38.1
  SNOW DEPTH       0

DEGREE DAYS
 HEATING
  YESTERDAY        1                        19    -18        6
  MONTH TO DATE  397                       360     37      283
  SINCE MAR 1   1208                      1404   -196     1273
  SINCE JUL 1   6386                      7424  -1038     7626

 COOLING
  YESTERDAY        0                         0      0        0
  MONTH TO DATE    0                         0      0        0
  SINCE MAR 1      0                         0      0        0
  SINCE JAN 1      0                         0      0        0
..................................................................


WIND (MPH)
  HIGHEST WIND SPEED    20   HIGHEST WIND DIRECTION    SE (150)
  HIGHEST GUST SPEED    26   HIGHEST GUST DIRECTION     S (190)
  AVERAGE WIND SPEED     9.0


SKY COVER
  POSSIBLE SUNSHINE  MM
  AVERAGE SKY COVER 0.2


WEATHER CONDITIONS
 THE FOLLOWING WEATHER WAS RECORDED YESTERDAY.
  NO SIGNIFICANT WEATHER WAS OBSERVED.


RELATIVE HUMIDITY (PERCENT)
 HIGHEST    61           500 AM
 LOWEST     25           300 PM
 AVERAGE    43

..........................................................


THE EAU CLAIRE WI CLIMATE NORMALS FOR TODAY
                         NORMAL    RECORD    YEAR
 MAXIMUM TEMPERATURE (F)   59        82      1987
 MINIMUM TEMPERATURE (F)   35        15      1983


SUNRISE AND SUNSET
APRIL 17 2016.........SUNRISE   617 AM CDT   SUNSET   754 PM CDT
APRIL 18 2016.........SUNRISE   615 AM CDT   SUNSET   756 PM CDT


-  INDICATES NEGATIVE NUMBERS.
R  INDICATES RECORD WAS SET OR TIED.
MM INDICATES DATA IS MISSING.
T  INDICATES TRACE AMOUNT.




$$
