000
CDUS43 KMPX 130712
CLIEAU


CLIMATE REPORT
NATIONAL WEATHER SERVICE CHANHASSEN MN
212 AM CDT SUN APR 13 2014


...................................

...THE EAU CLAIRE WI CLIMATE SUMMARY FOR APRIL 12 2014...

CLIMATE NORMAL PERIOD 1981 TO 2010
CLIMATE RECORD PERIOD 1893 TO 2014


WEATHER ITEM   OBSERVED TIME   RECORD YEAR NORMAL DEPARTURE LAST
                VALUE   (LST)  VALUE       VALUE  FROM      YEAR
                                                  NORMAL
..................................................................
TEMPERATURE (F)
 YESTERDAY
  MAXIMUM         50    214 AM  82    1931  56     -6       36
  MINIMUM         42    821 AM  15    1957  33      9       28
                                      1939
  AVERAGE         46                        44      2       32

PRECIPITATION (IN)
  YESTERDAY        0.27          1.05 1895   0.09   0.18     0.13
  MONTH TO DATE    2.27                      0.98   1.29     2.24
  SINCE MAR 1      3.00                      2.71   0.29     5.06
  SINCE JAN 1      6.20                      4.41   1.79     7.63

SNOWFALL (IN)
  YESTERDAY        0.0           7.0  1962   0.0    0.0      1.4
  MONTH TO DATE    7.6                       1.1    6.5      5.8
  SINCE MAR 1     11.6                       9.7    1.9     29.5
  SINCE JUL 1     73.3                      46.0   27.3     72.0
  SNOW DEPTH       0

DEGREE DAYS
 HEATING
  YESTERDAY       19                        21     -2       33
  MONTH TO DATE  298                       282     16      379
  SINCE MAR 1   1582                      1326    256     1648
  SINCE JUL 1   8474                      7347   1127     7507

 COOLING
  YESTERDAY        0                         0      0        0
  MONTH TO DATE    0                         0      0        0
  SINCE MAR 1      0                         0      0        0
  SINCE JAN 1      0                         0      0        0
..................................................................


WIND (MPH)
  HIGHEST WIND SPEED    20   HIGHEST WIND DIRECTION     E (100)
  HIGHEST GUST SPEED    26   HIGHEST GUST DIRECTION     E (80)
  AVERAGE WIND SPEED     9.9


SKY COVER
  POSSIBLE SUNSHINE  MM
  AVERAGE SKY COVER 1.0


WEATHER CONDITIONS
 THE FOLLOWING WEATHER WAS RECORDED YESTERDAY.
  HEAVY RAIN
  RAIN
  LIGHT RAIN
  FOG


RELATIVE HUMIDITY (PERCENT)
 HIGHEST    89           800 AM
 LOWEST     50           100 AM
 AVERAGE    70

..........................................................


THE EAU CLAIRE WI CLIMATE NORMALS FOR TODAY
                         NORMAL    RECORD    YEAR
 MAXIMUM TEMPERATURE (F)   57        80      1956
                                             1931
 MINIMUM TEMPERATURE (F)   33        12      1962


SUNRISE AND SUNSET
APRIL 13 2014.........SUNRISE   625 AM CDT   SUNSET   749 PM CDT
APRIL 14 2014.........SUNRISE   623 AM CDT   SUNSET   750 PM CDT


-  INDICATES NEGATIVE NUMBERS.
R  INDICATES RECORD WAS SET OR TIED.
MM INDICATES DATA IS MISSING.
T  INDICATES TRACE AMOUNT.




$$
