000
CDUS43 KMPX 300903
CLIEAU


CLIMATE REPORT
NATIONAL WEATHER SERVICE CHANHASSEN MN
302 AM CST THU NOV 30 2017


...................................

...THE EAU CLAIRE WI CLIMATE SUMMARY FOR NOVEMBER 29 2017...

CLIMATE NORMAL PERIOD 1981 TO 2010
CLIMATE RECORD PERIOD 1893 TO 2017


WEATHER ITEM   OBSERVED TIME   RECORD YEAR NORMAL DEPARTURE LAST
                VALUE   (LST)  VALUE       VALUE  FROM      YEAR
                                                  NORMAL
..................................................................
TEMPERATURE (F)
 YESTERDAY
  MAXIMUM         43    233 PM  61    1998  34      9       39
  MINIMUM         19    736 AM -12    1985  17      2       35
  AVERAGE         31                        25      6       37

PRECIPITATION (IN)
  YESTERDAY        0.00          1.42 1991   0.06  -0.06     0.01
  MONTH TO DATE    0.53                      1.79  -1.26     1.13
  SINCE SEP 1      6.34                      7.81  -1.47    12.05
  SINCE JAN 1     34.46                     29.93   4.53    38.88

SNOWFALL (IN)
  YESTERDAY        0.0           6.0  1919   0.3   -0.3       T
  MONTH TO DATE    1.4                       5.6   -4.2      1.7
  SINCE SEP 1      3.3                       6.0   -2.7      1.7
  SINCE JUL 1      3.3                       6.0   -2.7      1.7
  SNOW DEPTH       0

DEGREE DAYS
 HEATING
  YESTERDAY       34                        40     -6       28
  MONTH TO DATE  980                       922     58      664
  SINCE SEP 1   1570                      1667    -97     1171
  SINCE JUL 1   1613                      1706    -93     1181

 COOLING
  YESTERDAY        0                         0      0        0
  MONTH TO DATE    0                         0      0        0
  SINCE SEP 1     94                        52     42       41
  SINCE JAN 1    466                       579   -113      624
..................................................................


WIND (MPH)
  HIGHEST WIND SPEED    18   HIGHEST WIND DIRECTION     S (160)
  HIGHEST GUST SPEED    22   HIGHEST GUST DIRECTION     S (160)
  AVERAGE WIND SPEED     8.5


SKY COVER
  POSSIBLE SUNSHINE  MM
  AVERAGE SKY COVER 0.0


WEATHER CONDITIONS
 THE FOLLOWING WEATHER WAS RECORDED YESTERDAY.
  NO SIGNIFICANT WEATHER WAS OBSERVED.


RELATIVE HUMIDITY (PERCENT)
 HIGHEST    81           800 AM
 LOWEST     30           200 PM
 AVERAGE    56

..........................................................


THE EAU CLAIRE WI CLIMATE NORMALS FOR TODAY
                         NORMAL    RECORD    YEAR
 MAXIMUM TEMPERATURE (F)   33        60      1998
 MINIMUM TEMPERATURE (F)   17       -18      1964


SUNRISE AND SUNSET
NOVEMBER 30 2017......SUNRISE   723 AM CST   SUNSET   427 PM CST
DECEMBER  1 2017......SUNRISE   724 AM CST   SUNSET   426 PM CST


-  INDICATES NEGATIVE NUMBERS.
R  INDICATES RECORD WAS SET OR TIED.
MM INDICATES DATA IS MISSING.
T  INDICATES TRACE AMOUNT.




$$
