000
CDUS43 KMPX 270026
CLIEAU


CLIMATE REPORT
NATIONAL WEATHER SERVICE CHANHASSEN MN
726 PM CDT TUE AUG 26 2014


...................................

...THE EAU CLAIRE WI CLIMATE SUMMARY FOR AUGUST 26 2014...
VALID TODAY AS OF 0700 PM LOCAL TIME.

CLIMATE NORMAL PERIOD 1981 TO 2010
CLIMATE RECORD PERIOD 1893 TO 2014


WEATHER ITEM   OBSERVED TIME   RECORD YEAR NORMAL DEPARTURE LAST
                VALUE   (LST)  VALUE       VALUE  FROM      YEAR
                                                  NORMAL
..................................................................
TEMPERATURE (F)
 TODAY
  MAXIMUM         73    428 PM  97    1948  79     -6       96
  MINIMUM         56    537 AM  40    1964  57     -1       78
                                      1896
  AVERAGE         65                        68     -3       87

PRECIPITATION (IN)
  TODAY            0.00          2.89 1955   0.14  -0.14     0.00
  MONTH TO DATE    4.15                      3.82   0.33     1.09
  SINCE JUN 1     16.43                     11.83   4.60     7.59
  SINCE JAN 1     30.53                     21.47   9.06    27.64

SNOWFALL (IN)
  TODAY            0.0           0.0    MM   0.0    0.0      0.0
  MONTH TO DATE    0.0                       0.0    0.0      0.0
  SINCE JUN 1      0.0                       0.0    0.0      0.0
  SINCE JUL 1      0.0                       0.0    0.0      0.0
  SNOW DEPTH       0

DEGREE DAYS
 HEATING
  TODAY            0                         1     -1        0
  MONTH TO DATE    3                        21    -18       12
  SINCE JUN 1     46                        94    -48      101
  SINCE JUL 1     21                        32    -11       38

 COOLING
  TODAY            0                         4     -4       22
  MONTH TO DATE  159                       141     18      131
  SINCE JUN 1    431                       475    -44      463
  SINCE JAN 1    466                       507    -41      495
..................................................................


WIND (MPH)
  HIGHEST WIND SPEED    13   HIGHEST WIND DIRECTION    NW (330)
  HIGHEST GUST SPEED    16   HIGHEST GUST DIRECTION    NW (330)
  AVERAGE WIND SPEED     4.8


SKY COVER
  POSSIBLE SUNSHINE  MM
  AVERAGE SKY COVER 0.0


WEATHER CONDITIONS
 THE FOLLOWING WEATHER WAS RECORDED TODAY.
  NO SIGNIFICANT WEATHER WAS OBSERVED.


RELATIVE HUMIDITY (PERCENT)
 HIGHEST    93           300 AM
 LOWEST     49           300 PM
 AVERAGE    71

..........................................................


THE EAU CLAIRE WI CLIMATE NORMALS FOR TOMORROW
                         NORMAL    RECORD    YEAR
 MAXIMUM TEMPERATURE (F)   79        96      2013
 MINIMUM TEMPERATURE (F)   57        40      1916
                                             1915
                                             1896


SUNRISE AND SUNSET
AUGUST 26 2014........SUNRISE   621 AM CDT   SUNSET   754 PM CDT
AUGUST 27 2014........SUNRISE   622 AM CDT   SUNSET   752 PM CDT


-  INDICATES NEGATIVE NUMBERS.
R  INDICATES RECORD WAS SET OR TIED.
MM INDICATES DATA IS MISSING.
T  INDICATES TRACE AMOUNT.




$$
