000
CDUS43 KMPX 140049
CLIEAU


CLIMATE REPORT
NATIONAL WEATHER SERVICE CHANHASSEN MN
749 PM CDT WED AUG 13 2014


...................................

...THE EAU CLAIRE WI CLIMATE SUMMARY FOR AUGUST 13 2014...
VALID TODAY AS OF 0700 PM LOCAL TIME.

CLIMATE NORMAL PERIOD 1981 TO 2010
CLIMATE RECORD PERIOD 1893 TO 2014


WEATHER ITEM   OBSERVED TIME   RECORD YEAR NORMAL DEPARTURE LAST
                VALUE   (LST)  VALUE       VALUE  FROM      YEAR
                                                  NORMAL
..................................................................
TEMPERATURE (F)
 TODAY
  MAXIMUM         79    335 PM 101    1944  81     -2       75
  MINIMUM         62    610 AM  42    2004  59      3       47
  AVERAGE         71                        70      1       61

PRECIPITATION (IN)
  TODAY            T             2.35 1989   0.15  -0.15     0.00
  MONTH TO DATE    3.01                      1.95   1.06     0.39
  SINCE JUN 1     15.29                      9.96   5.33     6.89
  SINCE JAN 1     29.39                     19.60   9.79    26.94

SNOWFALL (IN)
  TODAY            0.0           0.0    MM   0.0    0.0      0.0
  MONTH TO DATE    0.0                       0.0    0.0      0.0
  SINCE JUN 1      0.0                       0.0    0.0      0.0
  SINCE JUL 1      0.0                       0.0    0.0      0.0
  SNOW DEPTH       0

DEGREE DAYS
 HEATING
  TODAY            0                         1     -1        4
  MONTH TO DATE    0                         8     -8       11
  SINCE JUN 1     43                        81    -38      100
  SINCE JUL 1     18                        19     -1       37

 COOLING
  TODAY            6                         6      0        0
  MONTH TO DATE   71                        78     -7       19
  SINCE JUN 1    343                       412    -69      351
  SINCE JAN 1    378                       444    -66      383
..................................................................


WIND (MPH)
  HIGHEST WIND SPEED    14   HIGHEST WIND DIRECTION     N (340)
  HIGHEST GUST SPEED    19   HIGHEST GUST DIRECTION    NW (330)
  AVERAGE WIND SPEED     4.8


SKY COVER
  POSSIBLE SUNSHINE  MM
  AVERAGE SKY COVER 0.4


WEATHER CONDITIONS
 THE FOLLOWING WEATHER WAS RECORDED TODAY.
  NO SIGNIFICANT WEATHER WAS OBSERVED.


RELATIVE HUMIDITY (PERCENT)
 HIGHEST    90           300 AM
 LOWEST     35           400 PM
 AVERAGE    63

..........................................................


THE EAU CLAIRE WI CLIMATE NORMALS FOR TOMORROW
                         NORMAL    RECORD    YEAR
 MAXIMUM TEMPERATURE (F)   81        95      1944
 MINIMUM TEMPERATURE (F)   59        38      1964


SUNRISE AND SUNSET
AUGUST 13 2014........SUNRISE   606 AM CDT   SUNSET   815 PM CDT
AUGUST 14 2014........SUNRISE   607 AM CDT   SUNSET   814 PM CDT


-  INDICATES NEGATIVE NUMBERS.
R  INDICATES RECORD WAS SET OR TIED.
MM INDICATES DATA IS MISSING.
T  INDICATES TRACE AMOUNT.




$$
