000
CDUS43 KMPX 300628
CLIEAU


CLIMATE REPORT
NATIONAL WEATHER SERVICE CHANHASSEN MN
1225 AM CST SAT JAN 30 2016


...................................

...THE EAU CLAIRE WI CLIMATE SUMMARY FOR JANUARY 29 2016...

CLIMATE NORMAL PERIOD 1981 TO 2010
CLIMATE RECORD PERIOD 1893 TO 2016


WEATHER ITEM   OBSERVED TIME   RECORD YEAR NORMAL DEPARTURE LAST
                VALUE   (LST)  VALUE       VALUE  FROM      YEAR
                                                  NORMAL
..................................................................
TEMPERATURE (F)
 YESTERDAY
  MAXIMUM         30   1159 PM  45    1927  24      6       34
  MINIMUM          3   1234 AM -34    1951   6     -3       12
  AVERAGE         17                        15      2       23

PRECIPITATION (IN)
  YESTERDAY        0.01          0.52 1987   0.03  -0.02      T
  MONTH TO DATE    0.44                      0.83  -0.39     0.37
  SINCE DEC 1      4.28                      1.83   2.45     1.05
  SINCE JAN 1      0.44                      0.83  -0.39     0.37

SNOWFALL (IN)
  YESTERDAY        0.2           6.3  1987   0.4   -0.4      0.0
  MONTH TO DATE    5.0                      12.4   -7.4      6.4
  SINCE DEC 1     14.4                      21.9   -7.5     12.7
  SINCE JUL 1     15.8                      28.2  -12.4     26.9
  SNOW DEPTH       5

DEGREE DAYS
 HEATING
  YESTERDAY       48                        50     -2       42
  MONTH TO DATE 1454                      1470    -16     1418
  SINCE DEC 1   2508                      2900   -392     2698
  SINCE JUL 1   3870                      4646   -776     4670

 COOLING
  YESTERDAY        0                         0      0        0
  MONTH TO DATE    0                         0      0        0
  SINCE DEC 1      0                         0      0        0
  SINCE JAN 1      0                         0      0        0
..................................................................


WIND (MPH)
  HIGHEST WIND SPEED    20   HIGHEST WIND DIRECTION     S (160)
  HIGHEST GUST SPEED    24   HIGHEST GUST DIRECTION     S (170)
  AVERAGE WIND SPEED     7.8


SKY COVER
  POSSIBLE SUNSHINE  MM
  AVERAGE SKY COVER 0.7


WEATHER CONDITIONS
 THE FOLLOWING WEATHER WAS RECORDED YESTERDAY.
  LIGHT SNOW


RELATIVE HUMIDITY (PERCENT)
 HIGHEST    88           200 AM
 LOWEST     57           200 PM
 AVERAGE    73

..........................................................


THE EAU CLAIRE WI CLIMATE NORMALS FOR TODAY
                         NORMAL    RECORD    YEAR
 MAXIMUM TEMPERATURE (F)   25        50      1896
 MINIMUM TEMPERATURE (F)    6       -45      1951


SUNRISE AND SUNSET
JANUARY 30 2016.......SUNRISE   728 AM CST   SUNSET   511 PM CST
JANUARY 31 2016.......SUNRISE   727 AM CST   SUNSET   512 PM CST


-  INDICATES NEGATIVE NUMBERS.
R  INDICATES RECORD WAS SET OR TIED.
MM INDICATES DATA IS MISSING.
T  INDICATES TRACE AMOUNT.




$$
