000
CDUS43 KMPX 070650
CLIEAU


CLIMATE REPORT
NATIONAL WEATHER SERVICE CHANHASSEN MN
150 AM CDT THU SEP 7 2017


...................................

...THE EAU CLAIRE WI CLIMATE SUMMARY FOR SEPTEMBER 6 2017...

CLIMATE NORMAL PERIOD 1981 TO 2010
CLIMATE RECORD PERIOD 1893 TO 2017


WEATHER ITEM   OBSERVED TIME   RECORD YEAR NORMAL DEPARTURE LAST
                VALUE   (LST)  VALUE       VALUE  FROM      YEAR
                                                  NORMAL
..................................................................
TEMPERATURE (F)
 YESTERDAY
  MAXIMUM         63    327 PM 100    1922  75    -12       78
  MINIMUM         41    546 AM  37    1988  53    -12       68
  AVERAGE         52                        64    -12       73

PRECIPITATION (IN)
  YESTERDAY        0.00          1.88 1899   0.12  -0.12     1.01
  MONTH TO DATE    0.21                      0.74  -0.53     1.13
  SINCE SEP 1      0.21                      0.74  -0.53     1.13
  SINCE JAN 1     28.33                     22.86   5.47    27.96

SNOWFALL (IN)
  YESTERDAY        0.0           0.0    MM   0.0    0.0      0.0
  MONTH TO DATE    0.0                       0.0    0.0      0.0
  SINCE SEP 1      0.0                       0.0    0.0      0.0
  SINCE JUL 1      0.0                       0.0    0.0      0.0
  SNOW DEPTH       0

DEGREE DAYS
 HEATING
  YESTERDAY       13                         3     10        0
  MONTH TO DATE   33                        16     17        6
  SINCE SEP 1     33                        16     17        6
  SINCE JUL 1     76                        55     21       16

 COOLING
  YESTERDAY        0                         3     -3        8
  MONTH TO DATE    1                        18    -17       20
  SINCE SEP 1      1                        18    -17       20
  SINCE JAN 1    373                       545   -172      603
..................................................................


WIND (MPH)
  HIGHEST WIND SPEED    14   HIGHEST WIND DIRECTION     N (10)
  HIGHEST GUST SPEED    17   HIGHEST GUST DIRECTION     N (360)
  AVERAGE WIND SPEED     4.0


SKY COVER
  POSSIBLE SUNSHINE  MM
  AVERAGE SKY COVER 0.4


WEATHER CONDITIONS
 THE FOLLOWING WEATHER WAS RECORDED YESTERDAY.
  NO SIGNIFICANT WEATHER WAS OBSERVED.


RELATIVE HUMIDITY (PERCENT)
 HIGHEST    96           500 AM
 LOWEST     60           100 PM
 AVERAGE    78

..........................................................


THE EAU CLAIRE WI CLIMATE NORMALS FOR TODAY
                         NORMAL    RECORD    YEAR
 MAXIMUM TEMPERATURE (F)   75        97      1978
 MINIMUM TEMPERATURE (F)   53        34      1956


SUNRISE AND SUNSET
SEPTEMBER  7 2017.....SUNRISE   636 AM CDT   SUNSET   731 PM CDT
SEPTEMBER  8 2017.....SUNRISE   637 AM CDT   SUNSET   729 PM CDT


-  INDICATES NEGATIVE NUMBERS.
R  INDICATES RECORD WAS SET OR TIED.
MM INDICATES DATA IS MISSING.
T  INDICATES TRACE AMOUNT.




$$
