000
CDUS43 KMPX 040640
CLIEAU


CLIMATE REPORT
NATIONAL WEATHER SERVICE CHANHASSEN MN
1239 AM CST SUN FEB 4 2018


...................................

...THE EAU CLAIRE WI CLIMATE SUMMARY FOR FEBRUARY 3 2018...

CLIMATE NORMAL PERIOD 1981 TO 2010
CLIMATE RECORD PERIOD 1893 TO 2018


WEATHER ITEM   OBSERVED TIME   RECORD YEAR NORMAL DEPARTURE LAST
                VALUE   (LST)  VALUE       VALUE  FROM      YEAR
                                                  NORMAL
..................................................................
TEMPERATURE (F)
 YESTERDAY
  MAXIMUM         22    144 PM  47    1991  25     -3       18
                                      1934
                                      1928
  MINIMUM          7    312 AM -34    1912   6      1       -3
  AVERAGE         15                        16     -1        8

PRECIPITATION (IN)
  YESTERDAY        0.17          0.60 1919   0.03   0.14     0.00
  MONTH TO DATE    0.18                      0.08   0.10      T
  SINCE DEC 1      2.35                      1.97   0.38     4.45
  SINCE JAN 1      1.44                      0.97   0.47     2.35

SNOWFALL (IN)
  YESTERDAY        3.1           5.0  1976   0.3    2.8      0.0
  MONTH TO DATE    3.4                       1.0    2.4       T
  SINCE DEC 1     25.9                      23.7    2.2     36.5
  SINCE JUL 1     29.2                      30.0   -0.8     38.2
  SNOW DEPTH       6

DEGREE DAYS
 HEATING
  YESTERDAY       50                        49      1       57
  MONTH TO DATE  180                       148     32      164
  SINCE DEC 1   3269                      3146    123     3029
  SINCE JUL 1   4910                      4892     18     4238

 COOLING
  YESTERDAY        0                         0      0        0
  MONTH TO DATE    0                         0      0        0
  SINCE DEC 1      0                         0      0        0
  SINCE JAN 1      0                         0      0        0
..................................................................


WIND (MPH)
  HIGHEST WIND SPEED    15   HIGHEST WIND DIRECTION     N (10)
  HIGHEST GUST SPEED    23   HIGHEST GUST DIRECTION     N (350)
  AVERAGE WIND SPEED     6.9


SKY COVER
  POSSIBLE SUNSHINE  MM
  AVERAGE SKY COVER 1.0


WEATHER CONDITIONS
 THE FOLLOWING WEATHER WAS RECORDED YESTERDAY.
  SNOW
  LIGHT SNOW
  FOG
  HAZE


RELATIVE HUMIDITY (PERCENT)
 HIGHEST    92          1100 AM
 LOWEST     76           600 AM
 AVERAGE    84

..........................................................


THE EAU CLAIRE WI CLIMATE NORMALS FOR TODAY
                         NORMAL    RECORD    YEAR
 MAXIMUM TEMPERATURE (F)   26        51      2005
 MINIMUM TEMPERATURE (F)    7       -30      1895


SUNRISE AND SUNSET
FEBRUARY  4 2018......SUNRISE   722 AM CST   SUNSET   519 PM CST
FEBRUARY  5 2018......SUNRISE   720 AM CST   SUNSET   520 PM CST


-  INDICATES NEGATIVE NUMBERS.
R  INDICATES RECORD WAS SET OR TIED.
MM INDICATES DATA IS MISSING.
T  INDICATES TRACE AMOUNT.




$$
