000
CDUS43 KMPX 040026
CLIEAU


CLIMATE REPORT
NATIONAL WEATHER SERVICE CHANHASSEN MN
726 PM CDT THU JUL 3 2014


...................................

...THE EAU CLAIRE WI CLIMATE SUMMARY FOR JULY 3 2014...
VALID TODAY AS OF 0700 PM LOCAL TIME.

CLIMATE NORMAL PERIOD 1981 TO 2010
CLIMATE RECORD PERIOD 1893 TO 2014


WEATHER ITEM   OBSERVED TIME   RECORD YEAR NORMAL DEPARTURE LAST
                VALUE   (LST)  VALUE       VALUE  FROM      YEAR
                                                  NORMAL
..................................................................
TEMPERATURE (F)
 TODAY
  MAXIMUM         77    339 PM 100    1949  83     -6       82
                                      1990
  MINIMUM         47    457 AM  46    1968  60    -13       53
                                      1972
  AVERAGE         62                        71     -9       68

PRECIPITATION (IN)
  TODAY            0.00          2.50 1977   0.13  -0.13     0.00
  MONTH TO DATE    0.06                      0.38  -0.32     0.00
  SINCE JUN 1      9.90                      4.51   5.39     5.86
  SINCE JAN 1     24.00                     14.15   9.85    25.91

SNOWFALL (IN)
  TODAY            0.0           0.0    MM   0.0    0.0      0.0
  MONTH TO DATE    0.0                       0.0    0.0      0.0
  SINCE JUN 1      0.0                       0.0    0.0      0.0
  SINCE JUL 1      0.0                       0.0    0.0      0.0
  SNOW DEPTH       0

DEGREE DAYS
 HEATING
  TODAY            3                         0      3        0
  MONTH TO DATE    6                         2      4        0
  SINCE JUN 1     31                        64    -33       63
  SINCE JUL 1      6                         2      4        0

 COOLING
  TODAY            0                         7     -7        3
  MONTH TO DATE    3                        20    -17        9
  SINCE JUN 1    137                       140     -3       99
  SINCE JAN 1    172                       172      0      131
..................................................................


WIND (MPH)
  HIGHEST WIND SPEED    14   HIGHEST WIND DIRECTION    NW (310)
  HIGHEST GUST SPEED    20   HIGHEST GUST DIRECTION     N (360)
  AVERAGE WIND SPEED     4.1


SKY COVER
  POSSIBLE SUNSHINE  MM
  AVERAGE SKY COVER 0.3


WEATHER CONDITIONS
 THE FOLLOWING WEATHER WAS RECORDED TODAY.
  FOG


RELATIVE HUMIDITY (PERCENT)
 HIGHEST   100           400 AM
 LOWEST     33           300 PM
 AVERAGE    67

..........................................................


THE EAU CLAIRE WI CLIMATE NORMALS FOR TOMORROW
                         NORMAL    RECORD    YEAR
 MAXIMUM TEMPERATURE (F)   83        98      2012
 MINIMUM TEMPERATURE (F)   60        42      1972


SUNRISE AND SUNSET
JULY  3 2014..........SUNRISE   525 AM CDT   SUNSET   855 PM CDT
JULY  4 2014..........SUNRISE   525 AM CDT   SUNSET   855 PM CDT


-  INDICATES NEGATIVE NUMBERS.
R  INDICATES RECORD WAS SET OR TIED.
MM INDICATES DATA IS MISSING.
T  INDICATES TRACE AMOUNT.




$$
