839
CDUS43 KMPX 150718
CLIEAU


CLIMATE REPORT
NATIONAL WEATHER SERVICE CHANHASSEN MN
217 AM CDT SAT JUL 15 2017


...................................

...THE EAU CLAIRE WI CLIMATE SUMMARY FOR JULY 14 2017...

CLIMATE NORMAL PERIOD 1981 TO 2010
CLIMATE RECORD PERIOD 1893 TO 2017


WEATHER ITEM   OBSERVED TIME   RECORD YEAR NORMAL DEPARTURE LAST
                VALUE   (LST)  VALUE       VALUE  FROM      YEAR
                                                  NORMAL
..................................................................
TEMPERATURE (F)
 YESTERDAY
  MAXIMUM         75    358 PM 111    1936  83     -8       73
  MINIMUM         57    628 AM  46    1930  61     -4       61
  AVERAGE         66                        72     -6       67

PRECIPITATION (IN)
  YESTERDAY        0.00          2.16 1969   0.12  -0.12      T
  MONTH TO DATE    2.51                      1.75   0.76     2.25
  SINCE JUN 1      7.82                      5.88   1.94     8.54
  SINCE JAN 1     22.32                     15.52   6.80    20.73

SNOWFALL (IN)
  YESTERDAY        0.0           0.0    MM   0.0    0.0      0.0
  MONTH TO DATE    0.0                       0.0    0.0      0.0
  SINCE JUN 1      0.0                       0.0    0.0      0.0
  SINCE JUL 1      0.0                       0.0    0.0      0.0
  SNOW DEPTH       0

DEGREE DAYS
 HEATING
  YESTERDAY        0                         0      0        0
  MONTH TO DATE    1                         0      1        4
  SINCE JUN 1     38                        62    -24       36
  SINCE JUL 1      1                         0      1        4

 COOLING
  YESTERDAY        1                         7     -6        2
  MONTH TO DATE   85                        97    -12       77
  SINCE JUN 1    192                       217    -25      203
  SINCE JAN 1    200                       249    -49      243
..................................................................


WIND (MPH)
  HIGHEST WIND SPEED    10   HIGHEST WIND DIRECTION    SW (230)
  HIGHEST GUST SPEED    13   HIGHEST GUST DIRECTION     W (280)
  AVERAGE WIND SPEED     5.8


SKY COVER
  POSSIBLE SUNSHINE  MM
  AVERAGE SKY COVER 0.6


WEATHER CONDITIONS
 THE FOLLOWING WEATHER WAS RECORDED YESTERDAY.
  NO SIGNIFICANT WEATHER WAS OBSERVED.


RELATIVE HUMIDITY (PERCENT)
 HIGHEST    90          1100 PM
 LOWEST     53           100 PM
 AVERAGE    72

..........................................................


THE EAU CLAIRE WI CLIMATE NORMALS FOR TODAY
                         NORMAL    RECORD    YEAR
 MAXIMUM TEMPERATURE (F)   83       104      1988
 MINIMUM TEMPERATURE (F)   61        47      1930


SUNRISE AND SUNSET
JULY 15 2017..........SUNRISE   534 AM CDT   SUNSET   849 PM CDT
JULY 16 2017..........SUNRISE   535 AM CDT   SUNSET   848 PM CDT


-  INDICATES NEGATIVE NUMBERS.
R  INDICATES RECORD WAS SET OR TIED.
MM INDICATES DATA IS MISSING.
T  INDICATES TRACE AMOUNT.




$$
