000
CDUS43 KMPX 020636
CLIEAU


CLIMATE REPORT
NATIONAL WEATHER SERVICE CHANHASSEN MN
1234 AM CST MON JAN 2 2017


...................................

...THE EAU CLAIRE WI CLIMATE SUMMARY FOR JANUARY 1 2017...

CLIMATE NORMAL PERIOD 1981 TO 2010
CLIMATE RECORD PERIOD 1893 TO 2017


WEATHER ITEM   OBSERVED TIME   RECORD YEAR NORMAL DEPARTURE LAST
                VALUE   (LST)  VALUE       VALUE  FROM      YEAR
                                                  NORMAL
..................................................................
TEMPERATURE (F)
 YESTERDAY
  MAXIMUM         29    214 PM  47    1897  24      5       27
  MINIMUM         20    826 AM -25    1974   7     13       15
  AVERAGE         25                        15     10       21

PRECIPITATION (IN)
  YESTERDAY        0.00          0.40 1897   0.03  -0.03      T
  MONTH TO DATE    0.00                      0.03  -0.03      T
  SINCE DEC 1      2.04                      1.03   1.01     3.84
  SINCE JAN 1      0.00                      0.03  -0.03      T

SNOWFALL (IN)
  YESTERDAY        0.0           4.0  1932   0.4   -0.4      0.1
  MONTH TO DATE    0.0                       0.4   -0.4      0.1
  SINCE DEC 1     19.2                       9.9    9.3      9.5
  SINCE JUL 1     20.9                      16.2    4.7     10.9
  SNOW DEPTH       3

DEGREE DAYS
 HEATING
  YESTERDAY       40                        50    -10       44
  MONTH TO DATE   40                        50    -10       44
  SINCE DEC 1   1451                      1480    -29     1098
  SINCE JUL 1   2660                      3226   -566     2460

 COOLING
  YESTERDAY        0                         0      0        0
  MONTH TO DATE    0                         0      0        0
  SINCE DEC 1      0                         0      0        0
  SINCE JAN 1      0                         0      0        0
..................................................................


WIND (MPH)
  HIGHEST WIND SPEED    15   HIGHEST WIND DIRECTION     S (200)
  HIGHEST GUST SPEED    19   HIGHEST GUST DIRECTION     S (200)
  AVERAGE WIND SPEED     5.9


SKY COVER
  POSSIBLE SUNSHINE  MM
  AVERAGE SKY COVER 0.5


WEATHER CONDITIONS
 THE FOLLOWING WEATHER WAS RECORDED YESTERDAY.
  NO SIGNIFICANT WEATHER WAS OBSERVED.


RELATIVE HUMIDITY (PERCENT)
 HIGHEST    81           900 AM
 LOWEST     63           200 PM
 AVERAGE    72

..........................................................


THE EAU CLAIRE WI CLIMATE NORMALS FOR TODAY
                         NORMAL    RECORD    YEAR
 MAXIMUM TEMPERATURE (F)   23        54      1897
 MINIMUM TEMPERATURE (F)    6       -28      1979


SUNRISE AND SUNSET
JANUARY  2 2017.......SUNRISE   744 AM CST   SUNSET   437 PM CST
JANUARY  3 2017.......SUNRISE   744 AM CST   SUNSET   438 PM CST


-  INDICATES NEGATIVE NUMBERS.
R  INDICATES RECORD WAS SET OR TIED.
MM INDICATES DATA IS MISSING.
T  INDICATES TRACE AMOUNT.




$$
