000
CDUS43 KMPX 310825
CLIEAU


CLIMATE REPORT
NATIONAL WEATHER SERVICE CHANHASSEN MN
322 AM CDT MON AUG 31 2015


...................................

...THE EAU CLAIRE WI CLIMATE SUMMARY FOR AUGUST 30 2015...

CLIMATE NORMAL PERIOD 1981 TO 2010
CLIMATE RECORD PERIOD 1893 TO 2015


WEATHER ITEM   OBSERVED TIME   RECORD YEAR NORMAL DEPARTURE LAST
                VALUE   (LST)  VALUE       VALUE  FROM      YEAR
                                                  NORMAL
..................................................................
TEMPERATURE (F)
 YESTERDAY
  MAXIMUM         77    334 PM  97    2012  78     -1       74
                                      1941
  MINIMUM         54    527 AM  36    1915  56     -2       57
  AVERAGE         66                        67     -1       66

PRECIPITATION (IN)
  YESTERDAY        0.00          2.04 1962   0.13  -0.13     0.17
  MONTH TO DATE    7.19                      4.34   2.85     5.74
  SINCE JUN 1     18.11                     12.35   5.76    18.02
  SINCE JAN 1     27.56                     21.99   5.57    32.12

SNOWFALL (IN)
  YESTERDAY        0.0           0.0    MM   0.0    0.0      0.0
  MONTH TO DATE    0.0                       0.0    0.0      0.0
  SINCE JUN 1      0.0                       0.0    0.0      0.0
  SINCE JUL 1      0.0                       0.0    0.0      0.0
  SNOW DEPTH       0

DEGREE DAYS
 HEATING
  YESTERDAY        0                         2     -2        0
  MONTH TO DATE   39                        28     11        5
  SINCE JUN 1     83                       101    -18       48
  SINCE JUL 1     55                        39     16       23

 COOLING
  YESTERDAY        1                         4     -3        1
  MONTH TO DATE  117                       157    -40      166
  SINCE JUN 1    379                       491   -112      438
  SINCE JAN 1    397                       523   -126      473
..................................................................


WIND (MPH)
  HIGHEST WIND SPEED    16   HIGHEST WIND DIRECTION     S (190)
  HIGHEST GUST SPEED    20   HIGHEST GUST DIRECTION     S (190)
  AVERAGE WIND SPEED     6.6


SKY COVER
  POSSIBLE SUNSHINE  MM
  AVERAGE SKY COVER 0.1


WEATHER CONDITIONS
 THE FOLLOWING WEATHER WAS RECORDED YESTERDAY.
  FOG


RELATIVE HUMIDITY (PERCENT)
 HIGHEST   100           300 AM
 LOWEST     64           200 PM
 AVERAGE    82

..........................................................


THE EAU CLAIRE WI CLIMATE NORMALS FOR TODAY
                         NORMAL    RECORD    YEAR
 MAXIMUM TEMPERATURE (F)   77        97      1898
 MINIMUM TEMPERATURE (F)   56        38      1967


SUNRISE AND SUNSET
AUGUST 31 2015........SUNRISE   627 AM CDT   SUNSET   745 PM CDT
SEPTEMBER  1 2015.....SUNRISE   628 AM CDT   SUNSET   743 PM CDT


-  INDICATES NEGATIVE NUMBERS.
R  INDICATES RECORD WAS SET OR TIED.
MM INDICATES DATA IS MISSING.
T  INDICATES TRACE AMOUNT.




$$
