000
CDUS43 KMPX 122149
CLIEAU


CLIMATE REPORT
NATIONAL WEATHER SERVICE CHANHASSEN MN
447 PM CDT TUE JUL 12 2016


...................................

...THE EAU CLAIRE WI CLIMATE SUMMARY FOR JULY 12 2016...
VALID AS OF 0400 PM LOCAL TIME.

CLIMATE NORMAL PERIOD 1981 TO 2010
CLIMATE RECORD PERIOD 1893 TO 2016


WEATHER ITEM   OBSERVED TIME   RECORD YEAR NORMAL DEPARTURE LAST
                VALUE   (LST)  VALUE       VALUE  FROM      YEAR
                                                  NORMAL
..................................................................
TEMPERATURE (F)
 TODAY
  MAXIMUM         83    245 PM 110    1936  83      0       88
  MINIMUM         66    230 AM  43    1941  61      5       65
  AVERAGE         75                        72      3       77

PRECIPITATION (IN)
  TODAY            0.23          2.58 1912   0.12   0.11     0.11
  MONTH TO DATE    2.24                      1.51   0.73     2.19
  SINCE JUN 1      8.53                      5.64   2.89     7.02
  SINCE JAN 1     20.72                     15.28   5.44    16.47

SNOWFALL (IN)
  TODAY            0.0           0.0    MM   0.0    0.0      0.0
  MONTH TO DATE    0.0                       0.0    0.0      0.0
  SINCE JUN 1      0.0                       0.0    0.0      0.0
  SINCE JUL 1      0.0                       0.0    0.0      0.0
  SNOW DEPTH       0

DEGREE DAYS
 HEATING
  TODAY            0                         0      0        0
  MONTH TO DATE    4                         2      2       16
  SINCE JUN 1     36                        64    -28       44
  SINCE JUL 1      4                         2      2       16

 COOLING
  TODAY           10                         7      3       12
  MONTH TO DATE   63                        83    -20       42
  SINCE JUN 1    189                       203    -14      124
  SINCE JAN 1    229                       235     -6      142
..................................................................


WIND (MPH)
  HIGHEST WIND SPEED    46   HIGHEST WIND DIRECTION    SW (230)
  HIGHEST GUST SPEED    71   HIGHEST GUST DIRECTION    SW (220)
  AVERAGE WIND SPEED    11.9


SKY COVER
  POSSIBLE SUNSHINE  MM
  AVERAGE SKY COVER 0.4


WEATHER CONDITIONS
 THE FOLLOWING WEATHER WAS RECORDED TODAY.
  THUNDERSTORM
  HEAVY RAIN
  RAIN
  LIGHT RAIN
  FOG


RELATIVE HUMIDITY (PERCENT)
 HIGHEST   100           200 AM
 LOWEST     46           300 PM
 AVERAGE    73

..........................................................


THE EAU CLAIRE WI CLIMATE NORMALS FOR TOMORROW
                         NORMAL    RECORD    YEAR
 MAXIMUM TEMPERATURE (F)   83       111      1936
 MINIMUM TEMPERATURE (F)   61        43      1975


SUNRISE AND SUNSET
JULY 12 2016..........SUNRISE   532 AM CDT   SUNSET   851 PM CDT
JULY 13 2016..........SUNRISE   533 AM CDT   SUNSET   850 PM CDT


-  INDICATES NEGATIVE NUMBERS.
R  INDICATES RECORD WAS SET OR TIED.
MM INDICATES DATA IS MISSING.
T  INDICATES TRACE AMOUNT.




$$
