233
CDUS43 KMPX 220105
CLIEAU


CLIMATE REPORT
NATIONAL WEATHER SERVICE CHANHASSEN MN
802 PM CDT SAT MAY 21 2016


...................................

...THE EAU CLAIRE WI CLIMATE SUMMARY FOR MAY 21 2016...
VALID TODAY AS OF 0800 PM LOCAL TIME.

CLIMATE NORMAL PERIOD 1981 TO 2010
CLIMATE RECORD PERIOD 1893 TO 2016


WEATHER ITEM   OBSERVED TIME   RECORD YEAR NORMAL DEPARTURE LAST
                VALUE   (LST)  VALUE       VALUE  FROM      YEAR
                                                  NORMAL
..................................................................
TEMPERATURE (F)
 TODAY
  MAXIMUM         81    414 PM  89    1994  71     10       74
                                      1992
                                      1988
  MINIMUM         44    405 AM  31    1997  47     -3       40
                                      1895
  AVERAGE         63                        59      4       57

PRECIPITATION (IN)
  TODAY            0.00          1.62 2001   0.11  -0.11     0.00
  MONTH TO DATE    0.97                      2.29  -1.32     2.55
  SINCE MAR 1      8.19                      6.77   1.42     6.02
  SINCE JAN 1      9.35                      8.47   0.88     6.61

SNOWFALL (IN)
  TODAY            0.0           0.0    MM   0.0    0.0      0.0
  MONTH TO DATE    0.0                       0.2   -0.2      0.0
  SINCE MAR 1     13.9                      10.7    3.2      7.3
  SINCE JUL 1     38.0                      47.0   -9.0     38.1
  SNOW DEPTH       0

DEGREE DAYS
 HEATING
  TODAY            2                         7     -5        8
  MONTH TO DATE  245                       199     46      187
  SINCE MAR 1   1633                      1819   -186     1698
  SINCE JUL 1   6811                      7839  -1028     8051

 COOLING
  TODAY            0                         1     -1        0
  MONTH TO DATE    3                        15    -12       10
  SINCE MAR 1      7                        19    -12       10
  SINCE JAN 1      7                        19    -12       10
..................................................................


WIND (MPH)
  HIGHEST WIND SPEED    10   HIGHEST WIND DIRECTION    NE (50)
  HIGHEST GUST SPEED    20   HIGHEST GUST DIRECTION     W (270)
  AVERAGE WIND SPEED     3.0


SKY COVER
  POSSIBLE SUNSHINE  MM
  AVERAGE SKY COVER 0.0


WEATHER CONDITIONS
 THE FOLLOWING WEATHER WAS RECORDED TODAY.
  FOG


RELATIVE HUMIDITY (PERCENT)
 HIGHEST    93           300 AM
 LOWEST     17           300 PM
 AVERAGE    55

..........................................................


THE EAU CLAIRE WI CLIMATE NORMALS FOR TOMORROW
                         NORMAL    RECORD    YEAR
 MAXIMUM TEMPERATURE (F)   72        96      1925
 MINIMUM TEMPERATURE (F)   47        31      1967


SUNRISE AND SUNSET
MAY 21 2016...........SUNRISE   531 AM CDT   SUNSET   835 PM CDT
MAY 22 2016...........SUNRISE   530 AM CDT   SUNSET   836 PM CDT


-  INDICATES NEGATIVE NUMBERS.
R  INDICATES RECORD WAS SET OR TIED.
MM INDICATES DATA IS MISSING.
T  INDICATES TRACE AMOUNT.




$$
