000
CDUS43 KMPX 160641
CLIEAU


CLIMATE REPORT
NATIONAL WEATHER SERVICE CHANHASSEN MN
1241 AM CST THU FEB 16 2017


...................................

...THE EAU CLAIRE WI CLIMATE SUMMARY FOR FEBRUARY 15 2017...

CLIMATE NORMAL PERIOD 1981 TO 2010
CLIMATE RECORD PERIOD 1893 TO 2017


WEATHER ITEM   OBSERVED TIME   RECORD YEAR NORMAL DEPARTURE LAST
                VALUE   (LST)  VALUE       VALUE  FROM      YEAR
                                                  NORMAL
..................................................................
TEMPERATURE (F)
 YESTERDAY
  MAXIMUM         29    827 PM  58    1921  29      0       26
  MINIMUM         18    804 AM -25    1905  10      8       14
  AVERAGE         24                        19      5       20

PRECIPITATION (IN)
  YESTERDAY        0.00          0.50 1967   0.03  -0.03      T
  MONTH TO DATE    0.01                      0.41  -0.40     0.45
  SINCE DEC 1      4.46                      2.30   2.16     4.71
  SINCE JAN 1      2.36                      1.30   1.06     0.87

SNOWFALL (IN)
  YESTERDAY        0.0           5.6  1967   0.3   -0.3       T
  MONTH TO DATE    T                         4.2   -4.2      7.7
  SINCE DEC 1     36.5                      26.9    9.6     22.3
  SINCE JUL 1     38.2                      33.2    5.0     23.7
  SNOW DEPTH       1

DEGREE DAYS
 HEATING
  YESTERDAY       41                        46     -5       45
  MONTH TO DATE  662                       717    -55      768
  SINCE DEC 1   3527                      3715   -188     3337
  SINCE JUL 1   4736                      5461   -725     4699

 COOLING
  YESTERDAY        0                         0      0        0
  MONTH TO DATE    0                         0      0        0
  SINCE DEC 1      0                         0      0        0
  SINCE JAN 1      0                         0      0        0
..................................................................


WIND (MPH)
  HIGHEST WIND SPEED    15   HIGHEST WIND DIRECTION    NW (320)
  HIGHEST GUST SPEED    20   HIGHEST GUST DIRECTION    NW (320)
  AVERAGE WIND SPEED     6.4


SKY COVER
  POSSIBLE SUNSHINE  MM
  AVERAGE SKY COVER 0.5


WEATHER CONDITIONS
 THE FOLLOWING WEATHER WAS RECORDED YESTERDAY.
  NO SIGNIFICANT WEATHER WAS OBSERVED.


RELATIVE HUMIDITY (PERCENT)
 HIGHEST    74          1100 PM
 LOWEST     46           100 PM
 AVERAGE    60

..........................................................


THE EAU CLAIRE WI CLIMATE NORMALS FOR TODAY
                         NORMAL    RECORD    YEAR
 MAXIMUM TEMPERATURE (F)   29        58      1931
                                             1921
 MINIMUM TEMPERATURE (F)   10       -33      1936


SUNRISE AND SUNSET
FEBRUARY 16 2017......SUNRISE   705 AM CST   SUNSET   536 PM CST
FEBRUARY 17 2017......SUNRISE   703 AM CST   SUNSET   537 PM CST


-  INDICATES NEGATIVE NUMBERS.
R  INDICATES RECORD WAS SET OR TIED.
MM INDICATES DATA IS MISSING.
T  INDICATES TRACE AMOUNT.




$$
