000
CDUS43 KMPX 260622
CLIEAU


CLIMATE REPORT
NATIONAL WEATHER SERVICE CHANHASSEN MN
121 AM CDT TUE AUG 26 2014


...................................

...THE EAU CLAIRE WI CLIMATE SUMMARY FOR AUGUST 25 2014...

CLIMATE NORMAL PERIOD 1981 TO 2010
CLIMATE RECORD PERIOD 1893 TO 2014


WEATHER ITEM   OBSERVED TIME   RECORD YEAR NORMAL DEPARTURE LAST
                VALUE   (LST)  VALUE       VALUE  FROM      YEAR
                                                  NORMAL
..................................................................
TEMPERATURE (F)
 YESTERDAY
  MAXIMUM         86    231 PM  99    1948  79      7       95
  MINIMUM         63   1159 PM  40    2008  57      6       77
                                      1958
  AVERAGE         75                        68      7       86

PRECIPITATION (IN)
  YESTERDAY        T             1.61 1932   0.13  -0.13     0.00
  MONTH TO DATE    4.15                      3.68   0.47     1.09
  SINCE JUN 1     16.43                     11.69   4.74     7.59
  SINCE JAN 1     30.53                     21.33   9.20    27.64

SNOWFALL (IN)
  YESTERDAY        0.0           0.0    MM   0.0    0.0      0.0
  MONTH TO DATE    0.0                       0.0    0.0      0.0
  SINCE JUN 1      0.0                       0.0    0.0      0.0
  SINCE JUL 1      0.0                       0.0    0.0      0.0
  SNOW DEPTH       0

DEGREE DAYS
 HEATING
  YESTERDAY        0                         1     -1        0
  MONTH TO DATE    3                        20    -17       12
  SINCE JUN 1     46                        93    -47      101
  SINCE JUL 1     21                        31    -10       38

 COOLING
  YESTERDAY       10                         4      6       21
  MONTH TO DATE  159                       137     22      109
  SINCE JUN 1    431                       471    -40      441
  SINCE JAN 1    466                       503    -37      473
..................................................................


WIND (MPH)
  HIGHEST WIND SPEED    17   HIGHEST WIND DIRECTION     W (250)
  HIGHEST GUST SPEED    23   HIGHEST GUST DIRECTION     W (260)
  AVERAGE WIND SPEED     7.3


SKY COVER
  POSSIBLE SUNSHINE  MM
  AVERAGE SKY COVER 0.2


WEATHER CONDITIONS
 THE FOLLOWING WEATHER WAS RECORDED YESTERDAY.
  THUNDERSTORM
  RAIN
  FOG
  FOG W/VISIBILITY <= 1/4 MILE


RELATIVE HUMIDITY (PERCENT)
 HIGHEST   100           300 AM
 LOWEST     48           400 PM
 AVERAGE    74

..........................................................


THE EAU CLAIRE WI CLIMATE NORMALS FOR TODAY
                         NORMAL    RECORD    YEAR
 MAXIMUM TEMPERATURE (F)   79        97      1948
 MINIMUM TEMPERATURE (F)   57        40      1964
                                             1896


SUNRISE AND SUNSET
AUGUST 26 2014........SUNRISE   621 AM CDT   SUNSET   754 PM CDT
AUGUST 27 2014........SUNRISE   622 AM CDT   SUNSET   752 PM CDT


-  INDICATES NEGATIVE NUMBERS.
R  INDICATES RECORD WAS SET OR TIED.
MM INDICATES DATA IS MISSING.
T  INDICATES TRACE AMOUNT.




$$
