000
CDUS43 KMPX 212236
CLIEAU


CLIMATE REPORT
NATIONAL WEATHER SERVICE CHANHASSEN MN
436 PM CST SAT FEB 21 2015


...................................

...THE EAU CLAIRE WI CLIMATE SUMMARY FOR FEBRUARY 21 2015...
VALID AS OF 0400 PM LOCAL TIME.

CLIMATE NORMAL PERIOD 1981 TO 2010
CLIMATE RECORD PERIOD 1893 TO 2015


WEATHER ITEM   OBSERVED TIME   RECORD YEAR NORMAL DEPARTURE LAST
                VALUE   (LST)  VALUE       VALUE  FROM      YEAR
                                                  NORMAL
..................................................................
TEMPERATURE (F)
 TODAY
  MAXIMUM         20    359 PM  60    1930  31    -11       31
  MINIMUM         16    608 AM -23    1936  12      4       11
  AVERAGE         18                        22     -4       21

PRECIPITATION (IN)
  TODAY            T             0.37 1981   0.03  -0.03     0.05
  MONTH TO DATE    0.22                      0.58  -0.36     1.39
  SINCE DEC 1      1.27                      2.47  -1.20     4.50
  SINCE JAN 1      0.59                      1.47  -0.88     2.97

SNOWFALL (IN)
  TODAY            T             4.0  2002   0.3   -0.3      1.0
  MONTH TO DATE    3.9                       5.6   -1.7     12.9
  SINCE DEC 1     16.6                      28.3  -11.7     56.7
  SINCE JUL 1     30.8                      34.6   -3.8     58.9
  SNOW DEPTH       4

DEGREE DAYS
 HEATING
  TODAY           47                        43      4       44
  MONTH TO DATE 1158                       983    175     1208
  SINCE DEC 1   3951                      3981    -30     4704
  SINCE JUL 1   5923                      5727    196     6449

 COOLING
  TODAY            0                         0      0        0
  MONTH TO DATE    0                         0      0        0
  SINCE DEC 1      0                         0      0        0
  SINCE JAN 1      0                         0      0        0
..................................................................


WIND (MPH)
  HIGHEST WIND SPEED    16   HIGHEST WIND DIRECTION    NW (330)
  HIGHEST GUST SPEED    20   HIGHEST GUST DIRECTION    NW (320)
  AVERAGE WIND SPEED     4.4


SKY COVER
  POSSIBLE SUNSHINE  MM
  AVERAGE SKY COVER 1.0


WEATHER CONDITIONS
 THE FOLLOWING WEATHER WAS RECORDED TODAY.
  LIGHT SNOW
  HAZE


RELATIVE HUMIDITY (PERCENT)
 HIGHEST    88           600 AM
 LOWEST     56           200 PM
 AVERAGE    72

..........................................................


THE EAU CLAIRE WI CLIMATE NORMALS FOR TOMORROW
                         NORMAL    RECORD    YEAR
 MAXIMUM TEMPERATURE (F)   31        57      1930
 MINIMUM TEMPERATURE (F)   13       -25      1936


SUNRISE AND SUNSET
FEBRUARY 21 2015......SUNRISE   657 AM CST   SUNSET   542 PM CST
FEBRUARY 22 2015......SUNRISE   656 AM CST   SUNSET   544 PM CST


-  INDICATES NEGATIVE NUMBERS.
R  INDICATES RECORD WAS SET OR TIED.
MM INDICATES DATA IS MISSING.
T  INDICATES TRACE AMOUNT.




$$
