000
CDUS43 KMPX 150632
CLIEAU


CLIMATE REPORT
NATIONAL WEATHER SERVICE CHANHASSEN MN
132 AM CDT FRI MAY 15 2015


...................................

...THE EAU CLAIRE WI CLIMATE SUMMARY FOR MAY 14 2015...

CLIMATE NORMAL PERIOD 1981 TO 2010
CLIMATE RECORD PERIOD 1893 TO 2015


WEATHER ITEM   OBSERVED TIME   RECORD YEAR NORMAL DEPARTURE LAST
                VALUE   (LST)  VALUE       VALUE  FROM      YEAR
                                                  NORMAL
..................................................................
TEMPERATURE (F)
 YESTERDAY
  MAXIMUM         61    218 PM  95    1932  69     -8       59
  MINIMUM         47    552 AM  25    1895  45      2       36
  AVERAGE         54                        57     -3       48

PRECIPITATION (IN)
  YESTERDAY        0.47          2.00 1905   0.10   0.37     0.00
  MONTH TO DATE    2.23                      1.50   0.73     1.74
  SINCE MAR 1      5.70                      5.98  -0.28     8.56
  SINCE JAN 1      6.29                      7.68  -1.39    11.76

SNOWFALL (IN)
  YESTERDAY        0.0           0.0    MM   0.0    0.0      0.0
  MONTH TO DATE    0.0                       0.2   -0.2      0.0
  SINCE MAR 1      7.3                      10.7   -3.4     13.1
  SINCE JUL 1     38.1                      47.0   -8.9     74.8
  SNOW DEPTH       0

DEGREE DAYS
 HEATING
  YESTERDAY       11                         9      2       17
  MONTH TO DATE  113                       146    -33      162
  SINCE MAR 1   1624                      1766   -142     2156
  SINCE JUL 1   7977                      7787    190     9048

 COOLING
  YESTERDAY        0                         1     -1        0
  MONTH TO DATE    9                         8      1        0
  SINCE MAR 1      9                        12     -3        0
  SINCE JAN 1      9                        12     -3        0
..................................................................


WIND (MPH)
  HIGHEST WIND SPEED    20   HIGHEST WIND DIRECTION    SE (120)
  HIGHEST GUST SPEED    26   HIGHEST GUST DIRECTION    SE (120)
  AVERAGE WIND SPEED    10.3


SKY COVER
  POSSIBLE SUNSHINE  MM
  AVERAGE SKY COVER 0.6


WEATHER CONDITIONS
 THE FOLLOWING WEATHER WAS RECORDED YESTERDAY.
  RAIN
  LIGHT RAIN
  FOG


RELATIVE HUMIDITY (PERCENT)
 HIGHEST    93           700 PM
 LOWEST     47          1200 PM
 AVERAGE    70

..........................................................


THE EAU CLAIRE WI CLIMATE NORMALS FOR TODAY
                         NORMAL    RECORD    YEAR
 MAXIMUM TEMPERATURE (F)   70        93      1998
 MINIMUM TEMPERATURE (F)   45        29      1959
                                             1983


SUNRISE AND SUNSET
MAY 15 2015...........SUNRISE   538 AM CDT   SUNSET   828 PM CDT
MAY 16 2015...........SUNRISE   536 AM CDT   SUNSET   829 PM CDT


-  INDICATES NEGATIVE NUMBERS.
R  INDICATES RECORD WAS SET OR TIED.
MM INDICATES DATA IS MISSING.
T  INDICATES TRACE AMOUNT.




$$
