000
CDUS43 KMPX 090718
CLIEAU


CLIMATE REPORT
NATIONAL WEATHER SERVICE CHANHASSEN MN
217 AM CDT SUN JUL 9 2017


...................................

...THE EAU CLAIRE WI CLIMATE SUMMARY FOR JULY 8 2017...

CLIMATE NORMAL PERIOD 1981 TO 2010
CLIMATE RECORD PERIOD 1893 TO 2017


WEATHER ITEM   OBSERVED TIME   RECORD YEAR NORMAL DEPARTURE LAST
                VALUE   (LST)  VALUE       VALUE  FROM      YEAR
                                                  NORMAL
..................................................................
TEMPERATURE (F)
 YESTERDAY
  MAXIMUM         81    500 PM 103    1936  83     -2       76
  MINIMUM         53    314 AM  46    1961  60     -7       59
                                      1958
                                      1895
  AVERAGE         67                        72     -5       68

PRECIPITATION (IN)
  YESTERDAY        0.00          4.39 1959   0.13  -0.13      T
  MONTH TO DATE    0.14                      1.01  -0.87     1.91
  SINCE JUN 1      5.45                      5.14   0.31     8.20
  SINCE JAN 1     19.95                     14.78   5.17    20.39

SNOWFALL (IN)
  YESTERDAY        0.0           0.0    MM   0.0    0.0      0.0
  MONTH TO DATE    0.0                       0.0    0.0      0.0
  SINCE JUN 1      0.0                       0.0    0.0      0.0
  SINCE JUL 1      0.0                       0.0    0.0      0.0
  SNOW DEPTH       0

DEGREE DAYS
 HEATING
  YESTERDAY        0                         0      0        0
  MONTH TO DATE    0                         0      0        4
  SINCE JUN 1     37                        62    -25       36
  SINCE JUL 1      0                         0      0        4

 COOLING
  YESTERDAY        2                         7     -5        3
  MONTH TO DATE   47                        55     -8       31
  SINCE JUN 1    154                       175    -21      157
  SINCE JAN 1    162                       207    -45      197
..................................................................


WIND (MPH)
  HIGHEST WIND SPEED    17   HIGHEST WIND DIRECTION     W (250)
  HIGHEST GUST SPEED    23   HIGHEST GUST DIRECTION     W (260)
  AVERAGE WIND SPEED     6.0


SKY COVER
  POSSIBLE SUNSHINE  MM
  AVERAGE SKY COVER 0.1


WEATHER CONDITIONS
 THE FOLLOWING WEATHER WAS RECORDED YESTERDAY.
  FOG


RELATIVE HUMIDITY (PERCENT)
 HIGHEST   100           100 AM
 LOWEST     33           100 PM
 AVERAGE    67

..........................................................


THE EAU CLAIRE WI CLIMATE NORMALS FOR TODAY
                         NORMAL    RECORD    YEAR
 MAXIMUM TEMPERATURE (F)   83       104      1936
 MINIMUM TEMPERATURE (F)   60        41      1895


SUNRISE AND SUNSET
JULY  9 2017..........SUNRISE   529 AM CDT   SUNSET   853 PM CDT
JULY 10 2017..........SUNRISE   530 AM CDT   SUNSET   852 PM CDT


-  INDICATES NEGATIVE NUMBERS.
R  INDICATES RECORD WAS SET OR TIED.
MM INDICATES DATA IS MISSING.
T  INDICATES TRACE AMOUNT.




$$
