000
CDUS43 KMPX 082142
CLIEAU


CLIMATE REPORT
NATIONAL WEATHER SERVICE CHANHASSEN MN
441 PM CDT MON SEP 8 2014


...................................

...THE EAU CLAIRE WI CLIMATE SUMMARY FOR SEPTEMBER 8 2014...
VALID AS OF 0400 PM LOCAL TIME.

CLIMATE NORMAL PERIOD 1981 TO 2010
CLIMATE RECORD PERIOD 1893 TO 2014


WEATHER ITEM   OBSERVED TIME   RECORD YEAR NORMAL DEPARTURE LAST
                VALUE   (LST)  VALUE       VALUE  FROM      YEAR
                                                  NORMAL
..................................................................
TEMPERATURE (F)
 TODAY
  MAXIMUM         68   1220 PM  98    1931  75     -7       78
  MINIMUM         55    233 AM  38    1995  52      3       58
  AVERAGE         62                        64     -2       68

PRECIPITATION (IN)
  TODAY            T             2.52 1938   0.13  -0.13      T
  MONTH TO DATE    2.93                      1.00   1.93      T
  SINCE SEP 1      2.93                      1.00   1.93      T
  SINCE JAN 1     35.60                     23.12  12.48    27.64

SNOWFALL (IN)
  TODAY            0.0           0.0    MM   0.0    0.0      0.0
  MONTH TO DATE    0.0                       0.0    0.0      0.0
  SINCE SEP 1      0.0                       0.0    0.0      0.0
  SINCE JUL 1      0.0                       0.0    0.0      0.0
  SNOW DEPTH       0

DEGREE DAYS
 HEATING
  TODAY            3                         4     -1        0
  MONTH TO DATE   10                        24    -14       11
  SINCE SEP 1     10                        24    -14       11
  SINCE JUL 1     33                        63    -30       49

 COOLING
  TODAY            0                         2     -2        3
  MONTH TO DATE   13                        23    -10       36
  SINCE SEP 1     13                        23    -10       36
  SINCE JAN 1    491                       550    -59      602
..................................................................


WIND (MPH)
  HIGHEST WIND SPEED    17   HIGHEST WIND DIRECTION     S (170)
  HIGHEST GUST SPEED    21   HIGHEST GUST DIRECTION     S (170)
  AVERAGE WIND SPEED     7.8


SKY COVER
  POSSIBLE SUNSHINE  MM
  AVERAGE SKY COVER 0.1


WEATHER CONDITIONS
 THE FOLLOWING WEATHER WAS RECORDED TODAY.
  LIGHT RAIN


RELATIVE HUMIDITY (PERCENT)
 HIGHEST    93           200 AM
 LOWEST     63          1000 AM
 AVERAGE    78

..........................................................


THE EAU CLAIRE WI CLIMATE NORMALS FOR TOMORROW
                         NORMAL    RECORD    YEAR
 MAXIMUM TEMPERATURE (F)   74        96      1931
 MINIMUM TEMPERATURE (F)   52        36      1969


SUNRISE AND SUNSET
SEPTEMBER  8 2014.....SUNRISE   636 AM CDT   SUNSET   730 PM CDT
SEPTEMBER  9 2014.....SUNRISE   638 AM CDT   SUNSET   728 PM CDT


-  INDICATES NEGATIVE NUMBERS.
R  INDICATES RECORD WAS SET OR TIED.
MM INDICATES DATA IS MISSING.
T  INDICATES TRACE AMOUNT.




$$
