000
CDUS43 KMPX 140736
CLIEAU


CLIMATE REPORT
NATIONAL WEATHER SERVICE CHANHASSEN MN
135 AM CST WED FEB 14 2018


...................................

...THE EAU CLAIRE WI CLIMATE SUMMARY FOR FEBRUARY 13 2018...

CLIMATE NORMAL PERIOD 1981 TO 2010
CLIMATE RECORD PERIOD 1893 TO 2018


WEATHER ITEM   OBSERVED TIME   RECORD YEAR NORMAL DEPARTURE LAST
                VALUE   (LST)  VALUE       VALUE  FROM      YEAR
                                                  NORMAL
..................................................................
TEMPERATURE (F)
 YESTERDAY
  MAXIMUM         31    353 PM  47    1921  28      3       42
                                      1918
  MINIMUM         -3   1215 AM -29    1905   9    -12       19
  AVERAGE         14                        19     -5       31

PRECIPITATION (IN)
  YESTERDAY        0.00          0.33 1915   0.03  -0.03     0.00
  MONTH TO DATE    0.24                      0.35  -0.11     0.01
  SINCE DEC 1      2.41                      2.24   0.17     4.46
  SINCE JAN 1      1.50                      1.24   0.26     2.36

SNOWFALL (IN)
  YESTERDAY        0.0           4.6  1986   0.2   -0.2      0.0
  MONTH TO DATE    4.5                       3.7    0.8       T
  SINCE DEC 1     27.0                      26.4    0.6     36.5
  SINCE JUL 1     30.3                      32.7   -2.4     38.2
  SNOW DEPTH       7

DEGREE DAYS
 HEATING
  YESTERDAY       51                        46      5       34
  MONTH TO DATE  792                       625    167      589
  SINCE DEC 1   3881                      3623    258     3454
  SINCE JUL 1   5522                      5369    153     4663

 COOLING
  YESTERDAY        0                         0      0        0
  MONTH TO DATE    0                         0      0        0
  SINCE DEC 1      0                         0      0        0
  SINCE JAN 1      0                         0      0        0
..................................................................


WIND (MPH)
  HIGHEST WIND SPEED    22   HIGHEST WIND DIRECTION     S (180)
  HIGHEST GUST SPEED    30   HIGHEST GUST DIRECTION     S (180)
  AVERAGE WIND SPEED     8.9


SKY COVER
  POSSIBLE SUNSHINE  MM
  AVERAGE SKY COVER 0.5


WEATHER CONDITIONS
 THE FOLLOWING WEATHER WAS RECORDED YESTERDAY.
  FOG
  HAZE


RELATIVE HUMIDITY (PERCENT)
 HIGHEST    84          1100 PM
 LOWEST     51          1100 AM
 AVERAGE    68

..........................................................


THE EAU CLAIRE WI CLIMATE NORMALS FOR TODAY
                         NORMAL    RECORD    YEAR
 MAXIMUM TEMPERATURE (F)   29        49      1934
 MINIMUM TEMPERATURE (F)    9       -27      1951


SUNRISE AND SUNSET
FEBRUARY 14 2018......SUNRISE   708 AM CST   SUNSET   533 PM CST
FEBRUARY 15 2018......SUNRISE   706 AM CST   SUNSET   534 PM CST


-  INDICATES NEGATIVE NUMBERS.
R  INDICATES RECORD WAS SET OR TIED.
MM INDICATES DATA IS MISSING.
T  INDICATES TRACE AMOUNT.




$$
