000
CDUS43 KMPX 150058
CLIEAU


CLIMATE REPORT
NATIONAL WEATHER SERVICE CHANHASSEN MN
757 PM CDT SAT OCT 14 2017


...................................

...THE EAU CLAIRE WI CLIMATE SUMMARY FOR OCTOBER 14 2017...
VALID TODAY AS OF 0700 PM LOCAL TIME.

CLIMATE NORMAL PERIOD 1981 TO 2010
CLIMATE RECORD PERIOD 1893 TO 2017


WEATHER ITEM   OBSERVED TIME   RECORD YEAR NORMAL DEPARTURE LAST
                VALUE   (LST)  VALUE       VALUE  FROM      YEAR
                                                  NORMAL
..................................................................
TEMPERATURE (F)
 TODAY
  MAXIMUM         58   1149 AM  88    1947  59     -1       62
  MINIMUM         35   1233 AM  21    1937  37     -2       39
  AVERAGE         47                        48     -1       51

PRECIPITATION (IN)
  TODAY            0.19          2.06 1966   0.08   0.11     0.00
  MONTH TO DATE    2.47                      1.23   1.24     0.72
  SINCE SEP 1      4.74                      4.91  -0.17     8.92
  SINCE JAN 1     32.86                     27.03   5.83    35.75

SNOWFALL (IN)
  TODAY            0.0           T    1990   0.0    0.0      0.0
                                      1909
  MONTH TO DATE    0.0                       0.1   -0.1      0.0
  SINCE SEP 1      0.0                       0.1   -0.1      0.0
  SINCE JUL 1      0.0                       0.1   -0.1      0.0
  SNOW DEPTH       0

DEGREE DAYS
 HEATING
  TODAY           18                        17      1       14
  MONTH TO DATE  150                       205    -55      157
  SINCE SEP 1    268                       399   -131      239
  SINCE JUL 1    311                       438   -127      249

 COOLING
  TODAY            0                         0      0        0
  MONTH TO DATE    0                         4     -4        0
  SINCE SEP 1     94                        52     42       39
  SINCE JAN 1    466                       579   -113      622
..................................................................


WIND (MPH)
  HIGHEST WIND SPEED    20   HIGHEST WIND DIRECTION     E (70)
  HIGHEST GUST SPEED    25   HIGHEST GUST DIRECTION     E (70)
  AVERAGE WIND SPEED     7.1


SKY COVER
  POSSIBLE SUNSHINE  MM
  AVERAGE SKY COVER 0.5


WEATHER CONDITIONS
 THE FOLLOWING WEATHER WAS RECORDED TODAY.
  RAIN
  LIGHT RAIN
  FOG


RELATIVE HUMIDITY (PERCENT)
 HIGHEST    93           500 PM
 LOWEST     54          1000 AM
 AVERAGE    74

..........................................................


THE EAU CLAIRE WI CLIMATE NORMALS FOR TOMORROW
                         NORMAL    RECORD    YEAR
 MAXIMUM TEMPERATURE (F)   59        86      1947
 MINIMUM TEMPERATURE (F)   37        21      1937


SUNRISE AND SUNSET
OCTOBER 14 2017.......SUNRISE   721 AM CDT   SUNSET   622 PM CDT
OCTOBER 15 2017.......SUNRISE   722 AM CDT   SUNSET   621 PM CDT


-  INDICATES NEGATIVE NUMBERS.
R  INDICATES RECORD WAS SET OR TIED.
MM INDICATES DATA IS MISSING.
T  INDICATES TRACE AMOUNT.




$$
