000
CDUS43 KMPX 112128
CLIEAU


CLIMATE REPORT
NATIONAL WEATHER SERVICE CHANHASSEN MN
428 PM CDT MON JUL 11 2016


...................................

...THE EAU CLAIRE WI CLIMATE SUMMARY FOR JULY 11 2016...
VALID AS OF 0400 PM LOCAL TIME.

CLIMATE NORMAL PERIOD 1981 TO 2010
CLIMATE RECORD PERIOD 1893 TO 2016


WEATHER ITEM   OBSERVED TIME   RECORD YEAR NORMAL DEPARTURE LAST
                VALUE   (LST)  VALUE       VALUE  FROM      YEAR
                                                  NORMAL
..................................................................
TEMPERATURE (F)
 TODAY
  MAXIMUM         89    255 PM 109    1936  83      6       82
  MINIMUM         70    438 AM  46    1895  60     10       64
  AVERAGE         80                        72      8       73

PRECIPITATION (IN)
  TODAY            0.00          0.98 1993   0.12  -0.12     0.00
  MONTH TO DATE    2.00                      1.39   0.61     2.08
  SINCE JUN 1      8.29                      5.52   2.77     6.91
  SINCE JAN 1     20.48                     15.16   5.32    16.36

SNOWFALL (IN)
  TODAY            0.0           0.0    MM   0.0    0.0      0.0
  MONTH TO DATE    0.0                       0.0    0.0      0.0
  SINCE JUN 1      0.0                       0.0    0.0      0.0
  SINCE JUL 1      0.0                       0.0    0.0      0.0
  SNOW DEPTH       0

DEGREE DAYS
 HEATING
  TODAY            0                         0      0        0
  MONTH TO DATE    4                         2      2       16
  SINCE JUN 1     36                        64    -28       44
  SINCE JUL 1      4                         2      2       16

 COOLING
  TODAY           15                         7      8        8
  MONTH TO DATE   53                        76    -23       30
  SINCE JUN 1    179                       196    -17      112
  SINCE JAN 1    219                       228     -9      130
..................................................................


WIND (MPH)
  HIGHEST WIND SPEED    25   HIGHEST WIND DIRECTION     S (180)
  HIGHEST GUST SPEED    33   HIGHEST GUST DIRECTION     S (160)
  AVERAGE WIND SPEED     8.8


SKY COVER
  POSSIBLE SUNSHINE  MM
  AVERAGE SKY COVER 0.7


WEATHER CONDITIONS
 THE FOLLOWING WEATHER WAS RECORDED TODAY.
  NO SIGNIFICANT WEATHER WAS OBSERVED.


RELATIVE HUMIDITY (PERCENT)
 HIGHEST    97           400 AM
 LOWEST     59           300 PM
 AVERAGE    78

..........................................................


THE EAU CLAIRE WI CLIMATE NORMALS FOR TOMORROW
                         NORMAL    RECORD    YEAR
 MAXIMUM TEMPERATURE (F)   83       110      1936
 MINIMUM TEMPERATURE (F)   61        43      1941


SUNRISE AND SUNSET
JULY 11 2016..........SUNRISE   531 AM CDT   SUNSET   852 PM CDT
JULY 12 2016..........SUNRISE   532 AM CDT   SUNSET   851 PM CDT


-  INDICATES NEGATIVE NUMBERS.
R  INDICATES RECORD WAS SET OR TIED.
MM INDICATES DATA IS MISSING.
T  INDICATES TRACE AMOUNT.




$$
