000
CDUS43 KMPX 132227
CLIEAU


CLIMATE REPORT
NATIONAL WEATHER SERVICE CHANHASSEN MN
427 PM CST THU NOV 13 2014


...................................

...THE EAU CLAIRE WI CLIMATE SUMMARY FOR NOVEMBER 13 2014...
VALID AS OF 0400 PM LOCAL TIME.

CLIMATE NORMAL PERIOD 1981 TO 2010
CLIMATE RECORD PERIOD 1893 TO 2014


WEATHER ITEM   OBSERVED TIME   RECORD YEAR NORMAL DEPARTURE LAST
                VALUE   (LST)  VALUE       VALUE  FROM      YEAR
                                                  NORMAL
..................................................................
TEMPERATURE (F)
 TODAY
  MAXIMUM         25    135 PM  69    1999  43    -18       48
  MINIMUM         15    711 AM  -3    1986  26    -11       17
  AVERAGE         20                        34    -14       33

PRECIPITATION (IN)
  TODAY            T             2.06 1909   0.06  -0.06     0.00
  MONTH TO DATE    1.02                      0.83   0.19     0.70
  SINCE SEP 1      8.91                      6.85   2.06     6.11
  SINCE JAN 1     41.58                     28.97  12.61    33.75

SNOWFALL (IN)
  TODAY            0.1           2.3  1909   0.2   -0.1      0.0
  MONTH TO DATE    5.6                       1.6    4.0      0.1
  SINCE SEP 1      6.2                       2.0    4.2      0.1
  SINCE JUL 1      6.2                       2.0    4.2      0.1
  SNOW DEPTH       4

DEGREE DAYS
 HEATING
  TODAY           45                        31     14       32
  MONTH TO DATE  417                       355     62      393
  SINCE SEP 1   1170                      1100     70     1073
  SINCE JUL 1   1193                      1139     54     1111

 COOLING
  TODAY            0                         0      0        0
  MONTH TO DATE    0                         0      0        0
  SINCE SEP 1     22                        52    -30       87
  SINCE JAN 1    500                       579    -79      653
..................................................................


WIND (MPH)
  HIGHEST WIND SPEED    16   HIGHEST WIND DIRECTION    NW (300)
  HIGHEST GUST SPEED    20   HIGHEST GUST DIRECTION    NW (300)
  AVERAGE WIND SPEED     5.8


SKY COVER
  POSSIBLE SUNSHINE  MM
  AVERAGE SKY COVER 0.8


WEATHER CONDITIONS
 THE FOLLOWING WEATHER WAS RECORDED TODAY.
  LIGHT SNOW
  HAZE


RELATIVE HUMIDITY (PERCENT)
 HIGHEST    88           500 AM
 LOWEST     77          1200 AM
 AVERAGE    83

..........................................................


THE EAU CLAIRE WI CLIMATE NORMALS FOR TOMORROW
                         NORMAL    RECORD    YEAR
 MAXIMUM TEMPERATURE (F)   42        70      1990
 MINIMUM TEMPERATURE (F)   26         0      1959


SUNRISE AND SUNSET
NOVEMBER 13 2014......SUNRISE   701 AM CST   SUNSET   439 PM CST
NOVEMBER 14 2014......SUNRISE   702 AM CST   SUNSET   438 PM CST


-  INDICATES NEGATIVE NUMBERS.
R  INDICATES RECORD WAS SET OR TIED.
MM INDICATES DATA IS MISSING.
T  INDICATES TRACE AMOUNT.




$$
