000
CDUS43 KMPX 232145
CLIEAU


CLIMATE REPORT
NATIONAL WEATHER SERVICE CHANHASSEN MN
445 PM CDT THU JUL 23 2015


...................................

...THE EAU CLAIRE WI CLIMATE SUMMARY FOR JULY 23 2015...
VALID AS OF 0400 PM LOCAL TIME.

CLIMATE NORMAL PERIOD 1981 TO 2010
CLIMATE RECORD PERIOD 1893 TO 2015


WEATHER ITEM   OBSERVED TIME   RECORD YEAR NORMAL DEPARTURE LAST
                VALUE   (LST)  VALUE       VALUE  FROM      YEAR
                                                  NORMAL
..................................................................
TEMPERATURE (F)
 TODAY
  MAXIMUM         84    258 PM 105    1934  83      1       82
  MINIMUM         57    446 AM  48    2003  60     -3       55
  AVERAGE         71                        72     -1       69

PRECIPITATION (IN)
  TODAY            0.00          1.40 2011   0.12  -0.12     0.00
  MONTH TO DATE    5.16                      2.85   2.31     1.87
  SINCE JUN 1      9.99                      6.98   3.01    11.71
  SINCE JAN 1     19.44                     16.62   2.82    25.81

SNOWFALL (IN)
  TODAY            0.0           0.0    MM   0.0    0.0      0.0
  MONTH TO DATE    0.0                       0.0    0.0      0.0
  SINCE JUN 1      0.0                       0.0    0.0      0.0
  SINCE JUL 1      0.0                       0.0    0.0      0.0
  SNOW DEPTH       0

DEGREE DAYS
 HEATING
  TODAY            0                         0      0        0
  MONTH TO DATE   16                         2     14       18
  SINCE JUN 1     44                        64    -20       43
  SINCE JUL 1     16                         2     14       18

 COOLING
  TODAY            6                         7     -1        4
  MONTH TO DATE  105                       160    -55      110
  SINCE JUN 1    187                       280    -93      244
  SINCE JAN 1    205                       312   -107      279
..................................................................


WIND (MPH)
  HIGHEST WIND SPEED    13   HIGHEST WIND DIRECTION     S (200)
  HIGHEST GUST SPEED    18   HIGHEST GUST DIRECTION    SW (210)
  AVERAGE WIND SPEED     4.0


SKY COVER
  POSSIBLE SUNSHINE  MM
  AVERAGE SKY COVER 0.1


WEATHER CONDITIONS
 THE FOLLOWING WEATHER WAS RECORDED TODAY.
  FOG
  FOG W/VISIBILITY <= 1/4 MILE


RELATIVE HUMIDITY (PERCENT)
 HIGHEST   100          1200 AM
 LOWEST     46           300 PM
 AVERAGE    73

..........................................................


THE EAU CLAIRE WI CLIMATE NORMALS FOR TOMORROW
                         NORMAL    RECORD    YEAR
 MAXIMUM TEMPERATURE (F)   83       104      1934
 MINIMUM TEMPERATURE (F)   60        48      1971


SUNRISE AND SUNSET
JULY 23 2015..........SUNRISE   542 AM CDT   SUNSET   843 PM CDT
JULY 24 2015..........SUNRISE   543 AM CDT   SUNSET   842 PM CDT


-  INDICATES NEGATIVE NUMBERS.
R  INDICATES RECORD WAS SET OR TIED.
MM INDICATES DATA IS MISSING.
T  INDICATES TRACE AMOUNT.




$$
