000
CDUS43 KMPX 210629
CLIEAU


CLIMATE REPORT
NATIONAL WEATHER SERVICE CHANHASSEN MN
1228 AM CST MON NOV 21 2016


...................................

...THE EAU CLAIRE WI CLIMATE SUMMARY FOR NOVEMBER 20 2016...

CLIMATE NORMAL PERIOD 1981 TO 2010
CLIMATE RECORD PERIOD 1893 TO 2016


WEATHER ITEM   OBSERVED TIME   RECORD YEAR NORMAL DEPARTURE LAST
                VALUE   (LST)  VALUE       VALUE  FROM      YEAR
                                                  NORMAL
..................................................................
TEMPERATURE (F)
 YESTERDAY
  MAXIMUM         31    239 PM  66    1930  39     -8       31
  MINIMUM         20    408 AM  -3    1921  22     -2       24
  AVERAGE         26                        30     -4       28

PRECIPITATION (IN)
  YESTERDAY        0.00          1.15 1975   0.06  -0.06      T
  MONTH TO DATE    0.05                      1.27  -1.22     2.27
  SINCE SEP 1     10.97                      7.29   3.68    10.49
  SINCE JAN 1     37.80                     29.41   8.39    38.05

SNOWFALL (IN)
  YESTERDAY        0.0           3.8  1956   0.3   -0.3       T
  MONTH TO DATE    T                         3.2   -3.2       T
  SINCE SEP 1      T                         3.6   -3.6      0.9
  SINCE JUL 1      T                         3.6   -3.6      0.9
  SNOW DEPTH       0

DEGREE DAYS
 HEATING
  YESTERDAY       39                        35      4       37
  MONTH TO DATE  390                       585   -195      380
  SINCE SEP 1    897                      1330   -433      947
  SINCE JUL 1    907                      1369   -462     1002

 COOLING
  YESTERDAY        0                         0      0        0
  MONTH TO DATE    0                         0      0        0
  SINCE SEP 1     41                        52    -11      118
  SINCE JAN 1    624                       579     45      520
..................................................................


WIND (MPH)
  HIGHEST WIND SPEED    10   HIGHEST WIND DIRECTION     N (350)
  HIGHEST GUST SPEED    14   HIGHEST GUST DIRECTION     N (340)
  AVERAGE WIND SPEED     3.0


SKY COVER
  POSSIBLE SUNSHINE  MM
  AVERAGE SKY COVER 0.4


WEATHER CONDITIONS
 THE FOLLOWING WEATHER WAS RECORDED YESTERDAY.
  NO SIGNIFICANT WEATHER WAS OBSERVED.


RELATIVE HUMIDITY (PERCENT)
 HIGHEST    75           800 PM
 LOWEST     53           400 PM
 AVERAGE    64

..........................................................


THE EAU CLAIRE WI CLIMATE NORMALS FOR TODAY
                         NORMAL    RECORD    YEAR
 MAXIMUM TEMPERATURE (F)   38        68      1990
 MINIMUM TEMPERATURE (F)   22        -4      2014


SUNRISE AND SUNSET
NOVEMBER 21 2016......SUNRISE   712 AM CST   SUNSET   432 PM CST
NOVEMBER 22 2016......SUNRISE   713 AM CST   SUNSET   431 PM CST


-  INDICATES NEGATIVE NUMBERS.
R  INDICATES RECORD WAS SET OR TIED.
MM INDICATES DATA IS MISSING.
T  INDICATES TRACE AMOUNT.




$$
