000
CDUS43 KMPX 232141
CLIEAU


CLIMATE REPORT
NATIONAL WEATHER SERVICE CHANHASSEN MN
441 PM CDT TUE JUN 23 2015


...................................

...THE EAU CLAIRE WI CLIMATE SUMMARY FOR JUNE 23 2015...
VALID AS OF 0400 PM LOCAL TIME.

CLIMATE NORMAL PERIOD 1981 TO 2010
CLIMATE RECORD PERIOD 1893 TO 2015


WEATHER ITEM   OBSERVED TIME   RECORD YEAR NORMAL DEPARTURE LAST
                VALUE   (LST)  VALUE       VALUE  FROM      YEAR
                                                  NORMAL
..................................................................
TEMPERATURE (F)
 TODAY
  MAXIMUM         79    257 PM  98    1934  81     -2       81
  MINIMUM         57    419 AM  37    1972  58     -1       65
  AVERAGE         68                        69     -1       73

PRECIPITATION (IN)
  TODAY            0.00          1.44 1919   0.14  -0.14     0.41
  MONTH TO DATE    3.56                      3.18   0.38     6.53
  SINCE JUN 1      3.56                      3.18   0.38     6.53
  SINCE JAN 1     13.01                     12.82   0.19    20.63

SNOWFALL (IN)
  TODAY            0.0           0.0    MM   0.0    0.0      0.0
  MONTH TO DATE    0.0                       0.0    0.0      0.0
  SINCE JUN 1      0.0                       0.0    0.0      0.0
  SINCE JUL 1     38.1                      46.8   -8.7     74.8
  SNOW DEPTH       0

DEGREE DAYS
 HEATING
  TODAY            0                         1     -1        0
  MONTH TO DATE   27                        55    -28       25
  SINCE JUN 1     27                        55    -28       25
  SINCE JUL 1   8133                      7953    180     9167

 COOLING
  TODAY            3                         5     -2        8
  MONTH TO DATE   62                        78    -16       82
  SINCE JUN 1     62                        78    -16       82
  SINCE JAN 1     80                       110    -30      117
..................................................................


WIND (MPH)
  HIGHEST WIND SPEED    13   HIGHEST WIND DIRECTION     W (290)
  HIGHEST GUST SPEED    17   HIGHEST GUST DIRECTION    NW (320)
  AVERAGE WIND SPEED     7.3


SKY COVER
  POSSIBLE SUNSHINE  MM
  AVERAGE SKY COVER 0.1


WEATHER CONDITIONS
 THE FOLLOWING WEATHER WAS RECORDED TODAY.
  NO SIGNIFICANT WEATHER WAS OBSERVED.


RELATIVE HUMIDITY (PERCENT)
 HIGHEST    80           400 AM
 LOWEST     37           300 PM
 AVERAGE    59

..........................................................


THE EAU CLAIRE WI CLIMATE NORMALS FOR TOMORROW
                         NORMAL    RECORD    YEAR
 MAXIMUM TEMPERATURE (F)   81        97      1937
 MINIMUM TEMPERATURE (F)   58        43      1972
                                             1979


SUNRISE AND SUNSET
JUNE 23 2015..........SUNRISE   520 AM CDT   SUNSET   856 PM CDT
JUNE 24 2015..........SUNRISE   520 AM CDT   SUNSET   856 PM CDT


-  INDICATES NEGATIVE NUMBERS.
R  INDICATES RECORD WAS SET OR TIED.
MM INDICATES DATA IS MISSING.
T  INDICATES TRACE AMOUNT.




$$
