000
CDUS43 KMPX 060025
CLIEAU


CLIMATE REPORT
NATIONAL WEATHER SERVICE CHANHASSEN MN
724 PM CDT TUE SEP 5 2017


...................................

...THE EAU CLAIRE WI CLIMATE SUMMARY FOR SEPTEMBER 5 2017...
VALID TODAY AS OF 0700 PM LOCAL TIME.

CLIMATE NORMAL PERIOD 1981 TO 2010
CLIMATE RECORD PERIOD 1893 TO 2017


WEATHER ITEM   OBSERVED TIME   RECORD YEAR NORMAL DEPARTURE LAST
                VALUE   (LST)  VALUE       VALUE  FROM      YEAR
                                                  NORMAL
..................................................................
TEMPERATURE (F)
 TODAY
  MAXIMUM         61    220 PM  97    1945  76    -15       80
                                      1922
  MINIMUM         48    344 AM  36    1962  54     -6       65
  AVERAGE         55                        65    -10       73

PRECIPITATION (IN)
  TODAY            0.05          1.76 1958   0.13  -0.08     0.11
  MONTH TO DATE    0.21                      0.62  -0.41     0.12
  SINCE SEP 1      0.21                      0.62  -0.41     0.12
  SINCE JAN 1     28.33                     22.74   5.59    26.95

SNOWFALL (IN)
  TODAY            0.0           0.0    MM   0.0    0.0      0.0
  MONTH TO DATE    0.0                       0.0    0.0      0.0
  SINCE SEP 1      0.0                       0.0    0.0      0.0
  SINCE JUL 1      0.0                       0.0    0.0      0.0
  SNOW DEPTH       0

DEGREE DAYS
 HEATING
  TODAY           10                         3      7        0
  MONTH TO DATE   20                        13      7        6
  SINCE SEP 1     20                        13      7        6
  SINCE JUL 1     63                        52     11       16

 COOLING
  TODAY            0                         3     -3        8
  MONTH TO DATE    1                        15    -14       12
  SINCE SEP 1      1                        15    -14       12
  SINCE JAN 1    373                       542   -169      595
..................................................................


WIND (MPH)
  HIGHEST WIND SPEED    22   HIGHEST WIND DIRECTION    NW (330)
  HIGHEST GUST SPEED    29   HIGHEST GUST DIRECTION    NW (330)
  AVERAGE WIND SPEED    12.1


SKY COVER
  POSSIBLE SUNSHINE  MM
  AVERAGE SKY COVER 0.6


WEATHER CONDITIONS
 THE FOLLOWING WEATHER WAS RECORDED TODAY.
  NO SIGNIFICANT WEATHER WAS OBSERVED.


RELATIVE HUMIDITY (PERCENT)
 HIGHEST    89          1200 AM
 LOWEST     53           100 PM
 AVERAGE    71

..........................................................


THE EAU CLAIRE WI CLIMATE NORMALS FOR TOMORROW
                         NORMAL    RECORD    YEAR
 MAXIMUM TEMPERATURE (F)   75       100      1922
 MINIMUM TEMPERATURE (F)   53        37      1988


SUNRISE AND SUNSET
SEPTEMBER  5 2017.....SUNRISE   633 AM CDT   SUNSET   735 PM CDT
SEPTEMBER  6 2017.....SUNRISE   634 AM CDT   SUNSET   733 PM CDT


-  INDICATES NEGATIVE NUMBERS.
R  INDICATES RECORD WAS SET OR TIED.
MM INDICATES DATA IS MISSING.
T  INDICATES TRACE AMOUNT.




$$
