000
CDUS43 KMPX 070151
CLIEAU


CLIMATE REPORT
NATIONAL WEATHER SERVICE CHANHASSEN MN
751 PM CST MON NOV 6 2017


...................................

...THE EAU CLAIRE WI CLIMATE SUMMARY FOR NOVEMBER 6 2017...
VALID TODAY AS OF 0700 PM LOCAL TIME.

CLIMATE NORMAL PERIOD 1981 TO 2010
CLIMATE RECORD PERIOD 1893 TO 2017


WEATHER ITEM   OBSERVED TIME   RECORD YEAR NORMAL DEPARTURE LAST
                VALUE   (LST)  VALUE       VALUE  FROM      YEAR
                                                  NORMAL
..................................................................
TEMPERATURE (F)
 TODAY
  MAXIMUM         33    242 PM  70    2016  47    -14       70
                                      1916
                                      1895
  MINIMUM         17    701 AM  -5    1951  29    -12       36
  AVERAGE         25                        38    -13       53

PRECIPITATION (IN)
  TODAY            0.00          0.76 2000   0.06  -0.06     0.00
  MONTH TO DATE    0.32                      0.38  -0.06     0.00
  SINCE SEP 1      6.13                      6.40  -0.27    10.92
  SINCE JAN 1     34.25                     28.52   5.73    37.75

SNOWFALL (IN)
  TODAY            0.0           0.8  2012   0.1   -0.1      0.0
  MONTH TO DATE    1.1                       0.6    0.5      0.0
  SINCE SEP 1      3.0                       1.0    2.0      0.0
  SINCE JUL 1      3.0                       1.0    2.0      0.0
  SNOW DEPTH       0

DEGREE DAYS
 HEATING
  TODAY           40                        27     13       12
  MONTH TO DATE  193                       153     40       81
  SINCE SEP 1    783                       898   -115      588
  SINCE JUL 1    826                       937   -111      598

 COOLING
  TODAY            0                         0      0        0
  MONTH TO DATE    0                         0      0        0
  SINCE SEP 1     94                        52     42       41
  SINCE JAN 1    466                       579   -113      624
..................................................................


WIND (MPH)
  HIGHEST WIND SPEED    12   HIGHEST WIND DIRECTION     W (260)
  HIGHEST GUST SPEED    18   HIGHEST GUST DIRECTION     W (250)
  AVERAGE WIND SPEED     5.3


SKY COVER
  POSSIBLE SUNSHINE  MM
  AVERAGE SKY COVER 0.2


WEATHER CONDITIONS
 THE FOLLOWING WEATHER WAS RECORDED TODAY.
  NO SIGNIFICANT WEATHER WAS OBSERVED.


RELATIVE HUMIDITY (PERCENT)
 HIGHEST    92           700 AM
 LOWEST     59           100 PM
 AVERAGE    76

..........................................................


THE EAU CLAIRE WI CLIMATE NORMALS FOR TOMORROW
                         NORMAL    RECORD    YEAR
 MAXIMUM TEMPERATURE (F)   47        71      1949
 MINIMUM TEMPERATURE (F)   29        -3      1991


SUNRISE AND SUNSET
NOVEMBER  6 2017......SUNRISE   651 AM CST   SUNSET   447 PM CST
NOVEMBER  7 2017......SUNRISE   653 AM CST   SUNSET   446 PM CST


-  INDICATES NEGATIVE NUMBERS.
R  INDICATES RECORD WAS SET OR TIED.
MM INDICATES DATA IS MISSING.
T  INDICATES TRACE AMOUNT.




$$
