000
CDUS43 KMPX 062226
CLIEAU


CLIMATE REPORT
NATIONAL WEATHER SERVICE CHANHASSEN MN
426 PM CST MON MAR 6 2017


...................................

...THE EAU CLAIRE WI CLIMATE SUMMARY FOR MARCH 6 2017...
VALID AS OF 0400 PM LOCAL TIME.

CLIMATE NORMAL PERIOD 1981 TO 2010
CLIMATE RECORD PERIOD 1893 TO 2017


WEATHER ITEM   OBSERVED TIME   RECORD YEAR NORMAL DEPARTURE LAST
                VALUE   (LST)  VALUE       VALUE  FROM      YEAR
                                                  NORMAL
..................................................................
TEMPERATURE (F)
 TODAY
  MAXIMUM         54    359 PM  73    2000  36     18       56
  MINIMUM         42    207 AM -16    1920  18     24       26
  AVERAGE         48                        27     21       41

PRECIPITATION (IN)
  TODAY            0.00          1.11 1908   0.04  -0.04     0.00
  MONTH TO DATE    0.16                      0.25  -0.09     0.11
  SINCE MAR 1      0.16                      0.25  -0.09     0.11
  SINCE JAN 1      4.24                      1.95   2.29     1.27

SNOWFALL (IN)
  TODAY            0.0           6.0  1900   0.3   -0.3      0.0
  MONTH TO DATE    2.4                       1.8    0.6      1.5
  SINCE MAR 1      2.4                       1.8    0.6      1.5
  SINCE JUL 1     51.3                      38.1   13.2     25.6
  SNOW DEPTH       T

DEGREE DAYS
 HEATING
  TODAY           17                        38    -21       24
  MONTH TO DATE  214                       235    -21      219
  SINCE MAR 1    214                       235    -21      219
  SINCE JUL 1   5324                      6255   -931     5397

 COOLING
  TODAY            0                         0      0        0
  MONTH TO DATE    0                         0      0        0
  SINCE MAR 1      0                         0      0        0
  SINCE JAN 1      0                         0      0        0
..................................................................


WIND (MPH)
  HIGHEST WIND SPEED    20   HIGHEST WIND DIRECTION     S (160)
  HIGHEST GUST SPEED    26   HIGHEST GUST DIRECTION    SE (150)
  AVERAGE WIND SPEED     9.9


SKY COVER
  POSSIBLE SUNSHINE  MM
  AVERAGE SKY COVER 1.0


WEATHER CONDITIONS
 THE FOLLOWING WEATHER WAS RECORDED TODAY.
  FOG


RELATIVE HUMIDITY (PERCENT)
 HIGHEST   100           400 AM
 LOWEST     82          1200 AM
 AVERAGE    91

..........................................................


THE EAU CLAIRE WI CLIMATE NORMALS FOR TOMORROW
                         NORMAL    RECORD    YEAR
 MAXIMUM TEMPERATURE (F)   37        78      2000
 MINIMUM TEMPERATURE (F)   18       -18      1913


SUNRISE AND SUNSET
MARCH  6 2017.........SUNRISE   634 AM CST   SUNSET   601 PM CST
MARCH  7 2017.........SUNRISE   632 AM CST   SUNSET   602 PM CST


-  INDICATES NEGATIVE NUMBERS.
R  INDICATES RECORD WAS SET OR TIED.
MM INDICATES DATA IS MISSING.
T  INDICATES TRACE AMOUNT.




$$
