000
CDUS43 KMPX 160704
CLIEAU


CLIMATE REPORT
NATIONAL WEATHER SERVICE CHANHASSEN MN
203 AM CDT SAT MAY 16 2015


...................................

...THE EAU CLAIRE WI CLIMATE SUMMARY FOR MAY 15 2015...

CLIMATE NORMAL PERIOD 1981 TO 2010
CLIMATE RECORD PERIOD 1893 TO 2015


WEATHER ITEM   OBSERVED TIME   RECORD YEAR NORMAL DEPARTURE LAST
                VALUE   (LST)  VALUE       VALUE  FROM      YEAR
                                                  NORMAL
..................................................................
TEMPERATURE (F)
 YESTERDAY
  MAXIMUM         60    711 PM  93    1998  70    -10       52
  MINIMUM         51   1107 PM  29    1959  45      6       41
                                      1983
  AVERAGE         56                        57     -1       47

PRECIPITATION (IN)
  YESTERDAY        0.02          2.06 1968   0.11  -0.09     0.00
  MONTH TO DATE    2.25                      1.61   0.64     1.74
  SINCE MAR 1      5.72                      6.09  -0.37     8.56
  SINCE JAN 1      6.31                      7.79  -1.48    11.76

SNOWFALL (IN)
  YESTERDAY        0.0           T    1921   0.0    0.0      0.0
                                      1927
  MONTH TO DATE    0.0                       0.2   -0.2      0.0
  SINCE MAR 1      7.3                      10.7   -3.4     13.1
  SINCE JUL 1     38.1                      47.0   -8.9     74.8
  SNOW DEPTH       0

DEGREE DAYS
 HEATING
  YESTERDAY        9                         8      1       18
  MONTH TO DATE  122                       154    -32      180
  SINCE MAR 1   1633                      1774   -141     2174
  SINCE JUL 1   7986                      7795    191     9066

 COOLING
  YESTERDAY        0                         1     -1        0
  MONTH TO DATE    9                         9      0        0
  SINCE MAR 1      9                        13     -4        0
  SINCE JAN 1      9                        13     -4        0
..................................................................


WIND (MPH)
  HIGHEST WIND SPEED    12   HIGHEST WIND DIRECTION     W (270)
  HIGHEST GUST SPEED    14   HIGHEST GUST DIRECTION     W (250)
  AVERAGE WIND SPEED     3.6


SKY COVER
  POSSIBLE SUNSHINE  MM
  AVERAGE SKY COVER 0.8


WEATHER CONDITIONS
 THE FOLLOWING WEATHER WAS RECORDED YESTERDAY.
  LIGHT RAIN
  FOG
  FOG W/VISIBILITY <= 1/4 MILE


RELATIVE HUMIDITY (PERCENT)
 HIGHEST   100           100 AM
 LOWEST     69           700 PM
 AVERAGE    85

..........................................................


THE EAU CLAIRE WI CLIMATE NORMALS FOR TODAY
                         NORMAL    RECORD    YEAR
 MAXIMUM TEMPERATURE (F)   70        92      1936
 MINIMUM TEMPERATURE (F)   45        28      1956


SUNRISE AND SUNSET
MAY 16 2015...........SUNRISE   536 AM CDT   SUNSET   829 PM CDT
MAY 17 2015...........SUNRISE   535 AM CDT   SUNSET   830 PM CDT


-  INDICATES NEGATIVE NUMBERS.
R  INDICATES RECORD WAS SET OR TIED.
MM INDICATES DATA IS MISSING.
T  INDICATES TRACE AMOUNT.




$$
