000
CDUS43 KMPX 090242
CLIEAU


CLIMATE REPORT
NATIONAL WEATHER SERVICE CHANHASSEN MN
842 PM CST WED FEB 8 2017


...................................

...THE EAU CLAIRE WI CLIMATE SUMMARY FOR FEBRUARY 8 2017...
VALID TODAY AS OF 0800 PM LOCAL TIME.

CLIMATE NORMAL PERIOD 1981 TO 2010
CLIMATE RECORD PERIOD 1893 TO 2017


WEATHER ITEM   OBSERVED TIME   RECORD YEAR NORMAL DEPARTURE LAST
                VALUE   (LST)  VALUE       VALUE  FROM      YEAR
                                                  NORMAL
..................................................................
TEMPERATURE (F)
 TODAY
  MAXIMUM         16        MM  49    1991  27    -11       22
  MINIMUM          4    700 PM -30    1899   8     -4        9
  AVERAGE         10                        17     -7       16

PRECIPITATION (IN)
  TODAY            0.00          0.93 1900   0.02  -0.02     0.04
  MONTH TO DATE    0.01                      0.21  -0.20     0.45
  SINCE DEC 1      4.46                      2.10   2.36     4.71
  SINCE JAN 1      2.36                      1.10   1.26     0.87

SNOWFALL (IN)
  TODAY            0.0           8.0  1900   0.3   -0.3      1.0
  MONTH TO DATE    T                         2.5   -2.5      7.2
  SINCE DEC 1     36.5                      25.2   11.3     21.8
  SINCE JUL 1     38.2                      31.5    6.7     23.2
  SNOW DEPTH       4

DEGREE DAYS
 HEATING
  TODAY           55                        48      7       49
  MONTH TO DATE  397                       390      7      357
  SINCE DEC 1   3262                      3388   -126     2926
  SINCE JUL 1   4471                      5134   -663     4288

 COOLING
  TODAY            0                         0      0        0
  MONTH TO DATE    0                         0      0        0
  SINCE DEC 1      0                         0      0        0
  SINCE JAN 1      0                         0      0        0
..................................................................


WIND (MPH)
  HIGHEST WIND SPEED    14   HIGHEST WIND DIRECTION     W (290)
  HIGHEST GUST SPEED    23   HIGHEST GUST DIRECTION     W (290)
  AVERAGE WIND SPEED    10.1


SKY COVER
  POSSIBLE SUNSHINE  MM
  AVERAGE SKY COVER 0.3


WEATHER CONDITIONS
 THE FOLLOWING WEATHER WAS RECORDED TODAY.
  NO SIGNIFICANT WEATHER WAS OBSERVED.


RELATIVE HUMIDITY (PERCENT)
 HIGHEST    83           900 AM
 LOWEST     55           500 PM
 AVERAGE    69

..........................................................


THE EAU CLAIRE WI CLIMATE NORMALS FOR TOMORROW
                         NORMAL    RECORD    YEAR
 MAXIMUM TEMPERATURE (F)   27        48      1966
 MINIMUM TEMPERATURE (F)    8       -36      1899


SUNRISE AND SUNSET
FEBRUARY  8 2017......SUNRISE   716 AM CST   SUNSET   525 PM CST
FEBRUARY  9 2017......SUNRISE   715 AM CST   SUNSET   526 PM CST


-  INDICATES NEGATIVE NUMBERS.
R  INDICATES RECORD WAS SET OR TIED.
MM INDICATES DATA IS MISSING.
T  INDICATES TRACE AMOUNT.




$$
