000
CDUS43 KMPX 200627
CLIEAU


CLIMATE REPORT
NATIONAL WEATHER SERVICE CHANHASSEN MN
126 AM CDT FRI MAR 20 2015


...................................

...THE EAU CLAIRE WI CLIMATE SUMMARY FOR MARCH 19 2015...

CLIMATE NORMAL PERIOD 1981 TO 2010
CLIMATE RECORD PERIOD 1893 TO 2015


WEATHER ITEM   OBSERVED TIME   RECORD YEAR NORMAL DEPARTURE LAST
                VALUE   (LST)  VALUE       VALUE  FROM      YEAR
                                                  NORMAL
..................................................................
TEMPERATURE (F)
 YESTERDAY
  MAXIMUM         50    158 PM  76    2012  42      8       34
  MINIMUM         30    311 AM -15    1923  23      7       29
  AVERAGE         40                        33      7       32

PRECIPITATION (IN)
  YESTERDAY        0.00          1.02 1926   0.06  -0.06     0.03
  MONTH TO DATE    0.11                      0.90  -0.79     0.17
  SINCE MAR 1      0.11                      0.90  -0.79     0.17
  SINCE JAN 1      0.70                      2.60  -1.90     3.37

SNOWFALL (IN)
  YESTERDAY        0.0          13.5  2005   0.3   -0.3      0.5
  MONTH TO DATE    1.5                       5.9   -4.4      2.0
  SINCE MAR 1      1.5                       5.9   -4.4      2.0
  SINCE JUL 1     32.3                      42.2   -9.9     63.7
  SNOW DEPTH       0

DEGREE DAYS
 HEATING
  YESTERDAY       25                        32     -7       33
  MONTH TO DATE  625                       691    -66      841
  SINCE MAR 1    625                       691    -66      841
  SINCE JUL 1   6978                      6712    266     7733

 COOLING
  YESTERDAY        0                         0      0        0
  MONTH TO DATE    0                         0      0        0
  SINCE MAR 1      0                         0      0        0
  SINCE JAN 1      0                         0      0        0
..................................................................


WIND (MPH)
  HIGHEST WIND SPEED    20   HIGHEST WIND DIRECTION    SW (210)
  HIGHEST GUST SPEED    24   HIGHEST GUST DIRECTION     S (200)
  AVERAGE WIND SPEED     7.9


SKY COVER
  POSSIBLE SUNSHINE  MM
  AVERAGE SKY COVER 1.0


WEATHER CONDITIONS
 THE FOLLOWING WEATHER WAS RECORDED YESTERDAY.
  NO SIGNIFICANT WEATHER WAS OBSERVED.


RELATIVE HUMIDITY (PERCENT)
 HIGHEST    63           300 AM
 LOWEST     22           200 PM
 AVERAGE    43

..........................................................


THE EAU CLAIRE WI CLIMATE NORMALS FOR TODAY
                         NORMAL    RECORD    YEAR
 MAXIMUM TEMPERATURE (F)   43        69      2012
 MINIMUM TEMPERATURE (F)   23       -19      1981


SUNRISE AND SUNSET
MARCH 20 2015.........SUNRISE   709 AM CDT   SUNSET   718 PM CDT
MARCH 21 2015.........SUNRISE   708 AM CDT   SUNSET   719 PM CDT


-  INDICATES NEGATIVE NUMBERS.
R  INDICATES RECORD WAS SET OR TIED.
MM INDICATES DATA IS MISSING.
T  INDICATES TRACE AMOUNT.




$$
