000
CDUS43 KMPX 180637
CLIEAU


CLIMATE REPORT
NATIONAL WEATHER SERVICE CHANHASSEN MN
1236 AM CST WED FEB 18 2015


...................................

...THE EAU CLAIRE WI CLIMATE SUMMARY FOR FEBRUARY 17 2015...

CLIMATE NORMAL PERIOD 1981 TO 2010
CLIMATE RECORD PERIOD 1893 TO 2015


WEATHER ITEM   OBSERVED TIME   RECORD YEAR NORMAL DEPARTURE LAST
                VALUE   (LST)  VALUE       VALUE  FROM      YEAR
                                                  NORMAL
..................................................................
TEMPERATURE (F)
 YESTERDAY
  MAXIMUM         12   1213 AM  55    1981  30    -18       25
  MINIMUM          1    753 AM -24    1903  11    -10       11
  AVERAGE          7                        20    -13       18

PRECIPITATION (IN)
  YESTERDAY        0.01          0.50 1932   0.03  -0.02     0.35
  MONTH TO DATE    0.19                      0.46  -0.27     0.56
  SINCE DEC 1      1.24                      2.35  -1.11     3.67
  SINCE JAN 1      0.56                      1.35  -0.79     2.14

SNOWFALL (IN)
  YESTERDAY        0.1           6.0  1932   0.2   -0.1      3.3
  MONTH TO DATE    3.3                       4.6   -1.3      5.1
  SINCE DEC 1     16.0                      27.3  -11.3     48.9
  SINCE JUL 1     30.2                      33.6   -3.4     51.1
  SNOW DEPTH       4

DEGREE DAYS
 HEATING
  YESTERDAY       58                        45     13       47
  MONTH TO DATE  911                       807    104     1056
  SINCE DEC 1   3704                      3805   -101     4552
  SINCE JUL 1   5676                      5551    125     6297

 COOLING
  YESTERDAY        0                         0      0        0
  MONTH TO DATE    0                         0      0        0
  SINCE DEC 1      0                         0      0        0
  SINCE JAN 1      0                         0      0        0
..................................................................


WIND (MPH)
  HIGHEST WIND SPEED    17   HIGHEST WIND DIRECTION    NW (320)
  HIGHEST GUST SPEED    24   HIGHEST GUST DIRECTION    NW (310)
  AVERAGE WIND SPEED     8.9


SKY COVER
  POSSIBLE SUNSHINE  MM
  AVERAGE SKY COVER 0.7


WEATHER CONDITIONS
 THE FOLLOWING WEATHER WAS RECORDED YESTERDAY.
  HAZE


RELATIVE HUMIDITY (PERCENT)
 HIGHEST    83           500 AM
 LOWEST     50           300 PM
 AVERAGE    67

..........................................................


THE EAU CLAIRE WI CLIMATE NORMALS FOR TODAY
                         NORMAL    RECORD    YEAR
 MAXIMUM TEMPERATURE (F)   30        59      1981
 MINIMUM TEMPERATURE (F)   11       -22      1903


SUNRISE AND SUNSET
FEBRUARY 18 2015......SUNRISE   702 AM CST   SUNSET   538 PM CST
FEBRUARY 19 2015......SUNRISE   701 AM CST   SUNSET   539 PM CST


-  INDICATES NEGATIVE NUMBERS.
R  INDICATES RECORD WAS SET OR TIED.
MM INDICATES DATA IS MISSING.
T  INDICATES TRACE AMOUNT.




$$
