000
CDUS43 KMPX 092248
CLIEAU


CLIMATE REPORT
NATIONAL WEATHER SERVICE CHANHASSEN MN
448 PM CST TUE DEC 9 2014


...................................

...THE EAU CLAIRE WI CLIMATE SUMMARY FOR DECEMBER 9 2014...
VALID AS OF 0400 PM LOCAL TIME.

CLIMATE NORMAL PERIOD 1981 TO 2010
CLIMATE RECORD PERIOD 1893 TO 2014


WEATHER ITEM   OBSERVED TIME   RECORD YEAR NORMAL DEPARTURE LAST
                VALUE   (LST)  VALUE       VALUE  FROM      YEAR
                                                  NORMAL
..................................................................
TEMPERATURE (F)
 TODAY
  MAXIMUM         29    359 PM  56    1939  29      0       10
  MINIMUM         24    634 AM -22    1927  13     11       -7
  AVERAGE         27                        21      6        2

PRECIPITATION (IN)
  TODAY            0.00          0.78 2012   0.04  -0.04      T
  MONTH TO DATE    0.01                      0.36  -0.35     0.89
  SINCE DEC 1      0.01                      0.36  -0.35     0.89
  SINCE JAN 1     42.31                     30.34  11.97    35.26

SNOWFALL (IN)
  TODAY            0.0          12.5  2012   0.4   -0.4      0.1
  MONTH TO DATE    0.2                       2.8   -2.6      5.8
  SINCE DEC 1      0.2                       2.8   -2.6      5.8
  SINCE JUL 1     14.4                       9.1    5.3      8.0
  SNOW DEPTH       2

DEGREE DAYS
 HEATING
  TODAY           38                        44     -6       63
  MONTH TO DATE  412                       383     29      452
  SINCE DEC 1    412                       383     29      452
  SINCE JUL 1   2384                      2129    255     2197

 COOLING
  TODAY            0                         0      0        0
  MONTH TO DATE    0                         0      0        0
  SINCE DEC 1      0                         0      0        0
  SINCE JAN 1    500                       579    -79      653
..................................................................


WIND (MPH)
  HIGHEST WIND SPEED    13   HIGHEST WIND DIRECTION    NW (330)
  HIGHEST GUST SPEED    16   HIGHEST GUST DIRECTION     N (350)
  AVERAGE WIND SPEED     6.0


SKY COVER
  POSSIBLE SUNSHINE  MM
  AVERAGE SKY COVER 1.0


WEATHER CONDITIONS
 THE FOLLOWING WEATHER WAS RECORDED TODAY.
  NO SIGNIFICANT WEATHER WAS OBSERVED.


RELATIVE HUMIDITY (PERCENT)
 HIGHEST    88           600 AM
 LOWEST     74          1200 AM
 AVERAGE    81

..........................................................


THE EAU CLAIRE WI CLIMATE NORMALS FOR TOMORROW
                         NORMAL    RECORD    YEAR
 MAXIMUM TEMPERATURE (F)   29        53      1979
 MINIMUM TEMPERATURE (F)   12       -20      1919
                                             1978


SUNRISE AND SUNSET
DECEMBER  9 2014......SUNRISE   732 AM CST   SUNSET   425 PM CST
DECEMBER 10 2014......SUNRISE   733 AM CST   SUNSET   425 PM CST


-  INDICATES NEGATIVE NUMBERS.
R  INDICATES RECORD WAS SET OR TIED.
MM INDICATES DATA IS MISSING.
T  INDICATES TRACE AMOUNT.




$$
