000
CDUS43 KMPX 270837
CLIEAU


CLIMATE REPORT
NATIONAL WEATHER SERVICE CHANHASSEN MN
335 AM CDT FRI MAR 27 2015


...................................

...THE EAU CLAIRE WI CLIMATE SUMMARY FOR MARCH 26 2015...

CLIMATE NORMAL PERIOD 1981 TO 2010
CLIMATE RECORD PERIOD 1893 TO 2015


WEATHER ITEM   OBSERVED TIME   RECORD YEAR NORMAL DEPARTURE LAST
                VALUE   (LST)  VALUE       VALUE  FROM      YEAR
                                                  NORMAL
..................................................................
TEMPERATURE (F)
 YESTERDAY
  MAXIMUM         35   1208 AM  81    2007  46    -11       36
  MINIMUM         19   1155 PM -12    1965  26     -7        2
  AVERAGE         27                        36     -9       19

PRECIPITATION (IN)
  YESTERDAY        0.00          1.06 1906   0.06  -0.06     0.00
  MONTH TO DATE    0.55                      1.36  -0.81     0.22
  SINCE MAR 1      0.55                      1.36  -0.81     0.22
  SINCE JAN 1      1.14                      3.06  -1.92     3.42

SNOWFALL (IN)
  YESTERDAY        0.0           4.8  1936   0.3   -0.3      0.0
  MONTH TO DATE    5.9                       7.6   -1.7      3.2
  SINCE MAR 1      5.9                       7.6   -1.7      3.2
  SINCE JUL 1     36.7                      43.9   -7.2     64.9
  SNOW DEPTH       T

DEGREE DAYS
 HEATING
  YESTERDAY       38                        29      9       46
  MONTH TO DATE  843                       905    -62     1152
  SINCE MAR 1    843                       905    -62     1152
  SINCE JUL 1   7196                      6926    270     8044

 COOLING
  YESTERDAY        0                         0      0        0
  MONTH TO DATE    0                         0      0        0
  SINCE MAR 1      0                         0      0        0
  SINCE JAN 1      0                         0      0        0
..................................................................


WIND (MPH)
  HIGHEST WIND SPEED    20   HIGHEST WIND DIRECTION    NW (310)
  HIGHEST GUST SPEED    28   HIGHEST GUST DIRECTION    NW (300)
  AVERAGE WIND SPEED     9.9


SKY COVER
  POSSIBLE SUNSHINE  MM
  AVERAGE SKY COVER 0.8


WEATHER CONDITIONS
 THE FOLLOWING WEATHER WAS RECORDED YESTERDAY.
  NO SIGNIFICANT WEATHER WAS OBSERVED.


RELATIVE HUMIDITY (PERCENT)
 HIGHEST    63           600 AM
 LOWEST     41           300 PM
 AVERAGE    52

..........................................................


THE EAU CLAIRE WI CLIMATE NORMALS FOR TODAY
                         NORMAL    RECORD    YEAR
 MAXIMUM TEMPERATURE (F)   47        75      1946
 MINIMUM TEMPERATURE (F)   26        -4      1965


SUNRISE AND SUNSET
MARCH 27 2015.........SUNRISE   656 AM CDT   SUNSET   727 PM CDT
MARCH 28 2015.........SUNRISE   655 AM CDT   SUNSET   728 PM CDT


-  INDICATES NEGATIVE NUMBERS.
R  INDICATES RECORD WAS SET OR TIED.
MM INDICATES DATA IS MISSING.
T  INDICATES TRACE AMOUNT.




$$
