871
CDUS43 KMPX 221145
CLIEAU


CLIMATE REPORT
NATIONAL WEATHER SERVICE CHANHASSEN MN
545 AM CST MON JAN 22 2018


...................................

...THE EAU CLAIRE WI CLIMATE SUMMARY FOR JANUARY 21 2018...

CLIMATE NORMAL PERIOD 1981 TO 2010
CLIMATE RECORD PERIOD 1893 TO 2018


WEATHER ITEM   OBSERVED TIME   RECORD YEAR NORMAL DEPARTURE LAST
                VALUE   (LST)  VALUE       VALUE  FROM      YEAR
                                                  NORMAL
..................................................................
TEMPERATURE (F)
 YESTERDAY
  MAXIMUM         42    232 PM  47    1908  23     19       37
  MINIMUM         25    809 AM -27    1954   5     20       33
  AVERAGE         34                        14     20       35

PRECIPITATION (IN)
  YESTERDAY        0.00          0.90 1917   0.03  -0.03     0.07
  MONTH TO DATE    0.61                      0.60   0.01     1.90
  SINCE DEC 1      1.52                      1.60  -0.08     4.00
  SINCE JAN 1      0.61                      0.60   0.01     1.90

SNOWFALL (IN)
  YESTERDAY        0.0           9.0  1917   0.5   -0.5      0.0
  MONTH TO DATE    6.1                       8.9   -2.8     11.4
  SINCE DEC 1     13.4                      18.4   -5.0     30.6
  SINCE JUL 1     16.7                      24.7   -8.0     32.3
  SNOW DEPTH       2

DEGREE DAYS
 HEATING
  YESTERDAY       31                        51    -20       30
  MONTH TO DATE 1133                      1066     67     1067
  SINCE DEC 1   2641                      2496    145     2478
  SINCE JUL 1   4282                      4242     40     3687

 COOLING
  YESTERDAY        0                         0      0        0
  MONTH TO DATE    0                         0      0        0
  SINCE DEC 1      0                         0      0        0
  SINCE JAN 1      0                         0      0        0
..................................................................


WIND (MPH)
  HIGHEST WIND SPEED    12   HIGHEST WIND DIRECTION    NE (50)
  HIGHEST GUST SPEED    17   HIGHEST GUST DIRECTION    NE (50)
  AVERAGE WIND SPEED     4.1


SKY COVER
  POSSIBLE SUNSHINE  MM
  AVERAGE SKY COVER 1.0


WEATHER CONDITIONS
 THE FOLLOWING WEATHER WAS RECORDED YESTERDAY.
  FOG
  HAZE


RELATIVE HUMIDITY (PERCENT)
 HIGHEST   100           100 AM
 LOWEST     65           200 PM
 AVERAGE    83

..........................................................


THE EAU CLAIRE WI CLIMATE NORMALS FOR TODAY
                         NORMAL    RECORD    YEAR
 MAXIMUM TEMPERATURE (F)   23        48      1942
 MINIMUM TEMPERATURE (F)    5       -29      1936


SUNRISE AND SUNSET
JANUARY 22 2018.......SUNRISE   735 AM CST   SUNSET   500 PM CST
JANUARY 23 2018.......SUNRISE   734 AM CST   SUNSET   502 PM CST


-  INDICATES NEGATIVE NUMBERS.
R  INDICATES RECORD WAS SET OR TIED.
MM INDICATES DATA IS MISSING.
T  INDICATES TRACE AMOUNT.




$$
