000
CDUS43 KMPX 220712
CLIEAU


CLIMATE REPORT
NATIONAL WEATHER SERVICE CHANHASSEN MN
211 AM CDT MON SEP 22 2014


...................................

...THE EAU CLAIRE WI CLIMATE SUMMARY FOR SEPTEMBER 21 2014...

CLIMATE NORMAL PERIOD 1981 TO 2010
CLIMATE RECORD PERIOD 1893 TO 2014


WEATHER ITEM   OBSERVED TIME   RECORD YEAR NORMAL DEPARTURE LAST
                VALUE   (LST)  VALUE       VALUE  FROM      YEAR
                                                  NORMAL
..................................................................
TEMPERATURE (F)
 YESTERDAY
  MAXIMUM         65    414 PM  89    1908  69     -4       64
                                      1941
  MINIMUM         45   1151 PM  29    1999  46     -1       40
  AVERAGE         55                        58     -3       52

PRECIPITATION (IN)
  YESTERDAY        T             4.12 1986   0.12  -0.12     0.00
  MONTH TO DATE    5.33                      2.62   2.71     1.50
  SINCE SEP 1      5.33                      2.62   2.71     1.50
  SINCE JAN 1     38.00                     24.74  13.26    29.14

SNOWFALL (IN)
  YESTERDAY        0.0           0.0    MM   0.0    0.0      0.0
  MONTH TO DATE    0.0                       0.0    0.0      0.0
  SINCE SEP 1      0.0                       0.0    0.0      0.0
  SINCE JUL 1      0.0                       0.0    0.0      0.0
  SNOW DEPTH       0

DEGREE DAYS
 HEATING
  YESTERDAY       10                         8      2       13
  MONTH TO DATE  136                       102     34       88
  SINCE SEP 1    136                       102     34       88
  SINCE JUL 1    159                       141     18      126

 COOLING
  YESTERDAY        0                         1     -1        0
  MONTH TO DATE   18                        42    -24       82
  SINCE SEP 1     18                        42    -24       82
  SINCE JAN 1    496                       569    -73      648
..................................................................


WIND (MPH)
  HIGHEST WIND SPEED    24   HIGHEST WIND DIRECTION    NW (300)
  HIGHEST GUST SPEED    34   HIGHEST GUST DIRECTION    NW (310)
  AVERAGE WIND SPEED     9.8


SKY COVER
  POSSIBLE SUNSHINE  MM
  AVERAGE SKY COVER 0.5


WEATHER CONDITIONS
 THE FOLLOWING WEATHER WAS RECORDED YESTERDAY.
  LIGHT RAIN
  FOG


RELATIVE HUMIDITY (PERCENT)
 HIGHEST    93           900 PM
 LOWEST     44           300 PM
 AVERAGE    69

..........................................................


THE EAU CLAIRE WI CLIMATE NORMALS FOR TODAY
                         NORMAL    RECORD    YEAR
 MAXIMUM TEMPERATURE (F)   69        93      1936
                                             1937
 MINIMUM TEMPERATURE (F)   46        25      1974


SUNRISE AND SUNSET
SEPTEMBER 22 2014.....SUNRISE   653 AM CDT   SUNSET   703 PM CDT
SEPTEMBER 23 2014.....SUNRISE   654 AM CDT   SUNSET   701 PM CDT


-  INDICATES NEGATIVE NUMBERS.
R  INDICATES RECORD WAS SET OR TIED.
MM INDICATES DATA IS MISSING.
T  INDICATES TRACE AMOUNT.




$$
