000
CDUS43 KMPX 162226
CLIEAU


CLIMATE REPORT
NATIONAL WEATHER SERVICE CHANHASSEN MN
426 PM CST THU NOV 16 2017


...................................

...THE EAU CLAIRE WI CLIMATE SUMMARY FOR NOVEMBER 16 2017...
VALID TODAY AS OF 0400 PM LOCAL TIME.

CLIMATE NORMAL PERIOD 1981 TO 2010
CLIMATE RECORD PERIOD 1893 TO 2017


WEATHER ITEM   OBSERVED TIME   RECORD YEAR NORMAL DEPARTURE LAST
                VALUE   (LST)  VALUE       VALUE  FROM      YEAR
                                                  NORMAL
..................................................................
TEMPERATURE (F)
 TODAY
  MAXIMUM         35    255 PM  70    1953  41     -6       57
  MINIMUM         27    750 AM  -1    1933  24      3       27
  AVERAGE         31                        33     -2       42

PRECIPITATION (IN)
  TODAY            0.00          1.02 1909   0.06  -0.06     0.00
  MONTH TO DATE    0.39                      1.03  -0.64     0.00
  SINCE SEP 1      6.20                      7.05  -0.85    10.92
  SINCE JAN 1     34.32                     29.17   5.15    37.75

SNOWFALL (IN)
  TODAY            0.0           9.5  1909   0.2   -0.2      0.0
  MONTH TO DATE    1.4                       2.2   -0.8      0.0
  SINCE SEP 1      3.3                       2.6    0.7      0.0
  SINCE JUL 1      3.3                       2.6    0.7      0.0
  SNOW DEPTH       0

DEGREE DAYS
 HEATING
  TODAY           34                        32      2       23
  MONTH TO DATE  557                       450    107      282
  SINCE SEP 1   1147                      1195    -48      789
  SINCE JUL 1   1190                      1234    -44      799

 COOLING
  TODAY            0                         0      0        0
  MONTH TO DATE    0                         0      0        0
  SINCE SEP 1     94                        52     42       41
  SINCE JAN 1    466                       579   -113      624
..................................................................


WIND (MPH)
  HIGHEST WIND SPEED    16   HIGHEST WIND DIRECTION    NW (330)
  HIGHEST GUST SPEED    21   HIGHEST GUST DIRECTION    NW (330)
  AVERAGE WIND SPEED     8.1


SKY COVER
  POSSIBLE SUNSHINE  MM
  AVERAGE SKY COVER 0.9


WEATHER CONDITIONS
 THE FOLLOWING WEATHER WAS RECORDED TODAY.
  NO SIGNIFICANT WEATHER WAS OBSERVED.


RELATIVE HUMIDITY (PERCENT)
 HIGHEST    78           100 AM
 LOWEST     61           200 PM
 AVERAGE    70

..........................................................


THE EAU CLAIRE WI CLIMATE NORMALS FOR TOMORROW
                         NORMAL    RECORD    YEAR
 MAXIMUM TEMPERATURE (F)   40        69      1953
                                             1931
 MINIMUM TEMPERATURE (F)   24        -3      1959


SUNRISE AND SUNSET
NOVEMBER 16 2017......SUNRISE   705 AM CST   SUNSET   436 PM CST
NOVEMBER 17 2017......SUNRISE   706 AM CST   SUNSET   435 PM CST


-  INDICATES NEGATIVE NUMBERS.
R  INDICATES RECORD WAS SET OR TIED.
MM INDICATES DATA IS MISSING.
T  INDICATES TRACE AMOUNT.




$$
