000
CDUS43 KMPX 290632
CLIEAU


CLIMATE REPORT
NATIONAL WEATHER SERVICE CHANHASSEN MN
130 AM CDT MON SEP 29 2014


...................................

...THE EAU CLAIRE WI CLIMATE SUMMARY FOR SEPTEMBER 28 2014...

CLIMATE NORMAL PERIOD 1981 TO 2010
CLIMATE RECORD PERIOD 1893 TO 2014


WEATHER ITEM   OBSERVED TIME   RECORD YEAR NORMAL DEPARTURE LAST
                VALUE   (LST)  VALUE       VALUE  FROM      YEAR
                                                  NORMAL
..................................................................
TEMPERATURE (F)
 YESTERDAY
  MAXIMUM         80    355 PM  86    1898  66     14       73
  MINIMUM         51    600 AM  25    1942  43      8       47
                                      1893
  AVERAGE         66                        55     11       60

PRECIPITATION (IN)
  YESTERDAY        0.00          1.39 1911   0.12  -0.12     0.27
  MONTH TO DATE    5.46                      3.47   1.99     1.77
  SINCE SEP 1      5.46                      3.47   1.99     1.77
  SINCE JAN 1     38.13                     25.59  12.54    29.41

SNOWFALL (IN)
  YESTERDAY        0.0           T    1899   0.0    0.0      0.0
                                      1908
  MONTH TO DATE    0.0                       0.0    0.0      0.0
  SINCE SEP 1      0.0                       0.0    0.0      0.0
  SINCE JUL 1      0.0                       0.0    0.0      0.0
  SNOW DEPTH       0

DEGREE DAYS
 HEATING
  YESTERDAY        0                        11    -11        5
  MONTH TO DATE  158                       170    -12      122
  SINCE SEP 1    158                       170    -12      122
  SINCE JUL 1    181                       209    -28      160

 COOLING
  YESTERDAY        1                         0      1        0
  MONTH TO DATE   22                        48    -26       87
  SINCE SEP 1     22                        48    -26       87
  SINCE JAN 1    500                       575    -75      653
..................................................................


WIND (MPH)
  HIGHEST WIND SPEED    10   HIGHEST WIND DIRECTION    SW (210)
  HIGHEST GUST SPEED    13   HIGHEST GUST DIRECTION    SW (230)
  AVERAGE WIND SPEED     2.2


SKY COVER
  POSSIBLE SUNSHINE  MM
  AVERAGE SKY COVER 0.1


WEATHER CONDITIONS
 THE FOLLOWING WEATHER WAS RECORDED YESTERDAY.
  FOG
  FOG W/VISIBILITY <= 1/4 MILE


RELATIVE HUMIDITY (PERCENT)
 HIGHEST   100           400 AM
 LOWEST     45           400 PM
 AVERAGE    73

..........................................................


THE EAU CLAIRE WI CLIMATE NORMALS FOR TODAY
                         NORMAL    RECORD    YEAR
 MAXIMUM TEMPERATURE (F)   66        89      1898
 MINIMUM TEMPERATURE (F)   43        23      1967


SUNRISE AND SUNSET
SEPTEMBER 29 2014.....SUNRISE   701 AM CDT   SUNSET   650 PM CDT
SEPTEMBER 30 2014.....SUNRISE   703 AM CDT   SUNSET   648 PM CDT


-  INDICATES NEGATIVE NUMBERS.
R  INDICATES RECORD WAS SET OR TIED.
MM INDICATES DATA IS MISSING.
T  INDICATES TRACE AMOUNT.




$$
