000
CDUS43 KMPX 210109
CLIEAU


CLIMATE REPORT
NATIONAL WEATHER SERVICE CHANHASSEN MN
809 PM CDT SAT MAY 20 2017


...................................

...THE EAU CLAIRE WI CLIMATE SUMMARY FOR MAY 20 2017...
VALID TODAY AS OF 0800 PM LOCAL TIME.

CLIMATE NORMAL PERIOD 1981 TO 2010
CLIMATE RECORD PERIOD 1893 TO 2017


WEATHER ITEM   OBSERVED TIME   RECORD YEAR NORMAL DEPARTURE LAST
                VALUE   (LST)  VALUE       VALUE  FROM      YEAR
                                                  NORMAL
..................................................................
TEMPERATURE (F)
 TODAY
  MAXIMUM         49   1243 AM  94    1934  71    -22       76
  MINIMUM         44    537 AM  27    2002  47     -3       40
  AVERAGE         47                        59    -12       58

PRECIPITATION (IN)
  TODAY            0.82          1.04 1913   0.11   0.71     0.00
  MONTH TO DATE    3.97                      2.18   1.79     0.97
  SINCE MAR 1     10.03                      6.66   3.37     8.19
  SINCE JAN 1     14.11                      8.36   5.75     9.35

SNOWFALL (IN)
  TODAY            0.0           T    1915   0.0    0.0      0.0
  MONTH TO DATE    T                         0.2   -0.2      0.0
  SINCE MAR 1      5.6                      10.7   -5.1     13.9
  SINCE JUL 1     54.5                      47.0    7.5     38.0
  SNOW DEPTH       0

DEGREE DAYS
 HEATING
  TODAY           18                         7     11        7
  MONTH TO DATE  211                       192     19      243
  SINCE MAR 1   1782                      1812    -30     1631
  SINCE JUL 1   6892                      7832   -940     6809

 COOLING
  TODAY            0                         1     -1        0
  MONTH TO DATE    7                        14     -7        3
  SINCE MAR 1      7                        18    -11        7
  SINCE JAN 1      7                        18    -11        7
..................................................................


WIND (MPH)
  HIGHEST WIND SPEED    17   HIGHEST WIND DIRECTION     E (90)
  HIGHEST GUST SPEED    24   HIGHEST GUST DIRECTION     E (90)
  AVERAGE WIND SPEED    12.1


SKY COVER
  POSSIBLE SUNSHINE  MM
  AVERAGE SKY COVER 0.8


WEATHER CONDITIONS
 THE FOLLOWING WEATHER WAS RECORDED TODAY.
  HEAVY RAIN
  RAIN
  LIGHT RAIN
  FOG


RELATIVE HUMIDITY (PERCENT)
 HIGHEST    93           100 PM
 LOWEST     46          1200 AM
 AVERAGE    70

..........................................................


THE EAU CLAIRE WI CLIMATE NORMALS FOR TOMORROW
                         NORMAL    RECORD    YEAR
 MAXIMUM TEMPERATURE (F)   71        89      1994
                                             1992
                                             1988
 MINIMUM TEMPERATURE (F)   47        31      1997
                                             1895


SUNRISE AND SUNSET
MAY 20 2017...........SUNRISE   532 AM CDT   SUNSET   834 PM CDT
MAY 21 2017...........SUNRISE   531 AM CDT   SUNSET   835 PM CDT


-  INDICATES NEGATIVE NUMBERS.
R  INDICATES RECORD WAS SET OR TIED.
MM INDICATES DATA IS MISSING.
T  INDICATES TRACE AMOUNT.




$$
