564
CDUS43 KMPX 160708
CLIEAU


CLIMATE REPORT
NATIONAL WEATHER SERVICE CHANHASSEN MN
107 AM CST SAT DEC 16 2017


...................................

...THE EAU CLAIRE WI CLIMATE SUMMARY FOR DECEMBER 15 2017...

CLIMATE NORMAL PERIOD 1981 TO 2010
CLIMATE RECORD PERIOD 1893 TO 2017


WEATHER ITEM   OBSERVED TIME   RECORD YEAR NORMAL DEPARTURE LAST
                VALUE   (LST)  VALUE       VALUE  FROM      YEAR
                                                  NORMAL
..................................................................
TEMPERATURE (F)
 YESTERDAY
  MAXIMUM         22   1159 PM  54    1894  27     -5        3
  MINIMUM         16    926 AM -29    1961  10      6      -10
  AVERAGE         19                        19      0       -3

PRECIPITATION (IN)
  YESTERDAY        0.05          1.00 1902   0.03   0.02     0.00
  MONTH TO DATE    0.71                      0.55   0.16     0.77
  SINCE DEC 1      0.71                      0.55   0.16     0.77
  SINCE JAN 1     35.13                     30.53   4.60    39.69

SNOWFALL (IN)
  YESTERDAY        0.8          10.0  1902   0.3    0.5      0.0
  MONTH TO DATE    4.9                       4.6    0.3      9.9
  SINCE DEC 1      4.9                       4.6    0.3      9.9
  SINCE JUL 1      8.2                      10.9   -2.7     11.6
  SNOW DEPTH       2

DEGREE DAYS
 HEATING
  YESTERDAY       46                        46      0       68
  MONTH TO DATE  622                       656    -34      698
  SINCE DEC 1    622                       656    -34      698
  SINCE JUL 1   2263                      2402   -139     1907

 COOLING
  YESTERDAY        0                         0      0        0
  MONTH TO DATE    0                         0      0        0
  SINCE DEC 1      0                         0      0        0
  SINCE JAN 1    466                       579   -113      624
..................................................................


WIND (MPH)
  HIGHEST WIND SPEED    17   HIGHEST WIND DIRECTION     W (280)
  HIGHEST GUST SPEED    23   HIGHEST GUST DIRECTION    NW (300)
  AVERAGE WIND SPEED     6.0


SKY COVER
  POSSIBLE SUNSHINE  MM
  AVERAGE SKY COVER 0.9


WEATHER CONDITIONS
 THE FOLLOWING WEATHER WAS RECORDED YESTERDAY.
  LIGHT SNOW
  FOG


RELATIVE HUMIDITY (PERCENT)
 HIGHEST    92           900 PM
 LOWEST     67           800 AM
 AVERAGE    80

..........................................................


THE EAU CLAIRE WI CLIMATE NORMALS FOR TODAY
                         NORMAL    RECORD    YEAR
 MAXIMUM TEMPERATURE (F)   27        52      1939
 MINIMUM TEMPERATURE (F)   10       -26      1932


SUNRISE AND SUNSET
DECEMBER 16 2017......SUNRISE   738 AM CST   SUNSET   426 PM CST
DECEMBER 17 2017......SUNRISE   738 AM CST   SUNSET   426 PM CST


-  INDICATES NEGATIVE NUMBERS.
R  INDICATES RECORD WAS SET OR TIED.
MM INDICATES DATA IS MISSING.
T  INDICATES TRACE AMOUNT.




$$
