000
CDUS43 KMPX 230030
CLIEAU


CLIMATE REPORT
NATIONAL WEATHER SERVICE CHANHASSEN MN
628 PM CST WED NOV 22 2017


...................................

...THE EAU CLAIRE WI CLIMATE SUMMARY FOR NOVEMBER 22 2017...
VALID TODAY AS OF 0600 PM LOCAL TIME.

CLIMATE NORMAL PERIOD 1981 TO 2010
CLIMATE RECORD PERIOD 1893 TO 2017


WEATHER ITEM   OBSERVED TIME   RECORD YEAR NORMAL DEPARTURE LAST
                VALUE   (LST)  VALUE       VALUE  FROM      YEAR
                                                  NORMAL
..................................................................
TEMPERATURE (F)
 TODAY
  MAXIMUM         26    315 PM  62    2012  37    -11       37
  MINIMUM          9    625 AM  -6    1921  21    -12       27
  AVERAGE         18                        29    -11       32

PRECIPITATION (IN)
  TODAY            T             0.90 1963   0.06  -0.06     0.17
  MONTH TO DATE    0.45                      1.39  -0.94     0.22
  SINCE SEP 1      6.26                      7.41  -1.15    11.14
  SINCE JAN 1     34.38                     29.53   4.85    37.97

SNOWFALL (IN)
  TODAY            T             4.0  1996   0.3   -0.3      0.7
  MONTH TO DATE    1.4                       3.7   -2.3      0.7
  SINCE SEP 1      3.3                       4.1   -0.8      0.7
  SINCE JUL 1      3.3                       4.1   -0.8      0.7
  SNOW DEPTH       0

DEGREE DAYS
 HEATING
  TODAY           47                        36     11       33
  MONTH TO DATE  778                       656    122      461
  SINCE SEP 1   1368                      1401    -33      968
  SINCE JUL 1   1411                      1440    -29      978

 COOLING
  TODAY            0                         0      0        0
  MONTH TO DATE    0                         0      0        0
  SINCE SEP 1     94                        52     42       41
  SINCE JAN 1    466                       579   -113      624
..................................................................


WIND (MPH)
  HIGHEST WIND SPEED    13   HIGHEST WIND DIRECTION     S (200)
  HIGHEST GUST SPEED    15   HIGHEST GUST DIRECTION    SW (220)
  AVERAGE WIND SPEED     5.2


SKY COVER
  POSSIBLE SUNSHINE  MM
  AVERAGE SKY COVER 0.3


WEATHER CONDITIONS
 THE FOLLOWING WEATHER WAS RECORDED TODAY.
  LIGHT SNOW


RELATIVE HUMIDITY (PERCENT)
 HIGHEST    92           700 AM
 LOWEST     55           100 PM
 AVERAGE    74

..........................................................


THE EAU CLAIRE WI CLIMATE NORMALS FOR TOMORROW
                         NORMAL    RECORD    YEAR
 MAXIMUM TEMPERATURE (F)   37        59      2001
 MINIMUM TEMPERATURE (F)   21        -9      1956


SUNRISE AND SUNSET
NOVEMBER 22 2017......SUNRISE   713 AM CST   SUNSET   431 PM CST
NOVEMBER 23 2017......SUNRISE   714 AM CST   SUNSET   430 PM CST


-  INDICATES NEGATIVE NUMBERS.
R  INDICATES RECORD WAS SET OR TIED.
MM INDICATES DATA IS MISSING.
T  INDICATES TRACE AMOUNT.




$$
