692
CXUS53 KMPX 010824
CLMEAU


CLIMATE REPORT
NATIONAL WEATHER SERVICE CHANHASSEN MN
322 AM CDT MON AUG 1 2016

...................................

...THE EAU CLAIRE WI CLIMATE SUMMARY FOR THE MONTH OF JULY 2016...

CLIMATE NORMAL PERIOD 1981 TO 2010
CLIMATE RECORD PERIOD 1893 TO 2016

WEATHER         OBSERVED          NORMAL  DEPART  LAST YEAR`S
                 VALUE   DATE(S)  VALUE   FROM    VALUE  DATE(S)
                                          NORMAL
................................................................
TEMPERATURE (F)
RECORD
 HIGH             111   07/14/1936
                        07/13/1936
 LOW               41   07/09/1895
HIGHEST            93   07/22        95      -2       88  07/12
LOWEST             49   07/02        55      -6       45  07/01
AVG. MAXIMUM     82.5              82.9    -0.4     81.4
AVG. MINIMUM     61.2              60.2     1.0     58.8
MEAN             71.8              71.6     0.2     70.1
DAYS MAX >= 90      2               4.7    -2.7        0
DAYS MAX <= 32      0               0.0     0.0        0
DAYS MIN <= 32      0               0.0     0.0        0
DAYS MIN <= 0       0               0.0     0.0        0

PRECIPITATION (INCHES)
RECORD
 MAXIMUM         8.88   1900
 MINIMUM         0.12   1936
TOTALS           3.51              3.88   -0.37     6.09
DAILY AVG.       0.11              0.13   -0.02     0.20
DAYS >= .01        12              11.9     0.1        7
DAYS >= .10         7               7.3    -0.3        7
DAYS >= .50         1               2.7    -1.7        4
DAYS >= 1.00        1               0.8     0.2        2
GREATEST
 24 HR. TOTAL    1.44   07/05 TO 07/05
                        07/04 TO 07/05
                        07/05 TO 07/05

SNOWFALL (INCHES)
RECORDS
 TOTAL            0.0   MM
TOTALS            0.0               0.0     0.0      0.0
SINCE 7/1         0.0               0.0     0.0      0.0
SNOWDEPTH AVG.      0                MM      MM        0
DAYS >= 1.0         0               0.0     0.0        0
GREATEST
 SNOW DEPTH         0   MM                             0  MM
 24 HR TOTAL      0.0   07/31 TO 07/31

DEGREE_DAYS
HEATING TOTAL       4                11      -7       16
 SINCE 7/1          4                11      -7       16
COOLING TOTAL     221               214       7      180
 SINCE 1/1        387               366      21      280
.................................................................

WIND (MPH)
AVERAGE WIND SPEED              6.6
HIGHEST WIND SPEED/DIRECTION   9999MM     DATE  07/12
HIGHEST GUST SPEED/DIRECTION    40/190    DATE  07/17

SKY COVER
POSSIBLE SUNSHINE (PERCENT)   MM
AVERAGE SKY COVER           0.30
NUMBER OF DAYS FAIR           19
NUMBER OF DAYS PC             10
NUMBER OF DAYS CLOUDY          2

AVERAGE RH (PERCENT)     74

WEATHER CONDITIONS. NUMBER OF DAYS WITH
THUNDERSTORM              0     MIXED PRECIP               0
HEAVY RAIN                6     RAIN                       5
LIGHT RAIN               13     FREEZING RAIN              0
LT FREEZING RAIN          0     HAIL                       0
HEAVY SNOW                0     SNOW                       0
LIGHT SNOW                0     SLEET                      0
FOG                      20     FOG W/VIS <= 1/4 MILE      5
HAZE                      2

-  INDICATES NEGATIVE NUMBERS.
R  INDICATES RECORD WAS SET OR TIED.
MM INDICATES DATA IS MISSING.
T  INDICATES TRACE AMOUNT.

$$
