000
CXUS53 KMPX 011005
CLMEAU


CLIMATE REPORT
NATIONAL WEATHER SERVICE CHANHASSEN MN
505 AM CDT SAT JUL 1 2017

...................................

...THE EAU CLAIRE WI CLIMATE SUMMARY FOR THE MONTH OF JUNE 2017...

CLIMATE NORMAL PERIOD 1981 TO 2010
CLIMATE RECORD PERIOD 1893 TO 2017

WEATHER         OBSERVED          NORMAL  DEPART  LAST YEAR`S
                 VALUE   DATE(S)  VALUE   FROM    VALUE  DATE(S)
                                          NORMAL
................................................................
TEMPERATURE (F)
RECORD
 HIGH             105   06/01/1934
 LOW               25   06/01/1897
HIGHEST            94   06/10        90       4       91  06/25
                                                          06/11
                                                          06/10
LOWEST             43   06/26        49      -6       44  06/08
                        06/02
                        06/01
AVG. MAXIMUM     78.7              78.6     0.1     79.0
AVG. MINIMUM     55.6              55.3     0.3     56.8
MEAN             67.1              66.9     0.2     67.9
DAYS MAX >= 90      2               2.3    -0.3        4
DAYS MAX <= 32      0               0.0     0.0        0
DAYS MIN <= 32      0               0.0     0.0        0
DAYS MIN <= 0       0               0.0     0.0        0

PRECIPITATION (INCHES)
RECORD
 MAXIMUM        10.42   1990
 MINIMUM         0.59   1910
TOTALS           5.31              4.13    1.18     6.29
DAILY AVG.       0.18              0.14    0.04     0.21
DAYS >= .01        17              12.3     4.7       11
DAYS >= .10        10               8.2     1.8       10
DAYS >= .50         4               2.8     1.2        5
DAYS >= 1.00        1               0.8     0.2        3
GREATEST
 24 HR. TOTAL    1.38   06/11 TO 06/11

SNOWFALL (INCHES)
RECORDS
 TOTAL            0.0   MM
TOTALS            0.0               0.0     0.0      0.0
SINCE 7/1        54.5              46.8     7.7     38.0
SNOWDEPTH AVG.      0                MM      MM        0
DAYS >= 1.0         0               0.0     0.0        0
GREATEST
 SNOW DEPTH         0   MM                             0  MM
 24 HR TOTAL      0.0   06/30 TO 06/30

DEGREE_DAYS
HEATING TOTAL      37                62     -25       32
 SINCE 7/1       7006              7959    -953     6843
COOLING TOTAL     107               120     -13      126
 SINCE 1/1        115               152     -37      166
.................................................................

WIND (MPH)
AVERAGE WIND SPEED              7.4
HIGHEST WIND SPEED/DIRECTION    32/210    DATE  06/10
HIGHEST GUST SPEED/DIRECTION    43/290    DATE  06/11

SKY COVER
POSSIBLE SUNSHINE (PERCENT)   MM
AVERAGE SKY COVER           0.30
NUMBER OF DAYS FAIR           15
NUMBER OF DAYS PC             14
NUMBER OF DAYS CLOUDY          1

AVERAGE RH (PERCENT)     68

WEATHER CONDITIONS. NUMBER OF DAYS WITH
THUNDERSTORM              0     MIXED PRECIP               0
HEAVY RAIN                8     RAIN                       8
LIGHT RAIN               16     FREEZING RAIN              0
LT FREEZING RAIN          0     HAIL                       0
HEAVY SNOW                0     SNOW                       0
LIGHT SNOW                0     SLEET                      0
FOG                      17     FOG W/VIS <= 1/4 MILE      7
HAZE                      0

-  INDICATES NEGATIVE NUMBERS.
R  INDICATES RECORD WAS SET OR TIED.
MM INDICATES DATA IS MISSING.
T  INDICATES TRACE AMOUNT.

$$
