000
CXUS53 KMPX 010704
CLMEAU


CLIMATE REPORT
NATIONAL WEATHER SERVICE CHANHASSEN MN
204 AM CDT TUE APR 1 2014

...................................

...THE EAU CLAIRE WI CLIMATE SUMMARY FOR THE MONTH OF MARCH 2014...

CLIMATE NORMAL PERIOD 1981 TO 2010
CLIMATE RECORD PERIOD 1893 TO 2014

WEATHER         OBSERVED          NORMAL  DEPART  LAST YEAR`S
                 VALUE   DATE(S)  VALUE   FROM    VALUE  DATE(S)
                                          NORMAL
................................................................
TEMPERATURE (F)
RECORD
 HIGH              84   03/31/1986
                        03/29/1986
 LOW              -21   03/03/2014
                        03/11/1948
                        01/29/1951
HIGHEST            59   03/31        58       1       45  03/29
LOWEST            -21R  03/03         8     -29       -4  03/21
AVG. MAXIMUM     32.6              41.1    -8.5     33.1
AVG. MINIMUM     14.0              21.6    -7.6     14.5
MEAN             23.3              31.4    -8.1     23.8
DAYS MAX >= 90      0               0.0     0.0        0
DAYS MAX <= 32     15               5.9     9.1       14
DAYS MIN <= 32     29              25.7     3.3       31
DAYS MIN <= 0       3               1.5     1.5        2

PRECIPITATION (INCHES)
RECORD
 MAXIMUM         6.03   1998
 MINIMUM         0.01   1910
TOTALS           0.73              1.73   -1.00     2.82
DAILY AVG.       0.02              0.06   -0.04     0.09
DAYS >= .01         7               9.0    -2.0       10
DAYS >= .10         2               4.3    -2.3        7
DAYS >= .50         1               0.9     0.1        2
DAYS >= 1.00        0               0.2    -0.2        0
GREATEST
 24 HR. TOTAL    0.50   03/27 TO 03/27

SNOWFALL (INCHES)
RECORDS
 TOTAL           31.1   1965
TOTALS            4.0               8.6    -4.6     23.7
SINCE 7/1        65.7              44.9    20.8     66.2
SNOWDEPTH AVG.     14                 5       9       12
DAYS >= 1.0         2               2.0     0.0        6
GREATEST
 SNOW DEPTH        22R  03/05                         17  03/19
                        03/04
                        03/02
 24 HR TOTAL      1.2   MM

DEGREE_DAYS
HEATING TOTAL    1284              1043     241     1269
 SINCE 7/1       8176              7064    1112     7128
COOLING TOTAL       0                 0       0        0
 SINCE 1/1          0                 0       0        0
.................................................................

WIND (MPH)
AVERAGE WIND SPEED              8.0
HIGHEST WIND SPEED/DIRECTION    29/300    DATE  03/14
HIGHEST GUST SPEED/DIRECTION    38/290    DATE  03/14

SKY COVER
POSSIBLE SUNSHINE (PERCENT)   MM
AVERAGE SKY COVER           0.40
NUMBER OF DAYS FAIR           11
NUMBER OF DAYS PC             15
NUMBER OF DAYS CLOUDY          4

AVERAGE RH (PERCENT)     66

WEATHER CONDITIONS. NUMBER OF DAYS WITH
THUNDERSTORM              0     MIXED PRECIP               0
HEAVY RAIN                0     RAIN                       0
LIGHT RAIN                2     FREEZING RAIN              0
LT FREEZING RAIN          0     HAIL                       0
HEAVY SNOW                0     SNOW                       2
LIGHT SNOW                9     SLEET                      0
FOG                      11     FOG W/VIS <= 1/4 MILE      0
HAZE                      6

-  INDICATES NEGATIVE NUMBERS.
R  INDICATES RECORD WAS SET OR TIED.
MM INDICATES DATA IS MISSING.
T  INDICATES TRACE AMOUNT.

$$
