551
CXUS53 KMPX 010752
CLMEAU


CLIMATE REPORT
NATIONAL WEATHER SERVICE CHANHASSEN MN
251 AM CDT THU JUN 1 2017

...................................

...THE EAU CLAIRE WI CLIMATE SUMMARY FOR THE MONTH OF MAY 2017...

CLIMATE NORMAL PERIOD 1981 TO 2010
CLIMATE RECORD PERIOD 1893 TO 2017

WEATHER         OBSERVED          NORMAL  DEPART  LAST YEAR`S
                 VALUE   DATE(S)  VALUE   FROM    VALUE  DATE(S)
                                          NORMAL
................................................................
TEMPERATURE (F)
RECORD
 HIGH             107   05/31/1934
 LOW               20   05/03/1967
                        05/09/1966
                        05/04/1907
HIGHEST            83   05/16        80       3       90  05/06
LOWEST             30   05/03        37      -7       27  05/15
                        05/01
AVG. MAXIMUM     66.5              69.8    -3.3     71.1
AVG. MINIMUM     45.0              45.4    -0.4     44.9
MEAN             55.8              57.6    -1.8     58.0
DAYS MAX >= 90      0               0.4    -0.4        1
DAYS MAX <= 32      0               0.0     0.0        0
DAYS MIN <= 32      3               1.8     1.2        4
DAYS MIN <= 0       0               0.0     0.0        0

PRECIPITATION (INCHES)
RECORD
 MAXIMUM        10.54   1938
 MINIMUM         0.75   1900
TOTALS           4.36              3.46    0.90     3.81
DAILY AVG.       0.14              0.11    0.03     0.12
DAYS >= .01        17              12.2     4.8       14
DAYS >= .10         7               7.2    -0.2       12
DAYS >= .50         4               2.4     1.6        2
DAYS >= 1.00        1               0.7     0.3        1
GREATEST
 24 HR. TOTAL    1.22   05/17 TO 05/17

SNOWFALL (INCHES)
RECORDS
 TOTAL            9.3   2013
TOTALS              T               0.0     0.0      0.0
SINCE 7/1        54.5              46.8     7.7     38.0
SNOWDEPTH AVG.      0                MM      MM        0
DAYS >= 1.0         0               0.0     0.0        0
GREATEST
 SNOW DEPTH         0   MM                             0  MM
 24 HR TOTAL        T   05/01 TO 05/01

DEGREE_DAYS
HEATING TOTAL     288               257      31      245
 SINCE 7/1       6969              7897    -928     6811
COOLING TOTAL       8                28     -20       36
 SINCE 1/1          8                32     -24       40
.................................................................

WIND (MPH)
AVERAGE WIND SPEED              7.9
HIGHEST WIND SPEED/DIRECTION    36/210    DATE  05/17
HIGHEST GUST SPEED/DIRECTION    48/200    DATE  05/16

SKY COVER
POSSIBLE SUNSHINE (PERCENT)   MM
AVERAGE SKY COVER           0.50
NUMBER OF DAYS FAIR           11
NUMBER OF DAYS PC             12
NUMBER OF DAYS CLOUDY          8

AVERAGE RH (PERCENT)     67

WEATHER CONDITIONS. NUMBER OF DAYS WITH
THUNDERSTORM              0     MIXED PRECIP               0
HEAVY RAIN                6     RAIN                       6
LIGHT RAIN               17     FREEZING RAIN              0
LT FREEZING RAIN          0     HAIL                       0
HEAVY SNOW                0     SNOW                       0
LIGHT SNOW                1     SLEET                      0
FOG                      14     FOG W/VIS <= 1/4 MILE      1
HAZE                      3

-  INDICATES NEGATIVE NUMBERS.
R  INDICATES RECORD WAS SET OR TIED.
MM INDICATES DATA IS MISSING.
T  INDICATES TRACE AMOUNT.

$$
