000
CXUS53 KMPX 011147
CLMEAU


CLIMATE REPORT
NATIONAL WEATHER SERVICE CHANHASSEN MN
646 AM CDT THU AUG 1 2013

...................................

...THE EAU CLAIRE WI CLIMATE SUMMARY FOR THE MONTH OF JULY 2013...

CLIMATE NORMAL PERIOD 1981 TO 2010
CLIMATE RECORD PERIOD 1893 TO 2013

WEATHER         OBSERVED          NORMAL  DEPART  LAST YEAR`S
                 VALUE   DATE(S)  VALUE   FROM    VALUE  DATE(S)
                                          NORMAL
................................................................
TEMPERATURE (F)
RECORD
 HIGH             111   07/14/1936
                        07/13/1936
 LOW               41   07/09/1895
HIGHEST            97   07/18        95       2       99  07/06
                                                          07/02
LOWEST             46   07/27        55      -9       53  07/28
AVG. MAXIMUM     83.3              82.9     0.4     89.3
AVG. MINIMUM     60.2              60.2     0.0     64.6
MEAN             71.7              71.6     0.1     76.9
DAYS MAX >= 90      6               4.7     1.3       14
DAYS MAX <= 32      0               0.0     0.0        0
DAYS MIN <= 32      0               0.0     0.0        0
DAYS MIN <= 0       0               0.0     0.0        0

PRECIPITATION (INCHES)
RECORD
 MAXIMUM         8.88   1900
 MINIMUM         0.12   1936
TOTALS           0.64              3.88   -3.24     1.60
DAILY AVG.       0.02              0.13   -0.11     0.05
DAYS >= .01         9              11.9    -2.9       10
DAYS >= .10         1               7.3    -6.3        5
DAYS >= .50         0               2.7    -2.7        1
DAYS >= 1.00        0               0.8    -0.8        0
GREATEST
 24 HR. TOTAL    0.30   07/21 TO 07/21

SNOWFALL (INCHES)
RECORDS
 TOTAL            0.0   MM
TOTALS            0.0               0.0     0.0      0.0
SINCE 7/1         0.0               0.0     0.0      0.0
SNOWDEPTH AVG.      0                MM      MM        0
DAYS >= 1.0         0               0.0     0.0        0
GREATEST
 SNOW DEPTH         0   MM                             0  MM
 24 HR TOTAL      0.0   07/31 TO 07/31

DEGREE_DAYS
HEATING TOTAL      26                11      15        0
 SINCE 7/1         26                11      15        0
COOLING TOTAL     242               214      28      378
 SINCE 1/1        364               366      -2      614
.................................................................

WIND (MPH)
AVERAGE WIND SPEED              6.8
HIGHEST WIND SPEED/DIRECTION    25/240    DATE  07/19
HIGHEST GUST SPEED/DIRECTION    33/250    DATE  07/19

SKY COVER
POSSIBLE SUNSHINE (PERCENT)   MM
AVERAGE SKY COVER           0.30
NUMBER OF DAYS FAIR           21
NUMBER OF DAYS PC              7
NUMBER OF DAYS CLOUDY          3

AVERAGE RH (PERCENT)     67

WEATHER CONDITIONS. NUMBER OF DAYS WITH
THUNDERSTORM              0     MIXED PRECIP               0
HEAVY RAIN                2     RAIN                       3
LIGHT RAIN                9     FREEZING RAIN              0
LT FREEZING RAIN          0     HAIL                       0
HEAVY SNOW                0     SNOW                       0
LIGHT SNOW                0     SLEET                      0
FOG                      14     FOG W/VIS <= 1/4 MILE      0
HAZE                      2

-  INDICATES NEGATIVE NUMBERS.
R  INDICATES RECORD WAS SET OR TIED.
MM INDICATES DATA IS MISSING.
T  INDICATES TRACE AMOUNT.

$$
