014
CXUS53 KMPX 010723
CLMEAU


CLIMATE REPORT
NATIONAL WEATHER SERVICE CHANHASSEN MN
123 AM CST TUE DEC 1 2015

...................................

...THE EAU CLAIRE WI CLIMATE SUMMARY FOR THE MONTH OF NOVEMBER 2015...

CLIMATE NORMAL PERIOD 1981 TO 2010
CLIMATE RECORD PERIOD 1893 TO 2015

WEATHER         OBSERVED          NORMAL  DEPART  LAST YEAR`S
                 VALUE   DATE(S)  VALUE   FROM    VALUE  DATE(S)
                                          NORMAL
................................................................
TEMPERATURE (F)
RECORD
 HIGH              79   11/01/1933
 LOW              -18   11/30/1964
HIGHEST            72   11/03        54      18       57  11/02
LOWEST              9   11/22        13      -4       -4  11/21
AVG. MAXIMUM     49.5              41.4     8.1     32.2
AVG. MINIMUM     30.6              24.5     6.1     17.5
MEAN             40.0              32.9     7.1     24.9
DAYS MAX >= 90      0               0.0     0.0        0
DAYS MAX <= 32      5               6.1    -1.1       16
DAYS MIN <= 32     17              23.3    -6.3       26
DAYS MIN <= 0       0               0.7    -0.7        3

PRECIPITATION (INCHES)
RECORD
 MAXIMUM         7.52   1991
 MINIMUM         0.07   2002
TOTALS           2.81              1.84    0.97     1.74
DAILY AVG.       0.09              0.06    0.03     0.06
DAYS >= .01         9               8.9     0.1       15
DAYS >= .10         8               4.2     3.8        5
DAYS >= .50         1               1.0     0.0        0
DAYS >= 1.00        1               0.2     0.8        0
GREATEST
 24 HR. TOTAL    1.54   11/11 TO 11/12

SNOWFALL (INCHES)
RECORDS
 TOTAL           19.0   1985
TOTALS            0.5               5.9    -5.4     13.6
SINCE 7/1         1.4               6.3    -4.9     14.2
SNOWDEPTH AVG.      0                MM      MM        3
DAYS >= 1.0         0               1.9    -1.9        6
GREATEST
 SNOW DEPTH         T   11/27                          7  11/19
 24 HR TOTAL      0.3   MM

DEGREE_DAYS
HEATING TOTAL     740               962    -222     1196
 SINCE 7/1       1362              1746    -384     1972
COOLING TOTAL       0                 0       0        0
 SINCE 1/1        520               579     -59      500
.................................................................

WIND (MPH)
AVERAGE WIND SPEED              8.6
HIGHEST WIND SPEED/DIRECTION    33/250    DATE  11/19
HIGHEST GUST SPEED/DIRECTION    47/270    DATE  11/19

SKY COVER
POSSIBLE SUNSHINE (PERCENT)   MM
AVERAGE SKY COVER           0.50
NUMBER OF DAYS FAIR           12
NUMBER OF DAYS PC              7
NUMBER OF DAYS CLOUDY         11

AVERAGE RH (PERCENT)     70

WEATHER CONDITIONS. NUMBER OF DAYS WITH
THUNDERSTORM              0     MIXED PRECIP               0
HEAVY RAIN                2     RAIN                       6
LIGHT RAIN               10     FREEZING RAIN              0
LT FREEZING RAIN          0     HAIL                       0
HEAVY SNOW                0     SNOW                       0
LIGHT SNOW                5     SLEET                      0
FOG                      13     FOG W/VIS <= 1/4 MILE      1
HAZE                      1

-  INDICATES NEGATIVE NUMBERS.
R  INDICATES RECORD WAS SET OR TIED.
MM INDICATES DATA IS MISSING.
T  INDICATES TRACE AMOUNT.

$$
