000
CXUS53 KMPX 010731
CLMEAU


CLIMATE REPORT
NATIONAL WEATHER SERVICE CHANHASSEN MN
230 AM CDT MON JUN 1 2015

...................................

...THE EAU CLAIRE WI CLIMATE SUMMARY FOR THE MONTH OF MAY 2015...

CLIMATE NORMAL PERIOD 1981 TO 2010
CLIMATE RECORD PERIOD 1893 TO 2015

WEATHER         OBSERVED          NORMAL  DEPART  LAST YEAR`S
                 VALUE   DATE(S)  VALUE   FROM    VALUE  DATE(S)
                                          NORMAL
................................................................
TEMPERATURE (F)
RECORD
 HIGH             107   05/31/1934
 LOW               20   05/03/1967
                        05/09/1966
                        05/04/1907
HIGHEST            85   05/28        80       5       88  05/31
LOWEST             30   05/20        37      -7       30  05/16
AVG. MAXIMUM     69.2              69.8    -0.6     69.5
AVG. MINIMUM     45.9              45.4     0.5     45.7
MEAN             57.5              57.6    -0.1     57.6
DAYS MAX >= 90      0               0.4    -0.4        0
DAYS MAX <= 32      0               0.0     0.0        0
DAYS MIN <= 32      1               1.8    -0.8        1
DAYS MIN <= 0       0               0.0     0.0        0

PRECIPITATION (INCHES)
RECORD
 MAXIMUM        10.54   1938
 MINIMUM         0.75   1900
TOTALS           5.39              3.46    1.93     4.08
DAILY AVG.       0.17              0.11    0.06     0.13
DAYS >= .01        17              12.2     4.8       11
DAYS >= .10        11               7.2     3.8        6
DAYS >= .50         4               2.4     1.6        4
DAYS >= 1.00        1               0.7     0.3        1
GREATEST
 24 HR. TOTAL    1.37   05/24 TO 05/25

SNOWFALL (INCHES)
RECORDS
 TOTAL            9.3   2013
TOTALS            0.0               0.0     0.0      0.0
SINCE 7/1        38.1              46.8    -8.7     74.8
SNOWDEPTH AVG.      0                MM      MM        0
DAYS >= 1.0         0               0.0     0.0        0
GREATEST
 SNOW DEPTH         0   MM                             0  MM
 24 HR TOTAL      0.0   05/31 TO 05/31

DEGREE_DAYS
HEATING TOTAL     242               257     -15      256
 SINCE 7/1       8106              7898     208     9142
COOLING TOTAL      18                28     -10       35
 SINCE 1/1         18                32     -14       35
.................................................................

WIND (MPH)
AVERAGE WIND SPEED              8.3
HIGHEST WIND SPEED/DIRECTION    33/310    DATE  05/03
HIGHEST GUST SPEED/DIRECTION    44/300    DATE  05/03

SKY COVER
POSSIBLE SUNSHINE (PERCENT)   MM
AVERAGE SKY COVER           0.50
NUMBER OF DAYS FAIR           11
NUMBER OF DAYS PC             11
NUMBER OF DAYS CLOUDY          9

AVERAGE RH (PERCENT)     68

WEATHER CONDITIONS. NUMBER OF DAYS WITH
THUNDERSTORM              0     MIXED PRECIP               0
HEAVY RAIN                7     RAIN                      10
LIGHT RAIN               20     FREEZING RAIN              0
LT FREEZING RAIN          0     HAIL                       0
HEAVY SNOW                0     SNOW                       0
LIGHT SNOW                0     SLEET                      0
FOG                      20     FOG W/VIS <= 1/4 MILE      2
HAZE                      1

-  INDICATES NEGATIVE NUMBERS.
R  INDICATES RECORD WAS SET OR TIED.
MM INDICATES DATA IS MISSING.
T  INDICATES TRACE AMOUNT.

$$
