000
CXUS53 KMPX 021116
CLMEAU


CLIMATE REPORT
NATIONAL WEATHER SERVICE CHANHASSEN MN
616 AM CDT TUE SEP 2 2014

...................................

...THE EAU CLAIRE WI CLIMATE SUMMARY FOR THE MONTH OF AUGUST 2014...

CLIMATE NORMAL PERIOD 1981 TO 2010
CLIMATE RECORD PERIOD 1893 TO 2014

WEATHER         OBSERVED          NORMAL  DEPART  LAST YEAR`S
                 VALUE   DATE(S)  VALUE   FROM    VALUE  DATE(S)
                                          NORMAL
................................................................
TEMPERATURE (F)
RECORD
 HIGH             104   08/01/1988
                        08/04/1947
 LOW               36   08/30/1915
HIGHEST            87   08/24        90      -3       96  08/27
                        08/03                             08/26
                        08/02
LOWEST             47   08/14        52      -5       46  08/04
AVG. MAXIMUM     80.7              80.3     0.4     83.6
AVG. MINIMUM     59.4              58.3     1.1     58.1
MEAN             70.0              69.3     0.7     70.9
DAYS MAX >= 90      0               2.2    -2.2        5
DAYS MAX <= 32      0               0.0     0.0        0
DAYS MIN <= 32      0               0.0     0.0        0
DAYS MIN <= 0       0               0.0     0.0        0

PRECIPITATION (INCHES)
RECORD
 MAXIMUM        11.64   1980
 MINIMUM         0.00   2002
TOTALS           6.29              4.47    1.82     1.09
DAILY AVG.       0.20              0.14    0.06     0.04
DAYS >= .01        12              10.8     1.2        5
DAYS >= .10         9               6.8     2.2        4
DAYS >= .50         5               3.0     2.0        0
DAYS >= 1.00        3               1.3     1.7        0
GREATEST
 24 HR. TOTAL    1.61   08/04 TO 08/04

SNOWFALL (INCHES)
RECORDS
 TOTAL            0.0   MM
TOTALS            0.0               0.0     0.0      0.0
SINCE 7/1         0.0               0.0     0.0      0.0
SNOWDEPTH AVG.      0                MM      MM        0
DAYS >= 1.0         0               0.0     0.0        0
GREATEST
 SNOW DEPTH         0   MM                             0  MM
 24 HR TOTAL      0.0   08/31 TO 08/31

DEGREE_DAYS
HEATING TOTAL       5                28     -23       12
 SINCE 7/1         23                39     -16       38
COOLING TOTAL     171               161      10      202
 SINCE 1/1        478               527     -49      566
.................................................................

WIND (MPH)
AVERAGE WIND SPEED              5.6
HIGHEST WIND SPEED/DIRECTION    28/210    DATE  08/24
HIGHEST GUST SPEED/DIRECTION    42/220    DATE  08/24

SKY COVER
POSSIBLE SUNSHINE (PERCENT)   MM
AVERAGE SKY COVER           0.40
NUMBER OF DAYS FAIR           15
NUMBER OF DAYS PC             10
NUMBER OF DAYS CLOUDY          6

AVERAGE RH (PERCENT)     76

WEATHER CONDITIONS. NUMBER OF DAYS WITH
THUNDERSTORM              0     MIXED PRECIP               0
HEAVY RAIN                6     RAIN                       9
LIGHT RAIN               13     FREEZING RAIN              0
LT FREEZING RAIN          0     HAIL                       0
HEAVY SNOW                0     SNOW                       0
LIGHT SNOW                0     SLEET                      0
FOG                      19     FOG W/VIS <= 1/4 MILE      7
HAZE                      1

-  INDICATES NEGATIVE NUMBERS.
R  INDICATES RECORD WAS SET OR TIED.
MM INDICATES DATA IS MISSING.
T  INDICATES TRACE AMOUNT.

$$
