000
CXUS53 KMPX 021655
CLMEAU
CLIMATE REPORT
NATIONAL WEATHER SERVICE TWIN CITIES/CHANHASSEN MN
1155 AM CDT TUE APR 02 2024
...................................
...THE EAU CLAIRE WI CLIMATE SUMMARY FOR THE MONTH OF MARCH 2024...
CLIMATE NORMAL PERIOD 1991 TO 2020
CLIMATE RECORD PERIOD 1893 TO 2024
WEATHER OBSERVED NORMAL DEPART LAST YEAR`S
VALUE DATE(S) VALUE FROM VALUE DATE(S)
NORMAL
................................................................
TEMPERATURE (F)
RECORD
HIGH 84 03/31/1986
03/29/1986
LOW -35 03/01/1962
HIGHEST 70 03/03 58 12 45 03/15
03/24
LOWEST 10 03/23 8 2 -4 03/14
AVG. MAXIMUM 47.5 41.3 6.2 37.2
AVG. MINIMUM 25.3 21.2 4.1 19.8
MEAN 36.4 31.2 5.2 28.5
DAYS MAX >= 90 0 0.0 0.0 0
DAYS MAX <= 32 2 7.1 -5.1 7
DAYS MIN <= 32 24 25.5 -1.5 29
DAYS MIN <= 0 0 1.8 -1.8 1
PRECIPITATION (INCHES)
RECORD
MAXIMUM 6.03 1998
MINIMUM 0.01 1910
TOTALS 3.09 1.97 1.12 3.22
DAILY AVG. 0.10 0.06 0.04 0.10
DAYS >= .01 6 9.6 -3.6 11
DAYS >= .10 6 4.8 1.2 7
DAYS >= .50 2 1.1 0.9 1
DAYS >= 1.00 1 0.3 0.7 1
GREATEST
24 HR. TOTAL 1.33 03/26 TO 03/26
SNOWFALL (INCHES)
RECORDS
TOTAL 31.1 1965
TOTALS 17.0 9.6 7.4 15.5
SINCE 7/1 33.4 50.7 -17.3 MM
SNOWDEPTH AVG. 1 4
DAYS >= 1.0 3 2.5 0.5 5
GREATEST
SNOW DEPTH 9 03/25 9 03/12
03/13
24 HR TOTAL 10.0R 03/24 TO 03/24
DEGREE DAYS
HEATING TOTAL 878 1047 -169 1125
SINCE 7/1 5604 6996 -1392 MM
COOLING TOTAL 0 0 0 0
SINCE 1/1 0 0 0 MM
................................................................
WIND (MPH)
AVERAGE WIND SPEED 8.3
HIGHEST WIND SPEED/DIRECTION 32/250 DATE 03/03
HIGHEST GUST SPEED/DIRECTION 47/250 DATE 03/03
SKY COVER
POSSIBLE SUNSHINE (PERCENT) MM
AVERAGE SKY COVER 0.37
NUMBER OF DAYS FAIR 19
NUMBER OF DAYS PC 6
NUMBER OF DAYS CLOUDY 6
AVERAGE RH (PERCENT) 56
WEATHER CONDITIONS. NUMBER OF DAYS WITH
THUNDERSTORM 1 MIXED PRECIP 0
HEAVY RAIN 2 RAIN 3
LIGHT RAIN 4 FREEZING RAIN 0
LT FREEZING RAIN 0 HAIL 0
HEAVY SNOW 1 SNOW 2
LIGHT SNOW 9 SLEET 0
FOG 9 FOG W/VIS <= 1/4 MILE 2
HAZE 2
- INDICATES NEGATIVE NUMBERS.
R INDICATES RECORD WAS SET OR TIED.
MM INDICATES DATA IS MISSING.
T INDICATES TRACE AMOUNT.
$$