178
CXUS52 KTAE 010800
CF6ECP
PRELIMINARY LOCAL CLIMATOLOGICAL DATA (WS FORM: F-6)
STATION: PANAMA CITY NW
MONTH: MARCH
YEAR: 2021
LATITUDE: 30 21 N
LONGITUDE: 85 48 W
TEMPERATURE IN F: :PCPN: SNOW: WIND :SUNSHINE: SKY :PK WND
================================================================================
1 2 3 4 5 6A 6B 7 8 9 10 11 12 13 14 15 16 17 18
12Z AVG MX 2MIN
DY MAX MIN AVG DEP HDD CDD WTR SNW DPTH SPD SPD DIR MIN PSBL S-S WX SPD DR
================================================================================
1 76 58 67 M 0 2 0.60 0.0 0 8.6 20 20 M M 10 12 24 10
2 58 50 54 M 11 0 0.43 M M 9.3 21 350 M M 10 1 26 340
3 60 45 53 M 12 0 T M M 10.0 20 340 M M 6 1 25 310
4 73 43 58 M 7 0 0.00 0.0 M 5.9 14 340 M M 0 18 330
5 73 42 58 M 7 0 0.00 0.0 M 4.5 15 170 M M 0 19 20
6 68 50 59 M 6 0 0.30 0.0 M 6.3 18 330 M M 6 1 22 10
7 67 40 54 M 11 0 0.00 0.0 M 6.1 17 360 M M 0 23 330
8 71 36 54 M 11 0 0.00 0.0 M 3.4 13 170 M M 0 16 50
9 70 39 55 M 10 0 0.00 0.0 M 3.7 13 160 M M 0 16 190
10 71 46 59 M 6 0 0.00 0.0 M 6.6 20 150 M M 0 26 160
11 75 49 62 M 3 0 0.00 0.0 M 6.9 16 140 M M 0 20 150
12 76 49 63 M 2 0 0.00 0.0 M 4.5 14 170 M M 1 12 17 180
13 78 54 66 M 0 1 0.00 0.0 M 4.0 16 160 M M 3 12 19 170
14 75 50 63 M 2 0 0.00 0.0 M 4.4 17 180 M M 0 21 180
15 76 53 65 M 0 0 0.00 0.0 M 7.1 18 150 M M 6 12 24 180
16 80 67 74 M 0 9 0.00 0.0 M 10.4 23 170 M M 8 18 30 150
17 77 71 74 M 0 9 0.00 0.0 M 12.0 21 140 M M 10 1 28 140
18 72 55 64 M 1 0 0.57 0.0 M 16.2 51 160 M M 4 13 73 170
19 57 46 52 M 13 0 0.00 0.0 M 9.3 22 310 M M 7 27 320
20 60 46 53 M 12 0 0.00 0.0 M 8.3 18 20 M M 9 24 20
21 69 41 55 M 10 0 0.00 0.0 0 7.2 21 20 M M 3 24 20
22 75 50 63 M 2 0 0.00 0.0 0 7.6 16 20 M M 4 21 50
23 72 55 64 M 1 0 0.01 0.0 M 8.4 21 140 M M 5 18 28 150
24 72 61 67 M 0 2 0.37 M M 7.2 20 150 M M 7 1 24 150
25 78 63 71 M 0 6 0.00 M M 13.7 25 140 M M 7 18 33 140
26 80 70 75 M 0 10 0.00 M M 10.4 20 180 M M 10 12 24 170
27 80 70 75 M 0 10 0.00 0.0 M 9.4 20 150 M M 7 1 23 150
28 79 59 69 M 0 4 0.00 0.0 M 10.1 25 320 M M 7 18 32 320
29 77 54 66 M 0 1 M 0.0 M 5.6 14 10 M M 3 18 20
30 78 60 69 M 0 4 0.16 0.0 M 6.8 20 160 M M 6 18 24 160
31 79 61 70 M 0 5 0.18 0.0 0 9.1 23 280 M M 8 13 27 280
================================================================================
SM 2252 1633 127 63 2.62 0.0 243.0 M 147
================================================================================
AV 72.6 52.7 7.8 FASTST M M 5 MAX(MPH)
MISC ----> 51 160 73 170
================================================================================
NOTES:
# LAST OF SEVERAL OCCURRENCES
COLUMN 17 PEAK WIND IN M.P.H.
PRELIMINARY LOCAL CLIMATOLOGICAL DATA (WS FORM: F-6) , PAGE 2
STATION: PANAMA CITY NW
MONTH: MARCH
YEAR: 2021
LATITUDE: 30 21 N
LONGITUDE: 85 48 W
[TEMPERATURE DATA] [PRECIPITATION DATA] SYMBOLS USED IN COLUMN 16
AVERAGE MONTHLY: 62.7 TOTAL FOR MONTH: 2.62 1 = FOG OR MIST
DPTR FM NORMAL: 0.0 DPTR FM NORMAL: M 2 = FOG REDUCING VISIBILITY
HIGHEST: 80 ON 27,26 GRTST 24HR 0.70 ON 1- 2 TO 1/4 MILE OR LESS
LOWEST: 36 ON 8 3 = THUNDER
SNOW, ICE PELLETS, HAIL 4 = ICE PELLETS
TOTAL MONTH: 0.0 INCH 5 = HAIL
GRTST 24HR 0.0 6 = FREEZING RAIN OR DRIZZLE
GRTST DEPTH: 0 7 = DUSTSTORM OR SANDSTORM:
VSBY 1/2 MILE OR LESS
8 = SMOKE OR HAZE
[NO. OF DAYS WITH] [WEATHER - DAYS WITH] 9 = BLOWING SNOW
X = TORNADO
MAX 32 OR BELOW: 0 0.01 INCH OR MORE: 8
MAX 90 OR ABOVE: 0 0.10 INCH OR MORE: 7
MIN 32 OR BELOW: 0 0.50 INCH OR MORE: 2
MIN 0 OR BELOW: 0 1.00 INCH OR MORE: 0
[HDD (BASE 65) ]
TOTAL THIS MO. 127 CLEAR (SCALE 0-3) 12
DPTR FM NORMAL M PTCLDY (SCALE 4-7) 12
TOTAL FM JUL 1 1277 CLOUDY (SCALE 8-10) 7
DPTR FM NORMAL M
[CDD (BASE 65) ]
TOTAL THIS MO. 63
DPTR FM NORMAL M [PRESSURE DATA]
TOTAL FM JAN 1 87 HIGHEST SLP M ON M
DPTR FM NORMAL M LOWEST SLP 29.78 ON 18
[REMARKS]
#FINAL-03-21#