000
CXUS52 KTAE 010900
CF6ECP
PRELIMINARY LOCAL CLIMATOLOGICAL DATA (WS FORM: F-6)
STATION: PANAMA CITY NW
MONTH: JANUARY
YEAR: 2024
LATITUDE: 30 21 N
LONGITUDE: 85 48 W
TEMPERATURE IN F: :PCPN: SNOW: WIND :SUNSHINE: SKY :PK WND
================================================================================
1 2 3 4 5 6A 6B 7 8 9 10 11 12 13 14 15 16 17 18
12Z AVG MX 2MIN
DY MAX MIN AVG DEP HDD CDD WTR SNW DPTH SPD SPD DIR MIN PSBL S-S WX SPD DR
================================================================================
1 72 41 57 5 8 0 0.00 0.0 0 6.4 21 290 M M 2 28 280
2 60 34 47 -5 18 0 0.00 0.0 0 5.3 14 360 M M 0 19 10
3 53 35 44 -8 21 0 0.18 0.0 0 7.7 15 350 M M 6 1 23 330
4 61 35 48 -4 17 0 0.00 0.0 0 6.7 16 340 M M 1 22 320
5 66 37 52 0 13 0 1.65 M M 8.5 15 80 M M 4 13 23 100
6 68 49 59 7 6 0 0.15 0.0 0 9.3 18 240 M M 5 1 26 250
7 59 41 50 -2 15 0 0.00 0.0 0 6.7 15 310 M M 0 21 290
8 63 46 55 3 10 0 0.59 0.0 0 11.5 22 110 M M 4 13 34 120
9 72 57 65 13 0 0 0.71 0.0 0 18.5 38 150 M M 7 13 55 150
10 57 34 46 -6 19 0 0.00 0.0 0 4.7 10 240 M M 0 18 280
11 67 M M M M M 0.00 0.0 M 4.5 12 90 M M 1 17 100
12 73 54 64 12 1 0 0.12 0.0 M 13.1 30 180 M M 9 1 45 180
13 58 38 48 -4 17 0 0.00 0.0 M 9.1 21 300 M M 0 29 290
14 66 34 50 -2 15 0 0.00 0.0 M 1.2 9 150 M M 0 12 150
15 69 35 52 0 13 0 0.00 0.0 M 3.3 8 170 M M 2 13 120
16 58 27 43 -9 22 0 0.15 0.0 0 12.0 23 320 M M 6 1 32 330
17 47 23 35 -17 30 0 0.00 0.0 M 6.4 14 350 M M 0 18 340
18 59 29 44 -8 21 0 0.00 0.0 0 5.5 12 150 M M 3 16 140
19 64 39 52 0 13 0 0.30 0.0 0 10.5 24 320 M M 4 1 32 310
20 47 31 39 -13 26 0 0.00 0.0 0 10.2 18 320 M M 0 25 340
21 48 28 38 -15 27 0 0.00 0.0 M 8.8 16 20 M M 0 22 30
22 65 35 50 -3 15 0 0.00 0.0 0 8.3 15 100 M M 3 23 80
23 67 58 63 10 2 0 0.02 0.0 M 6.8 13 50 M M 6 1 19 60
24 75 62 69 16 0 4 0.07 0.0 M 9.3 15 130 M M 9 1 21 120
25 71 63 67 14 0 2 0.18 0.0 0 8.2 24 290 M M 10 1 31 290
26 75 63 69 16 0 4 T 0.0 0 5.4 18 280 M M 3 25 290
27 72 61 67 14 0 2 0.47 0.0 0 10.1 25 170 M M 7 13 39 170
28 63 47 55 2 10 0 0.00 0.0 0 10.6 20 300 M M 6 28 340
29 64 41 53 0 12 0 0.00 0.0 0 8.5 21 320 M M 4 27 310
30 62 36 49 -5 16 0 0.00 0.0 0 3.5 14 190 M M 0 20 160
31 68 39 54 0 11 0 0.00 0.0 0 8.2 20 300 M M 0 24 300
================================================================================
SM 1969 1252 378 12 4.59 0.0 248.8 M 102
================================================================================
AV 63.5 41.7 8.0 FASTST M M 3 MAX(MPH)
MISC ----> 38 150 55 150
================================================================================
NOTES:
# LAST OF SEVERAL OCCURRENCES
COLUMN 17 PEAK WIND IN M.P.H.
PRELIMINARY LOCAL CLIMATOLOGICAL DATA (WS FORM: F-6) , PAGE 2
STATION: PANAMA CITY NW
MONTH: JANUARY
YEAR: 2024
LATITUDE: 30 21 N
LONGITUDE: 85 48 W
[TEMPERATURE DATA] [PRECIPITATION DATA] SYMBOLS USED IN COLUMN 16
AVERAGE MONTHLY: 52.6 TOTAL FOR MONTH: 4.59 1 = FOG OR MIST
DPTR FM NORMAL: 0.1 DPTR FM NORMAL: -0.10 2 = FOG REDUCING VISIBILITY
HIGHEST: 75 ON 26,24 GRTST 24HR 2.22 ON 8- 9 TO 1/4 MILE OR LESS
LOWEST: 23 ON 17 3 = THUNDER
SNOW, ICE PELLETS, HAIL 4 = ICE PELLETS
TOTAL MONTH: 0.0 INCH 5 = HAIL
GRTST 24HR 0.0 6 = FREEZING RAIN OR DRIZZLE
GRTST DEPTH: 0 7 = DUSTSTORM OR SANDSTORM:
VSBY 1/2 MILE OR LESS
8 = SMOKE OR HAZE
[NO. OF DAYS WITH] [WEATHER - DAYS WITH] 9 = BLOWING SNOW
X = TORNADO
MAX 32 OR BELOW: 0 0.01 INCH OR MORE: 12
MAX 90 OR ABOVE: 0 0.10 INCH OR MORE: 10
MIN 32 OR BELOW: 5 0.50 INCH OR MORE: 3
MIN 0 OR BELOW: 0 1.00 INCH OR MORE: 1
[HDD (BASE 65) ]
TOTAL THIS MO. 378 CLEAR (SCALE 0-3) 15
DPTR FM NORMAL -18 PTCLDY (SCALE 4-7) 13
TOTAL FM JUL 1 849 CLOUDY (SCALE 8-10) 3
DPTR FM NORMAL -83
[CDD (BASE 65) ]
TOTAL THIS MO. 12
DPTR FM NORMAL 2 [PRESSURE DATA]
TOTAL FM JAN 1 12 HIGHEST SLP 30.60 ON 21
DPTR FM NORMAL 2 LOWEST SLP 29.56 ON 9
[REMARKS]
#FINAL-01-24#