000
CXUS54 KEWX 011010
CF6ECU
PRELIMINARY LOCAL CLIMATOLOGICAL DATA (WS FORM: F-6)
STATION: EDWARDS COUNTY AIRPORT
MONTH: JUNE
YEAR: 2021
LATITUDE: 29 57 N
LONGITUDE: 100 10 W
TEMPERATURE IN F: :PCPN: SNOW: WIND :SUNSHINE: SKY :PK WND
================================================================================
1 2 3 4 5 6A 6B 7 8 9 10 11 12 13 14 15 16 17 18
12Z AVG MX 2MIN
DY MAX MIN AVG DEP HDD CDD WTR SNW DPTH SPD SPD DIR MIN PSBL S-S WX SPD DR
================================================================================
1 81 61 71 M 0 6 0.00 M M M M M M M 0 M M
2 81 63 72 M 0 7 0.00 M M M M M M M 0 M M
3 77 61 69 M 0 4 0.67 M M M M M M M 0 3 M M
4 75 61 68 M 0 3 0.00 M M M M M M M 0 M M
5 82 63 73 M 0 8 0.00 M M M M M M M 0 M M
6 84 68 76 M 0 11 0.00 M M M M M M M 0 1 M M
7 88 73 81 M 0 16 0.00 M M M M M M M 0 1 M M
8 86 75 81 M 0 16 0.00 M M M M M M M 0 1 M M
9 88 73 81 M 0 16 0.00 M M M M M M M 0 18 M M
10 90 72 81 M 0 16 0.00 M M M M M M M 0 M M
11 91 72 82 M 0 17 0.00 M M M M M M M 0 M M
12 91 70 81 M 0 16 0.00 M M M M M M M 0 M M
13 95 70 83 M 0 18 0.00 M M M M M M M 0 1 M M
14 95 70 83 M 0 18 0.00 M M M M M M M 0 M M
15 93 68 81 M 0 16 0.03 M M M M M M M 0 M M
16 93 68 81 M 0 16 0.00 M M M M M M M 0 M M
17 93 66 80 M 0 15 0.00 M M M M M M M 0 M M
18 93 70 82 M 0 17 0.00 M M M M M M M 0 M M
19 91 68 80 M 0 15 0.00 M M M M M M M 0 M M
20 93 72 83 M 0 18 0.00 M M M M M M M 0 M M
21 93 75 84 M 0 19 0.49 M M M M M M M 0 8 M M
22 88 68 78 M 0 13 0.58 M M M M M M M 0 M M
23 90 72 81 M 0 16 0.00 M M M M M M M 0 M M
24 90 73 82 M 0 17 0.00 0.0 0 M M M M M 0 M M
25 91 73 82 M 0 17 0.00 0.0 0 M M M M M 0 M M
26 91 73 82 M 0 17 0.00 0.0 0 M M M M M 0 M M
27 90 70 80 M 0 15 0.00 M M M M M M M 0 M M
28 86 70 78 M 0 13 0.01 M M M M M M M 0 M M
29 84 70 77 M 0 12 0.05 M M M M M M M 0 M M
30 90 70 80 M 0 15 0.12 0.0 0 M M M M M 0 1 M M
================================================================================
SM 2653 2078 0 423 1.95 0.0 M M 0
================================================================================
AV 88.4 69.3 M FASTST M M 0 MAX(MPH)
MISC ----> M M M M
================================================================================
NOTES:
# LAST OF SEVERAL OCCURRENCES
COLUMN 17 PEAK WIND IN M.P.H.
PRELIMINARY LOCAL CLIMATOLOGICAL DATA (WS FORM: F-6) , PAGE 2
STATION: EDWARDS COUNTY AIRPORT
MONTH: JUNE
YEAR: 2021
LATITUDE: 29 57 N
LONGITUDE: 100 10 W
[TEMPERATURE DATA] [PRECIPITATION DATA] SYMBOLS USED IN COLUMN 16
AVERAGE MONTHLY: 78.9 TOTAL FOR MONTH: 1.95 1 = FOG OR MIST
DPTR FM NORMAL: 0.0 DPTR FM NORMAL: M 2 = FOG REDUCING VISIBILITY
HIGHEST: 95 ON 14,13 GRTST 24HR 0.67 ON 3- 3 TO 1/4 MILE OR LESS
LOWEST: 61 ON 4, 3 3 = THUNDER
SNOW, ICE PELLETS, HAIL 4 = ICE PELLETS
TOTAL MONTH: 0.0 INCH 5 = HAIL
GRTST 24HR 0.0 6 = FREEZING RAIN OR DRIZZLE
GRTST DEPTH: 0 7 = DUSTSTORM OR SANDSTORM:
VSBY 1/2 MILE OR LESS
8 = SMOKE OR HAZE
[NO. OF DAYS WITH] [WEATHER - DAYS WITH] 9 = BLOWING SNOW
X = TORNADO
MAX 32 OR BELOW: 0 0.01 INCH OR MORE: 7
MAX 90 OR ABOVE: 18 0.10 INCH OR MORE: 4
MIN 32 OR BELOW: 0 0.50 INCH OR MORE: 2
MIN 0 OR BELOW: 0 1.00 INCH OR MORE: 0
[HDD (BASE 65) ]
TOTAL THIS MO. 0 CLEAR (SCALE 0-3) 30
DPTR FM NORMAL M PTCLDY (SCALE 4-7) 0
TOTAL FM JUL 1 1892 CLOUDY (SCALE 8-10) 0
DPTR FM NORMAL M
[CDD (BASE 65) ]
TOTAL THIS MO. 423
DPTR FM NORMAL M [PRESSURE DATA]
TOTAL FM JAN 1 758 HIGHEST SLP M ON M
DPTR FM NORMAL M LOWEST SLP M ON M
[REMARKS]
#FINAL-06-21#