000
CXUS55 KVEF 060459
CF6EED
PRELIMINARY LOCAL CLIMATOLOGICAL DATA (WS FORM: F-6)
STATION: NEEDLES CA
MONTH: NOVEMBER
YEAR: 2022
LATITUDE: 34 46 N
LONGITUDE: 114 37 W
TEMPERATURE IN F: :PCPN: SNOW: WIND :SUNSHINE: SKY :PK WND
================================================================================
1 2 3 4 5 6A 6B 7 8 9 10 11 12 13 14 15 16 17 18
12Z AVG MX 2MIN
DY MAX MIN AVG DEP HDD CDD WTR SNW DPTH SPD SPD DIR MIN PSBL S-S WX SPD DR
================================================================================
1 84 60 72 2 0 7 0.00 M M 10.7 26 180 M M 0 36 180
2 75 60 68 -2 0 3 0.00 M M 10.6 18 270 M M 3 24 230
3 62 48 55 -14 10 0 T M M 9.0 20 350 M M 6 30 340
4 67 45 56 -13 9 0 0.00 M M 7.2 18 10 M M 0 25 10
5 72 46 59 -9 6 0 0.00 M M 5.7 14 240 M M 0 16 240
6 78 50 64 -4 1 0 0.00 M M 6.7 18 190 M M 0 30 180
7 78 58 68 0 0 3 0.00 M M 10.2 24 180 M M 1 31 180
8 78 57 68 1 0 3 0.19 M M 15.5 33 200 M M 5 1 48 210
9 66 49 58 -9 7 0 0.14 M M 9.1 24 230 M M 3 36 220
10 66 45 56 -10 9 0 0.00 M M 10.1 23 10 M M 0 29 10
11 63 49 56 -10 9 0 0.00 M M 13.2 25 10 M M 0 33 350
12 66 43 55 -10 10 0 0.00 M M 5.3 14 240 M M 0 15 240
13 66 43 55 -10 10 0 0.00 M M 6.8 20 360 M M 0 29 350
14 65 45 55 -9 10 0 0.00 M M 11.2 24 20 M M 0 32 20
15 65 48 57 -7 8 0 0.00 M M 19.7 32 10 M M 0 41 10
16 64 50 57 -7 8 0 0.00 M M 22.4 35 10 M M 1 47 10
17 68 45 57 -6 8 0 0.00 M M 9.5 20 360 M M 0 26 20
18 67 39 53 -10 12 0 0.00 M M 11.9 29 360 M M 0 39 360
19 63 50 57 -5 8 0 0.00 M M 23.0 35 10 M M 1 44 20
20 68 47 58 -4 7 0 0.00 M M 12.5 25 10 M M 0 31 10
21 69 41 55 -6 10 0 0.00 M M 6.9 14 20 M M 0 19 20
22 69 44 57 -4 8 0 0.00 M M 6.1 13 10 M M 0 17 360
23 72 40 56 -4 9 0 0.00 M M 7.8 21 360 M M 0 28 10
24 69 55 62 2 3 0 0.00 M M 20.4 33 10 M M 0 46 10
25 70 46 58 -2 7 0 0.00 M M 9.0 20 350 M M 0 23 350
26 66 39 53 -6 12 0 0.00 M M 3.9 10 240 M M 0 12 330
27 68 47 58 -1 7 0 0.00 M M 5.1 15 350 M M 0 19 340
28 71 47 59 1 6 0 0.00 M M 7.3 20 190 M M 0 28 210
29 67 46 57 -1 8 0 0.00 M M 8.5 22 20 M M 1 27 30
30 56 42 49 -9 16 0 0.00 M M 7.1 14 360 M M 0 18 20
================================================================================
SM 2058 1424 218 16 0.33 M 312.4 M 21
================================================================================
AV 68.6 47.5 10.4 FASTST M M 1 MAX(MPH)
MISC ----> # 35 10 48 210
================================================================================
NOTES:
# LAST OF SEVERAL OCCURRENCES
COLUMN 17 PEAK WIND IN M.P.H.
PRELIMINARY LOCAL CLIMATOLOGICAL DATA (WS FORM: F-6) , PAGE 2
STATION: NEEDLES CA
MONTH: NOVEMBER
YEAR: 2022
LATITUDE: 34 46 N
LONGITUDE: 114 37 W
[TEMPERATURE DATA] [PRECIPITATION DATA] SYMBOLS USED IN COLUMN 16
AVERAGE MONTHLY: 58.0 TOTAL FOR MONTH: 0.33 1 = FOG OR MIST
DPTR FM NORMAL: -5.8 DPTR FM NORMAL: -0.01 2 = FOG REDUCING VISIBILITY
HIGHEST: 84 ON 1 GRTST 24HR 0.36 ON 8- 9 TO 1/4 MILE OR LESS
LOWEST: 39 ON 26,18 3 = THUNDER
SNOW, ICE PELLETS, HAIL 4 = ICE PELLETS
TOTAL MONTH: M 5 = HAIL
GRTST 24HR M ON M 6 = FREEZING RAIN OR DRIZZLE
GRTST DEPTH: M ON M 7 = DUSTSTORM OR SANDSTORM:
VSBY 1/2 MILE OR LESS
8 = SMOKE OR HAZE
[NO. OF DAYS WITH] [WEATHER - DAYS WITH] 9 = BLOWING SNOW
X = TORNADO
MAX 32 OR BELOW: 0 0.01 INCH OR MORE: 2
MAX 90 OR ABOVE: 0 0.10 INCH OR MORE: 2
MIN 32 OR BELOW: 0 0.50 INCH OR MORE: 0
MIN 0 OR BELOW: 0 1.00 INCH OR MORE: 0
[HDD (BASE 65) ]
TOTAL THIS MO. 218 CLEAR (SCALE 0-3) 28
DPTR FM NORMAL 113 PTCLDY (SCALE 4-7) 2
TOTAL FM JUL 1 221 CLOUDY (SCALE 8-10) 0
DPTR FM NORMAL 109
[CDD (BASE 65) ]
TOTAL THIS MO. 16
DPTR FM NORMAL -54 [PRESSURE DATA]
TOTAL FM JAN 1 5163 HIGHEST SLP 30.41 ON 16
DPTR FM NORMAL 116 LOWEST SLP 29.63 ON 28
[REMARKS]
#FINAL-11-22#