000
CXUS55 KLKN 020619
CLSEKO
CLIMATE REPORT
NATIONAL WEATHER SERVICE ELKO, NV
1119 PM PDT THU SEP 01 2022
...................................
...THE ELKO AIRPORT NV CLIMATE SUMMARY FOR THE SEASON, FROM
6/1/2022 TO 8/31/2022...
CLIMATE NORMAL PERIOD 1991 TO 2020
CLIMATE RECORD PERIOD 1888 TO 2022
WEATHER OBSERVED NORMAL DEPART LAST YEAR`S
VALUE DATE(S) VALUE FROM VALUE
NORMAL
..............................................................
TEMPERATURE (F)
RECORD
HIGH 107 07/04/1981
08/04/1978
07/24/1890
LOW 12 06/06/1914
HIGHEST 102 07/14 100 2 104
LOWEST 28 06/14 31 -3 34
AVG. MAXIMUM 90.0 87.8 2.2 92.8
AVG. MINIMUM 50.9 48.7 2.2 52.6
MEAN 70.5 68.2 2.3 72.7
DAYS MAX >= 90 56 44.5 11.5 67
DAYS MAX <= 32 0 0.0 0.0 0
DAYS MIN <= 32 2 1.8 0.2 0
DAYS MIN <= 0 0 0.0 0.0 0
PRECIPITATION (INCHES)
RECORD
MAXIMUM 6.38 1970
MINIMUM 0.00 1919
TOTALS 1.03 1.26 -0.23 0.92
DAILY AVG. 0.01 0.01 -0.00 T
DAYS >= .01 9 10.6 -1.6 8
DAYS >= .10 3 3.8 -0.8 3
DAYS >= .50 0 0.5 -0.5 1
DAYS >= 1.00 0 0.0 0.0 0
SNOWFALL (INCHES)
RECORDS
TOTAL 1.7 1914
TOTALS 0.0 0.0 0.0 0.0
DAYS >= 1.0 0 0.0 0.0 0
DEGREE DAYS
HEATING TOTAL 96 154 -58 38
COOLING TOTAL 628 457 171 771
..............................................................
WIND (MPH)
AVERAGE WIND SPEED 6.4
HIGHEST WIND SPEED/DIRECTION 40/270 DATE 06/12
HIGHEST GUST SPEED/DIRECTION 59/200 DATE 06/17
AVERAGE RH (PERCENT) 36
WEATHER CONDITIONS. NUMBER OF DAYS WITH
THUNDERSTORM 14 MIXED PRECIP 0
HEAVY RAIN 1 RAIN 4
LIGHT RAIN 18 FREEZING RAIN 0
LT FREEZING RAIN 0 HAIL 0
HEAVY SNOW 0 SNOW 0
LIGHT SNOW 0 SLEET 0
FOG 3 FOG W/VIS <= 1/4 MILE 0
HAZE 8
- INDICATES NEGATIVE NUMBERS.
R INDICATES RECORD WAS SET OR TIED.
MM INDICATES DATA IS MISSING.
T INDICATES TRACE AMOUNT.
$$