000
CXUS56 KOTX 010910
CF6EPH
PRELIMINARY LOCAL CLIMATOLOGICAL DATA (WS FORM: F-6)
STATION: EPHRATA WA AIRPORT
MONTH: SEPTEMBER
YEAR: 2023
LATITUDE: 47 18 N
LONGITUDE: 119 31 W
TEMPERATURE IN F: :PCPN: SNOW: WIND :SUNSHINE: SKY :PK WND
================================================================================
1 2 3 4 5 6A 6B 7 8 9 10 11 12 13 14 15 16 17 18
12Z AVG MX 2MIN
DY MAX MIN AVG DEP HDD CDD WTR SNW DPTH SPD SPD DIR MIN PSBL S-S WX SPD DR
================================================================================
1 83 58 71 2 0 6 T M M 6.9 14 350 M M M 19 350
2 88 61 75 6 0 10 T M M 6.6 15 330 M M M 17 320
3 85 65 75 6 0 10 T M M 9.1 23 290 M M M 30 300
4 79 57 68 0 0 3 0.00 M M 7.5 17 310 M M M 22 210
5 76 50 63 -5 2 0 0.00 M M 5.3 12 190 M M M 16 160
6 78 51 65 -3 0 0 0.00 M M 6.1 18 310 M M M 23 300
7 78 48 63 -5 2 0 0.00 M M 4.5 17 320 M M 0 21 330
8 81 49 65 -2 0 0 0.00 M M 5.6 15 340 M M 0 17 340
9 88 55 72 5 0 7 0.00 M M 6.4 13 310 M M 0 17 310
10 92 55 74 7 0 9 0.00 M M 6.4 15 40 M M 0 19 40
11 85 58 72 6 0 7 0.00 M M 6.8 18 310 M M 0 22 320
12 80 52 66 0 0 1 0.00 M M 8.1 21 310 M M 0 27 320
13 81 56 69 3 0 4 0.00 M M 7.8 23 310 M M 0 29 320
14 84 49 67 2 0 2 0.00 M M 4.3 12 240 M M 0 16 240
15 87 53 70 5 0 5 0.00 M M 4.8 10 210 M M 0 16 70
16 88 51 70 5 0 5 0.00 M M 5.0 12 40 M M 0 17 180
17 82 48 65 1 0 0 0.00 M M 7.2 18 230 M M 1 24 230
18 80 55 68 4 0 3 0.00 M M 12.1 26 300 M M 0 8 32 300
19 73 52 63 -1 2 0 0.00 M M 8.8 21 300 M M 1 8 24 300
20 63 50 57 -6 8 0 0.09 M M 12.5 26 360 M M 7 1 33 360
21 74 54 64 1 1 0 0.00 M M 14.0 25 360 M M 5 8 33 10
22 70 49 60 -2 5 0 0.00 M M 4.7 15 170 M M 4 18 19 170
23 69 47 58 -4 7 0 T M M 6.2 16 200 M M 2 19 210
24 69 44 57 -5 8 0 T M M 5.6 15 170 M M 6 19 170
25 68 54 61 0 4 0 0.05 M M 8.1 18 200 M M 7 1 26 250
26 69 45 57 -4 8 0 T M M 10.8 26 190 M M 3 34 220
27 66 45 56 -4 9 0 0.13 M M 8.3 28 240 M M 6 1 34 240
28 68 37 53 -7 12 0 T M M 7.6 18 220 M M 2 27 220
29 63 37 50 -9 15 0 0.00 M M 6.5 15 350 M M 2 17 350
30 68 47 58 -1 7 0 0.00 M M 16.0 25 330 M M 0 29 340
================================================================================
SM 2315 1532 90 72 0.27 M 229.6 M 46
================================================================================
AV 77.2 51.1 7.7 FASTST M M 2 MAX(MPH)
MISC ----> 28 240 # 34 220
================================================================================
NOTES:
# LAST OF SEVERAL OCCURRENCES
COLUMN 17 PEAK WIND IN M.P.H.
PRELIMINARY LOCAL CLIMATOLOGICAL DATA (WS FORM: F-6) , PAGE 2
STATION: EPHRATA WA AIRPORT
MONTH: SEPTEMBER
YEAR: 2023
LATITUDE: 47 18 N
LONGITUDE: 119 31 W
[TEMPERATURE DATA] [PRECIPITATION DATA] SYMBOLS USED IN COLUMN 16
AVERAGE MONTHLY: 64.1 TOTAL FOR MONTH: 0.27 1 = FOG OR MIST
DPTR FM NORMAL: -0.4 DPTR FM NORMAL: 0.05 2 = FOG REDUCING VISIBILITY
HIGHEST: 92 ON 10 GRTST 24HR 0.13 ON 26-27 TO 1/4 MILE OR LESS
LOWEST: 37 ON 29,28 3 = THUNDER
SNOW, ICE PELLETS, HAIL 4 = ICE PELLETS
TOTAL MONTH: M 5 = HAIL
GRTST 24HR M ON M 6 = FREEZING RAIN OR DRIZZLE
GRTST DEPTH: M ON M 7 = DUSTSTORM OR SANDSTORM:
VSBY 1/2 MILE OR LESS
8 = SMOKE OR HAZE
[NO. OF DAYS WITH] [WEATHER - DAYS WITH] 9 = BLOWING SNOW
X = TORNADO
MAX 32 OR BELOW: 0 0.01 INCH OR MORE: 3
MAX 90 OR ABOVE: 1 0.10 INCH OR MORE: 1
MIN 32 OR BELOW: 0 0.50 INCH OR MORE: 0
MIN 0 OR BELOW: 0 1.00 INCH OR MORE: 0
[HDD (BASE 65) ]
TOTAL THIS MO. 90 CLEAR (SCALE 0-3) 18
DPTR FM NORMAL -4 PTCLDY (SCALE 4-7) 6
TOTAL FM JUL 1 93 CLOUDY (SCALE 8-10) 6
DPTR FM NORMAL -14
[CDD (BASE 65) ]
TOTAL THIS MO. 72
DPTR FM NORMAL -8 [PRESSURE DATA]
TOTAL FM JAN 1 1102 HIGHEST SLP M ON M
DPTR FM NORMAL 261 LOWEST SLP 29.77 ON 25
[REMARKS]
#FINAL-09-23#