000
CXUS54 KEWX 011010
CF6ERV
PRELIMINARY LOCAL CLIMATOLOGICAL DATA (WS FORM: F-6)
STATION: KERRVILLE
MONTH: SEPTEMBER
YEAR: 2023
LATITUDE: 29 58 N
LONGITUDE: 99 5 W
TEMPERATURE IN F: :PCPN: SNOW: WIND :SUNSHINE: SKY :PK WND
================================================================================
1 2 3 4 5 6A 6B 7 8 9 10 11 12 13 14 15 16 17 18
12Z AVG MX 2MIN
DY MAX MIN AVG DEP HDD CDD WTR SNW DPTH SPD SPD DIR MIN PSBL S-S WX SPD DR
================================================================================
1 98 68 83 M 0 18 M M M 4.3 13 180 M M 2 18 180
2 98 66 82 M 0 17 M M M 2.8 8 190 M M 2 17 150
3 100 69 85 M 0 20 M M M 5.2 13 180 M M 1 18 180
4 99 74 87 M 0 22 M M M 8.4 16 160 M M 3 21 200
5 100 75 88 M 0 23 M M M 9.5 16 160 M M 3 22 150
6 100 74 87 M 0 22 M M M 6.5 14 160 M M 2 24 170
7 101 74 88 M 0 23 M M M 4.4 9 210 M M 1 22 170
8 104 70 87 M 0 22 M M M 3.9 12 170 M M 0 17 160
9 100 71 86 M 0 21 M M M 7.0 22 40 M M 0 36 0
10 99 69 84 M 0 19 M M M 2.8 10 70 M M 1 20 110
11 95 70 83 M 0 18 M M M 5.1 12 180 M M 3 26 130
12 88 68 78 M 0 13 0.02 M M 8.0 18 300 M M 3 32 240
13 86 70 78 M 0 13 M M M 4.0 13 50 M M 5 16 50
14 95 69 82 M 0 17 0.14 M M 6.5 16 70 M M 6 13 23 70
15 88 68 78 M 0 13 0.07 M M 3.4 10 190 M M 4 17 120
16 86 66 76 M 0 11 M M M 5.8 16 350 M M 2 21 350
17 92 61 77 M 0 12 M M M 3.6 9 290 M M 2 17 310
18 94 63 79 M 0 14 M M M 3.8 16 170 M M 3 20 170
19 94 68 81 M 0 16 M M M 9.1 17 160 M M 1 20 180
20 98 69 84 M 0 19 M M M 9.3 14 180 M M 2 22 170
21 97 70 84 M 0 19 M M M 6.7 12 150 M M 2 17 200
22 95 73 84 M 0 19 M M M 7.8 13 180 M M 3 20 190
23 98 73 86 M 0 21 M M M 8.8 14 190 M M 2 22 160
24 101 71 86 M 0 21 0.05 M M 9.6 25 30 M M 2 3 44 150
25 88 67 78 M 0 13 0.36 M M 7.0 20 270 M M 4 3 28 270
26 94 68 81 M 0 16 M M M 2.9 12 70 M M 2 16 70
27 91 67 79 M 0 14 0.05 M M 1.7 9 60 M M 1 3 22 130
28 94 67 81 M 0 16 M M M 3.3 16 140 M M 1 24 140
29 93 69 81 M 0 16 M M M 5.7 12 120 M M 2 16 200
30 93 67 80 M 0 15 M M M 5.8 14 170 M M 5 18 160
================================================================================
SM 2859 2074 0 523 0.69 M 172.5 M 70
================================================================================
AV 95.3 69.1 5.7 FASTST M M 2 MAX(MPH)
MISC ----> 25 30 44 150
================================================================================
NOTES:
# LAST OF SEVERAL OCCURRENCES
COLUMN 17 PEAK WIND IN M.P.H.
PRELIMINARY LOCAL CLIMATOLOGICAL DATA (WS FORM: F-6) , PAGE 2
STATION: KERRVILLE
MONTH: SEPTEMBER
YEAR: 2023
LATITUDE: 29 58 N
LONGITUDE: 99 5 W
[TEMPERATURE DATA] [PRECIPITATION DATA] SYMBOLS USED IN COLUMN 16
AVERAGE MONTHLY: 82.2 TOTAL FOR MONTH: 0.69 1 = FOG OR MIST
DPTR FM NORMAL: 0.0 DPTR FM NORMAL: M 2 = FOG REDUCING VISIBILITY
HIGHEST: 104 ON 8 GRTST 24HR 0.36 ON 25-25 TO 1/4 MILE OR LESS
LOWEST: 61 ON 17 3 = THUNDER
SNOW, ICE PELLETS, HAIL 4 = ICE PELLETS
TOTAL MONTH: M 5 = HAIL
GRTST 24HR M ON M 6 = FREEZING RAIN OR DRIZZLE
GRTST DEPTH: M ON M 7 = DUSTSTORM OR SANDSTORM:
VSBY 1/2 MILE OR LESS
8 = SMOKE OR HAZE
[NO. OF DAYS WITH] [WEATHER - DAYS WITH] 9 = BLOWING SNOW
X = TORNADO
MAX 32 OR BELOW: 0 0.01 INCH OR MORE: 6
MAX 90 OR ABOVE: 25 0.10 INCH OR MORE: 2
MIN 32 OR BELOW: 0 0.50 INCH OR MORE: 0
MIN 0 OR BELOW: 0 1.00 INCH OR MORE: 0
[HDD (BASE 65) ]
TOTAL THIS MO. 0 CLEAR (SCALE 0-3) 22
DPTR FM NORMAL M PTCLDY (SCALE 4-7) 8
TOTAL FM JUL 1 0 CLOUDY (SCALE 8-10) 0
DPTR FM NORMAL M
[CDD (BASE 65) ]
TOTAL THIS MO. 523
DPTR FM NORMAL M [PRESSURE DATA]
TOTAL FM JAN 1 2870 HIGHEST SLP M ON M
DPTR FM NORMAL M LOWEST SLP M ON M
[REMARKS]
#FINAL-09-23#