000
CXUS53 KDMX 240810
CF6EST
PRELIMINARY LOCAL CLIMATOLOGICAL DATA (WS FORM: F-6)
STATION: ESTHERVILLE IA
MONTH: APRIL
YEAR: 2024
LATITUDE: 43 24 N
LONGITUDE: 94 45 W
TEMPERATURE IN F: :PCPN: SNOW: WIND :SUNSHINE: SKY :PK WND
================================================================================
1 2 3 4 5 6A 6B 7 8 9 10 11 12 13 14 15 16 17 18
12Z AVG MX 2MIN
DY MAX MIN AVG DEP HDD CDD WTR SNW DPTH SPD SPD DIR MIN PSBL S-S WX SPD DR
================================================================================
1 40 31 36 -3 29 0 0.34 0.0 0 16.4 26 60 M M 10 1 35 50
2 50 34 42 2 23 0 0.09 M 0 19.0 35 360 M M 10 1 46 350
3 51 33 42 2 23 0 T M 0 24.5 40 340 M M 3 1 53 360
4 55 28 42 1 23 0 0.00 0.0 0 13.2 25 350 M M 0 37 20
5 58 24 41 0 24 0 0.00 0.0 0 8.7 20 140 M M 0 25 130
6 61 31 46 5 19 0 0.06 0.0 0 26.5 41 120 M M 1 3 54 110
7 50 42 46 4 19 0 0.32 0.0 0 20.3 35 120 M M 9 13 48 120
8 50 39 45 3 20 0 0.04 0.0 0 15.4 25 260 M M 9 18 32 250
9 63 34 49 6 16 0 0.00 0.0 0 12.4 26 250 M M 3 38 260
10 72 36 54 11 11 0 T 0.0 0 11.4 25 330 M M 3 34 320
11 57 41 49 6 16 0 0.05 0.0 0 18.1 35 310 M M 6 1 43 310
12 63 37 50 6 15 0 0.00 0.0 0 13.0 26 340 M M 0 36 340
13 87 34 61 17 4 0 0.00 0.0 0 16.1 30 200 M M 0 40 210
14 76 42 59 15 6 0 0.00 0.0 0 11.5 25 340 M M 0 38 350
15 79 37 58 13 7 0 0.00 0.0 0 16.1 31 130 M M 0 40 120
16 65 49 57 12 8 0 1.56 0.0 0 20.6 37 110 M M 8 123 62 110
17 60 47 54 8 11 0 0.06 0.0 0 16.6 32 320 M M 7 1 43 320
18 51 33 42 -4 23 0 0.69 0.0 0 12.9 29 300 M M 5 18 38 300
19 45 31 38 -8 27 0 0.00 0.0 0 20.0 36 290 M M 4 46 320
20 47 31 39 -8 26 0 0.00 0.0 0 15.0 25 320 M M 7 35 340
21 61 30 46 -1 19 0 0.00 0.0 0 10.9 20 280 M M 0 27 300
22 70 34 52 4 13 0 0.00 0.0 0 17.4 36 210 M M 1 48 190
23 66 40 53 5 12 0 0.00 0.0 0 18.0 33 330 M M 3 45 320
================================================================================
SM 1377 818 394 0 3.21 0.0 374.0 M 89
================================================================================
AV 59.9 35.6 16.3 FASTST M M 4 MAX(MPH)
MISC ----> 41 120 62 110
================================================================================
NOTES:
# LAST OF SEVERAL OCCURRENCES
COLUMN 17 PEAK WIND IN M.P.H.
PRELIMINARY LOCAL CLIMATOLOGICAL DATA (WS FORM: F-6) , PAGE 2
STATION: ESTHERVILLE IA
MONTH: APRIL
YEAR: 2024
LATITUDE: 43 24 N
LONGITUDE: 94 45 W
[TEMPERATURE DATA] [PRECIPITATION DATA] SYMBOLS USED IN COLUMN 16
AVERAGE MONTHLY: 47.7 TOTAL FOR MONTH: 3.21 1 = FOG OR MIST
DPTR FM NORMAL: 4.0 DPTR FM NORMAL: 0.91 2 = FOG REDUCING VISIBILITY
HIGHEST: 87 ON 13 GRTST 24HR 1.56 ON 16-16 TO 1/4 MILE OR LESS
LOWEST: 24 ON 5 3 = THUNDER
SNOW, ICE PELLETS, HAIL 4 = ICE PELLETS
TOTAL MONTH: 0.0 INCH 5 = HAIL
GRTST 24HR 0.0 6 = FREEZING RAIN OR DRIZZLE
GRTST DEPTH: 0 7 = DUSTSTORM OR SANDSTORM:
VSBY 1/2 MILE OR LESS
8 = SMOKE OR HAZE
[NO. OF DAYS WITH] [WEATHER - DAYS WITH] 9 = BLOWING SNOW
X = TORNADO
MAX 32 OR BELOW: 0 0.01 INCH OR MORE: 9
MAX 90 OR ABOVE: 0 0.10 INCH OR MORE: 4
MIN 32 OR BELOW: 7 0.50 INCH OR MORE: 2
MIN 0 OR BELOW: 0 1.00 INCH OR MORE: 1
[HDD (BASE 65) ]
TOTAL THIS MO. 394 CLEAR (SCALE 0-3) 13
DPTR FM NORMAL -95 PTCLDY (SCALE 4-7) 6
TOTAL FM JUL 1 5971 CLOUDY (SCALE 8-10) 4
DPTR FM NORMAL -1521
[CDD (BASE 65) ]
TOTAL THIS MO. 0
DPTR FM NORMAL 0 [PRESSURE DATA]
TOTAL FM JAN 1 0 HIGHEST SLP M ON M
DPTR FM NORMAL 0 LOWEST SLP 29.28 ON 16
[REMARKS]