000
CXUS56 KPQR 031532 CCA
CLMEUG
CLIMATE REPORT
NATIONAL WEATHER SERVICE PORTLAND OREGON
800 AM PST SAT FEB 3 2024
CORRECTION TO MONTHLY RAINFALL TOTAL...
...................................
...THE EUGENE OR CLIMATE SUMMARY FOR THE MONTH OF JANUARY 2024...
CLIMATE NORMAL PERIOD 1991 TO 2020
CLIMATE RECORD PERIOD 1892 TO 2024
WEATHER OBSERVED NORMAL DEPART LAST YEAR`S
VALUE DATE(S) VALUE FROM VALUE DATE(S)
NORMAL
................................................................
TEMPERATURE (F)
HIGHEST 69R 62 01/12
LOWEST 19 21 01/30
AVG. MAXIMUM 49.1 48.1 1.0 48.4
AVG. MINIMUM 37.6 34.7 2.9 35.0
MEAN 43.3 41.4 1.9 41.7
DAYS MAX >= 90 0 0.0 0.0 0
DAYS MAX <= 32 3 0.9 2.1 0
DAYS MIN <= 32 7 11.2 -4.2 11
DAYS MIN <= 0 0 0.0 0.0 0
PRECIPITATION (INCHES)
RECORD
MAXIMUM 15.36 1995
MINIMUM 0.31 1985
TOTALS 9.63 6.05 3.58 2.83
DAYS >= .01 27 17.9 9.1 20
DAYS >= .10 20 12.2 7.8 10
DAYS >= .50 9 4.2 3.8 0
DAYS >= 1.00 1 1.2 0.8 0
GREATEST
24 HR. TOTAL MM
DEGREE DAYS
HEATING TOTAL 661 732 -71 714
SINCE 7/1 2206 2587 -381 MM
COOLING TOTAL 0 0 0 0
SINCE 1/1 0 0 0 MM
................................................................
WIND (MPH)
AVERAGE WIND SPEED 6.8
RESULTANT WIND SPEED/DIRECTION 3/160
HIGHEST WIND SPEED/DIRECTION 30/130 DATE 01/09
HIGHEST GUST SPEED/DIRECTION 38/190 DATE 01/09
SKY COVER
POSSIBLE SUNSHINE (PERCENT) MM
AVERAGE SKY COVER 0.82
NUMBER OF DAYS FAIR 0
NUMBER OF DAYS PC 8
NUMBER OF DAYS CLOUDY 23
AVERAGE RH (PERCENT) 89
WEATHER CONDITIONS. NUMBER OF DAYS WITH
THUNDERSTORM 0 MIXED PRECIP 0
HEAVY RAIN 2 RAIN 7
LIGHT RAIN 25 FREEZING RAIN 1
LT FREEZING RAIN 2 HAIL 0
HEAVY SNOW 0 SNOW 0
LIGHT SNOW 3 SLEET 1
FOG 29 FOG W/VIS <= 1/4 MILE 8
HAZE 5
- INDICATES NEGATIVE NUMBERS.
R INDICATES RECORD WAS SET OR TIED.
MM INDICATES DATA IS MISSING.
T INDICATES TRACE AMOUNT.
$$