000
CXUS56 KSLC 010606
CF6EVW
PRELIMINARY LOCAL CLIMATOLOGICAL DATA (WS FORM: F-6)
STATION: EVANSTON WY
MONTH: NOVEMBER
YEAR: 2021
LATITUDE: 41 16 N
LONGITUDE: 111 2 W
TEMPERATURE IN F: :PCPN: SNOW: WIND :SUNSHINE: SKY :PK WND
================================================================================
1 2 3 4 5 6A 6B 7 8 9 10 11 12 13 14 15 16 17 18
12Z AVG MX 2MIN
DY MAX MIN AVG DEP HDD CDD WTR SNW DPTH SPD SPD DIR MIN PSBL S-S WX SPD DR
================================================================================
1 48 33 41 4 24 0 0.11 M M 7.6 15 90 M M 8 12 24 270
2 47 33 40 3 25 0 0.19 M M 6.7 21 270 M M 8 12 25 270
3 51 31 41 4 24 0 0.00 M M 5.3 10 230 M M 0 16 230
4 63 32 48 12 17 0 0.00 M M 9.2 22 220 M M 0 30 240
5 57 37 47 11 18 0 0.00 M M 8.4 23 250 M M 1 31 260
6 59 36 48 13 17 0 0.00 M M 14.4 25 210 M M 1 35 220
7 48 32 40 5 25 0 T M M 10.4 26 230 M M 8 1 37 230
8 41 31 36 2 29 0 T M M 6.2 14 350 M M 6 12 18 360
9 49 29 39 5 26 0 T M M 14.1 31 210 M M 6 12 41 200
10 41 29 35 1 30 0 0.02 M M 13.4 29 260 M M 5 12 38 250
11 42 31 37 4 28 0 0.00 M M 17.8 35 240 M M 9 56 230
12 47 35 41 8 24 0 0.00 M M 11.9 22 230 M M 7 27 230
13 54 34 44 12 21 0 0.00 M M 13.8 23 260 M M 1 30 250
14 55 34 45 13 20 0 0.00 M M 15.0 31 250 M M 0 54 230
15 62 37 50 19 15 0 0.00 M M 13.1 30 240 M M 0 37 230
16 50 21 36 5 29 0 T M M 18.4 38 250 M M 6 62 240
17 33 15 24 -6 41 0 0.00 M M 5.2 14 280 M M 0 17 260
18 50 16 33 3 32 0 0.00 M M 10.2 26 230 M M 2 41 230
19 49 30 40 10 25 0 T M M 11.2 32 240 M M 8 50 230
20 41 23 32 3 33 0 0.01 M M 8.0 21 260 M M 6 12 27 260
21 43 18 31 2 34 0 0.00 0.0 0 7.0 17 230 M M 0 22 250
22 56 21 39 11 26 0 0.00 M M 5.6 13 230 M M 0 20 240
23 51 24 38 10 27 0 T M M 14.0 30 240 M M 2 50 230
24 32 17 25 -2 40 0 T M M 6.9 21 230 M M 5 1 26 230
25 44 13 29 2 36 0 0.00 0.0 M 9.4 20 240 M M 0 28 240
26 51 24 38 12 27 0 0.00 M M 10.7 20 250 M M 1 25 220
27 49 28 39 13 26 0 0.00 M M 7.7 14 240 M M 1 18 270
28 55 29 42 16 23 0 0.00 M M 11.0 20 240 M M 0 26 240
29 57 31 44 19 21 0 0.00 M M 11.8 24 250 M M 0 31 260
30 47 27 37 12 28 0 0.00 M M 11.0 22 250 M M 0 32 250
================================================================================
SM 1472 831 791 0 0.33 0.0 315.4 M 91
================================================================================
AV 49.1 27.7 10.5 FASTST M M 3 MAX(MPH)
MISC ----> 38 250 62 240
================================================================================
NOTES:
# LAST OF SEVERAL OCCURRENCES
COLUMN 17 PEAK WIND IN M.P.H.
PRELIMINARY LOCAL CLIMATOLOGICAL DATA (WS FORM: F-6) , PAGE 2
STATION: EVANSTON WY
MONTH: NOVEMBER
YEAR: 2021
LATITUDE: 41 16 N
LONGITUDE: 111 2 W
[TEMPERATURE DATA] [PRECIPITATION DATA] SYMBOLS USED IN COLUMN 16
AVERAGE MONTHLY: 38.4 TOTAL FOR MONTH: 0.33 1 = FOG OR MIST
DPTR FM NORMAL: 7.3 DPTR FM NORMAL: -0.23 2 = FOG REDUCING VISIBILITY
HIGHEST: 63 ON 4 GRTST 24HR 0.28 ON 1- 2 TO 1/4 MILE OR LESS
LOWEST: 13 ON 25 3 = THUNDER
SNOW, ICE PELLETS, HAIL 4 = ICE PELLETS
TOTAL MONTH: 0.0 INCH 5 = HAIL
GRTST 24HR 0.0 6 = FREEZING RAIN OR DRIZZLE
GRTST DEPTH: 0 7 = DUSTSTORM OR SANDSTORM:
VSBY 1/2 MILE OR LESS
8 = SMOKE OR HAZE
[NO. OF DAYS WITH] [WEATHER - DAYS WITH] 9 = BLOWING SNOW
X = TORNADO
MAX 32 OR BELOW: 1 0.01 INCH OR MORE: 4
MAX 90 OR ABOVE: 0 0.10 INCH OR MORE: 2
MIN 32 OR BELOW: 22 0.50 INCH OR MORE: 0
MIN 0 OR BELOW: 0 1.00 INCH OR MORE: 0
[HDD (BASE 65) ]
TOTAL THIS MO. 791 CLEAR (SCALE 0-3) 18
DPTR FM NORMAL -226 PTCLDY (SCALE 4-7) 11
TOTAL FM JUL 1 1697 CLOUDY (SCALE 8-10) 1
DPTR FM NORMAL -326
[CDD (BASE 65) ]
TOTAL THIS MO. 0
DPTR FM NORMAL 0 [PRESSURE DATA]
TOTAL FM JAN 1 427 HIGHEST SLP 30.70 ON 25
DPTR FM NORMAL 222 LOWEST SLP 29.73 ON 23
[REMARKS]
#FINAL-11-21#