000
CXUS52 KMHX 010700
CF6EWN
PRELIMINARY LOCAL CLIMATOLOGICAL DATA (WS FORM: F-6)
STATION: NEW BERN NC
MONTH: DECEMBER
YEAR: 2021
LATITUDE: 35 4 N
LONGITUDE: 77 3 W
TEMPERATURE IN F: :PCPN: SNOW: WIND :SUNSHINE: SKY :PK WND
================================================================================
1 2 3 4 5 6A 6B 7 8 9 10 11 12 13 14 15 16 17 18
12Z AVG MX 2MIN
DY MAX MIN AVG DEP HDD CDD WTR SNW DPTH SPD SPD DIR MIN PSBL S-S WX SPD DR
================================================================================
1 68 34 51 1 14 0 0.00 0.0 0 3.7 10 210 M M 0 14 210
2 72 41 57 7 8 0 0.00 0.0 0 6.9 17 230 M M 0 23 210
3 74 44 59 9 6 0 0.00 0.0 0 4.2 12 130 M M 0 12 15 260
4 76 42 59 9 6 0 0.00 0.0 0 3.3 12 250 M M 0 18 14 250
5 67 46 57 7 8 0 0.00 0.0 0 6.9 15 60 M M 2 19 60
6 77 43 60 10 5 0 0.00 0.0 0 5.9 18 230 M M 2 1 24 210
7 64 47 56 7 9 0 T 0.0 0 10.2 18 50 M M 10 1 26 350
8 48 37 43 -6 22 0 1.30 0.0 0 5.6 13 350 M M 9 12 17 360
9 48 33 41 -8 24 0 0.00 0.0 0 3.5 12 40 M M 2 12 14 40
10 72 37 55 6 10 0 0.13 0.0 0 3.9 17 180 M M 7 1 23 180
11 77 59 68 19 0 3 T 0.0 0 9.2 17 220 M M 5 1 25 220
12 68 35 52 4 13 0 0.13 0.0 0 7.5 20 40 M M 4 1 25 30
13 62 31 47 -1 18 0 0.00 0.0 0 1.7 9 290 M M 2 12 13 300
14 64 32 48 0 17 0 0.00 0.0 0 2.3 10 30 M M 0 1 12 40
15 70 40 55 7 10 0 0.00 0.0 0 2.4 7 10 M M 3 128 9 350
16 75 41 58 10 7 0 0.00 0.0 0 4.3 16 210 M M 2 12 21 200
17 73 59 66 19 0 1 0.00 0.0 0 5.4 13 250 M M 7 18 260
18 78 58 68 21 0 3 0.00 0.0 0 7.4 15 220 M M 4 12 21 200
19 67 41 54 7 11 0 0.77 0.0 0 11.6 36 30 M M 8 1 43 30
20 48 32 40 -7 25 0 0.00 0.0 0 11.1 18 20 M M 3 25 20
21 53 40 47 0 18 0 0.42 0.0 0 7.7 13 330 M M 9 1 16 340
22 56 37 47 0 18 0 0.09 0.0 0 6.8 16 310 M M 5 1 22 320
23 50 30 40 -6 25 0 0.00 0.0 0 5.3 14 360 M M 0 17 350
24 66 29 48 2 17 0 0.00 0.0 0 5.7 16 230 M M 0 21 240
25 74 50 62 16 3 0 0.00 0.0 0 11.5 26 240 M M 0 39 230
26 75 45 60 14 5 0 0.00 0.0 0 5.0 14 360 M M 0 12 19 360
27 75 43 59 13 6 0 0.00 0.0 0 6.0 17 220 M M 3 12 24 210
28 77 57 67 21 0 2 0.00 0.0 0 7.2 14 220 M M 0 20 230
29 78 63 71 25 0 6 0.00 0.0 0 11.4 22 260 M M 1 32 250
30 74 61 68 23 0 3 0.10 0.0 0 5.9 16 220 M M 6 12 21 220
31 73 60 67 22 0 2 0.16 0.0 0 4.7 12 130 M M 5 123 14 130
================================================================================
SM 2099 1347 305 20 3.10 0.0 194.2 M 99
================================================================================
AV 67.7 43.5 6.3 FASTST M M 3 MAX(MPH)
MISC ----> 36 30 43 30
================================================================================
NOTES:
# LAST OF SEVERAL OCCURRENCES
COLUMN 17 PEAK WIND IN M.P.H.
PRELIMINARY LOCAL CLIMATOLOGICAL DATA (WS FORM: F-6) , PAGE 2
STATION: NEW BERN NC
MONTH: DECEMBER
YEAR: 2021
LATITUDE: 35 4 N
LONGITUDE: 77 3 W
[TEMPERATURE DATA] [PRECIPITATION DATA] SYMBOLS USED IN COLUMN 16
AVERAGE MONTHLY: 55.6 TOTAL FOR MONTH: 3.10 1 = FOG OR MIST
DPTR FM NORMAL: 7.9 DPTR FM NORMAL: -0.53 2 = FOG REDUCING VISIBILITY
HIGHEST: 78 ON 29,18 GRTST 24HR 1.30 ON 8- 8 TO 1/4 MILE OR LESS
LOWEST: 29 ON 24 3 = THUNDER
SNOW, ICE PELLETS, HAIL 4 = ICE PELLETS
TOTAL MONTH: 0.0 INCH 5 = HAIL
GRTST 24HR 0.0 6 = FREEZING RAIN OR DRIZZLE
GRTST DEPTH: 0 7 = DUSTSTORM OR SANDSTORM:
VSBY 1/2 MILE OR LESS
8 = SMOKE OR HAZE
[NO. OF DAYS WITH] [WEATHER - DAYS WITH] 9 = BLOWING SNOW
X = TORNADO
MAX 32 OR BELOW: 0 0.01 INCH OR MORE: 8
MAX 90 OR ABOVE: 0 0.10 INCH OR MORE: 7
MIN 32 OR BELOW: 5 0.50 INCH OR MORE: 2
MIN 0 OR BELOW: 0 1.00 INCH OR MORE: 1
[HDD (BASE 65) ]
TOTAL THIS MO. 305 CLEAR (SCALE 0-3) 18
DPTR FM NORMAL -236 PTCLDY (SCALE 4-7) 10
TOTAL FM JUL 1 736 CLOUDY (SCALE 8-10) 3
DPTR FM NORMAL -254
[CDD (BASE 65) ]
TOTAL THIS MO. 20
DPTR FM NORMAL 15 [PRESSURE DATA]
TOTAL FM JAN 1 2023 HIGHEST SLP M ON M
DPTR FM NORMAL 127 LOWEST SLP 29.61 ON 22
[REMARKS]
#FINAL-12-21#