000
CXUS52 KMHX 290052
CF6EWN
PRELIMINARY LOCAL CLIMATOLOGICAL DATA (WS FORM: F-6)
STATION: NEW BERN NC
MONTH: JANUARY
YEAR: 2021
LATITUDE: 35 4 N
LONGITUDE: 77 3 W
TEMPERATURE IN F: :PCPN: SNOW: WIND :SUNSHINE: SKY :PK WND
================================================================================
1 2 3 4 5 6A 6B 7 8 9 10 11 12 13 14 15 16 17 18
12Z AVG MX 2MIN
DY MAX MIN AVG DEP HDD CDD WTR SNW DPTH SPD SPD DIR MIN PSBL S-S WX SPD DR
================================================================================
1 70 49 60 16 5 0 0.52 0.0 0 8.6 21 210 M M 10 1 28 210
2 70 60 65 21 0 0 0.34 0.0 0 6.0 20 210 M M 9 1 29 210
3 68 49 59 15 6 0 0.34 0.0 0 8.1 23 230 M M 9 1 32 230
4 49 35 42 -2 23 0 0.00 0.0 0 4.7 13 360 M M 6 1 17 360
5 52 31 42 -2 23 0 T 0.0 0 3.0 10 280 M M 5 1 12 270
6 49 30 40 -4 25 0 0.00 0.0 0 6.6 18 10 M M 6 26 10
7 49 29 39 -5 26 0 0.00 0.0 0 2.9 14 60 M M 0 1 18 60
8 51 38 45 1 20 0 0.41 0.0 0 12.0 22 70 M M 9 1 28 70
9 48 30 39 -5 26 0 0.01 0.0 0 7.0 16 330 M M 1 23 330
10 51 28 40 -4 25 0 0.00 0.0 0 3.7 13 360 M M 0 17 10
11 52 28 40 -4 25 0 0.15 0.0 0 2.1 9 10 M M 5 1 11 20
12 49 34 42 -2 23 0 0.16 0.0 0 4.8 10 10 M M 10 12 14 360
13 58 34 46 2 19 0 0.00 0.0 0 2.5 10 240 M M 4 12 13 260
14 52 34 43 -1 22 0 0.07 0.0 0 3.1 14 280 M M 5 12 19 270
15 62 30 46 2 19 0 0.22 0.0 0 5.7 20 210 M M 3 12 27 180
16 51 37 44 0 21 0 0.09 0.0 0 9.6 29 260 M M 5 12 40 270
17 52 30 41 -3 24 0 0.00 0.0 0 6.2 13 220 M M 0 17 260
18 55 32 44 0 21 0 0.00 0.0 0 6.9 18 280 M M 2 28 280
19 59 29 44 0 21 0 0.00 0.0 0 5.5 15 270 M M 0 21 260
20 57 28 43 -1 22 0 0.00 0.0 0 8.0 21 320 M M 1 26 320
21 59 28 44 0 21 0 T 0.0 0 5.6 15 240 M M 3 22 250
22 57 42 50 6 15 0 0.00 0.0 0 6.1 13 270 M M 0 17 270
23 50 29 40 -4 25 0 0.00 0.0 0 7.6 18 360 M M 0 25 340
24 49 24 37 -7 28 0 0.00 0.0 0 3.5 12 10 M M 1 15 20
25 47 39 43 -2 22 0 0.40 0.0 0 3.9 7 130 M M 10 1 M M
26 57 44 51 6 14 0 0.41 0.0 0 4.5 21 320 M M 10 13 25 320
27 54 41 48 3 17 0 0.21 0.0 0 7.0 15 60 M M 10 1 20 70
28 41 32 37 -8 28 0 0.25 T T 14.8 31 350 M M 6 1 49 360
29 39 24 32 -13 33 0 0.00 0.0 0 6.5 15 330 M M 0 21 360
30 42 22 32 -13 33 0 0.00 0.0 0 2.3 9 30 M M 0 12 360
31 57 37 47 2 18 0 0.98 0.0 0 6.3 15 350 M M 10 1 19 360
================================================================================
SM 1656 1057 650 0 4.56 T 185.1 M 140
================================================================================
AV 53.4 34.1 6.0 FASTST M M 5 MAX(MPH)
MISC ----> 31 350 49 360
================================================================================
NOTES:
# LAST OF SEVERAL OCCURRENCES
COLUMN 17 PEAK WIND IN M.P.H.
PRELIMINARY LOCAL CLIMATOLOGICAL DATA (WS FORM: F-6) , PAGE 2
STATION: NEW BERN NC
MONTH: JANUARY
YEAR: 2021
LATITUDE: 35 4 N
LONGITUDE: 77 3 W
[TEMPERATURE DATA] [PRECIPITATION DATA] SYMBOLS USED IN COLUMN 16
AVERAGE MONTHLY: 43.8 TOTAL FOR MONTH: 4.56 1 = FOG OR MIST
DPTR FM NORMAL: -0.4 DPTR FM NORMAL: 0.54 2 = FOG REDUCING VISIBILITY
HIGHEST: 70 ON 1, 2 GRTST 24HR 2.00 ON 31- 1 TO 1/4 MILE OR LESS
LOWEST: 22 ON 30 3 = THUNDER
SNOW, ICE PELLETS, HAIL 4 = ICE PELLETS
TOTAL MONTH: T 5 = HAIL
GRTST 24HR T ON 28-28 6 = FREEZING RAIN OR DRIZZLE
GRTST DEPTH: T 7 = DUSTSTORM OR SANDSTORM:
VSBY 1/2 MILE OR LESS
8 = SMOKE OR HAZE
[NO. OF DAYS WITH] [WEATHER - DAYS WITH] 9 = BLOWING SNOW
X = TORNADO
MAX 32 OR BELOW: 0 0.01 INCH OR MORE: 15
MAX 90 OR ABOVE: 0 0.10 INCH OR MORE: 12
MIN 32 OR BELOW: 17 0.50 INCH OR MORE: 2
MIN 0 OR BELOW: 0 1.00 INCH OR MORE: 0
[HDD (BASE 65) ]
TOTAL THIS MO. 650 CLEAR (SCALE 0-3) 14
DPTR FM NORMAL 4 PTCLDY (SCALE 4-7) 8
TOTAL FM JUL 1 1480 CLOUDY (SCALE 8-10) 9
DPTR FM NORMAL -158
[CDD (BASE 65) ]
TOTAL THIS MO. 0
DPTR FM NORMAL -1 [PRESSURE DATA]
TOTAL FM JAN 1 0 HIGHEST SLP 30.44 ON 30
DPTR FM NORMAL -1 LOWEST SLP 29.60 ON 16
[REMARKS]
#FINAL-01-21#