000
CXUS53 KIND 011542
CLMEYE
CLIMATE REPORT
NATIONAL WEATHER SERVICE INDIANAPOLIS IN
1142 AM EDT SUN OCT 01 2023
...................................
...THE INDIANAPOLIS EAGLE CREEK IN CLIMATE SUMMARY FOR THE MONTH OF SEPTEMBER 2023...
CLIMATE NORMAL PERIOD 1991 TO 2020
CLIMATE RECORD PERIOD 9999 TO 9999
WEATHER OBSERVED NORMAL DEPART LAST YEAR`S
VALUE DATE(S) VALUE FROM VALUE DATE(S)
NORMAL
................................................................
TEMPERATURE (F)
HIGHEST 90 09/04 93 09/21
LOWEST 50 09/19 44 09/23
09/28
09/29
AVG. MAXIMUM 79.6 78.1 1.5 77.6
AVG. MINIMUM 58.2 57.1 1.1 58.1
MEAN 68.9 67.6 1.3 67.9
DAYS MAX >= 90 1 2.2 -1.2 1
DAYS MAX <= 32 0 0.0 0.0 0
DAYS MIN <= 32 0 0.0 0.0 0
DAYS MIN <= 0 0 0.0 0.0 0
PRECIPITATION (INCHES)
TOTALS 1.03 2.57 -1.54 2.11
DAILY AVG. 0.03 0.09 -0.06 0.07
DAYS >= .01 9 8.9 0.1 8
DAYS >= .10 4 4.6 -0.6 5
DAYS >= .50 1 1.9 -0.9 1
DAYS >= 1.00 0 0.8 -0.8 0
GREATEST
24 HR. TOTAL 0.50 09/05 TO 09/05
DEGREE DAYS
HEATING TOTAL 10 55 -45 65
SINCE 7/1 10 57 -47 MM
COOLING TOTAL 135 133 2 157
SINCE 1/1 1065 1108 -43 MM
................................................................
WIND (MPH)
AVERAGE WIND SPEED 4.1
HIGHEST WIND SPEED/DIRECTION 24/170 DATE 09/26
HIGHEST GUST SPEED/DIRECTION 36/190 DATE 09/26
SKY COVER
AVERAGE SKY COVER 0.28
AVERAGE RH (PERCENT) 70
WEATHER CONDITIONS. NUMBER OF DAYS WITH
THUNDERSTORM 4 MIXED PRECIP 2
HEAVY RAIN 2 RAIN 13
LIGHT RAIN 11 FREEZING RAIN 0
LT FREEZING RAIN 0 HAIL 0
HEAVY SNOW 0 SNOW 0
LIGHT SNOW 0 SLEET 0
FOG 15 FOG W/VIS <= 1/4 MILE 4
HAZE 4
- INDICATES NEGATIVE NUMBERS.
R INDICATES RECORD WAS SET OR TIED.
MM INDICATES DATA IS MISSING.
T INDICATES TRACE AMOUNT.
$$